{"id":31183,"date":"2021-02-28T17:27:43","date_gmt":"2021-02-28T16:27:43","guid":{"rendered":"https:\/\/eufortrisomy21.eu\/de\/?post_type=ngo&#038;p=31183"},"modified":"2021-03-01T09:22:03","modified_gmt":"2021-03-01T08:22:03","slug":"down-syndrom-wien","status":"publish","type":"ngo","link":"https:\/\/eufortrisomy21.eu\/cs\/ngo\/down-syndrom-wien\/","title":{"rendered":"Down\u016fv syndrom Wien"},"content":{"rendered":"<table border=\"0\" width=\"99%\" cellspacing=\"0\" cellpadding=\"1\" bgcolor=\"#EAEAEA\">\n<tbody>\n<tr>\n<td>\n<table border=\"0\" width=\"100%\" cellspacing=\"0\" cellpadding=\"5\" bgcolor=\"#FFFFFF\">\n<tbody>\n<tr bgcolor=\"#EAF2FA\">\n<td colspan=\"2\"><span style=\"font-family: sans-serif; font-size: 12px;\"><strong>Name of the NGO<\/strong><\/span><\/td>\n<\/tr>\n<tr bgcolor=\"#FFFFFF\">\n<td width=\"20\"><\/td>\n<td><span style=\"font-family: sans-serif; font-size: 12px;\">Down\u016fv syndrom Wien<\/span><\/td>\n<\/tr>\n<tr bgcolor=\"#EAF2FA\">\n<td colspan=\"2\"><span style=\"font-family: sans-serif; font-size: 12px;\"><strong>Logo<\/strong><\/span><\/td>\n<\/tr>\n<tr bgcolor=\"#FFFFFF\">\n<td width=\"20\"><\/td>\n<td>\n<ul>\n<li><a href=\"https:\/\/eufortrisomy21.eu\/wp-content\/uploads\/2021\/02\/DSWIEN_weiss_ohne.png\" target=\"_blank\" rel=\"noopener\" aria-label=\"Klicken zum Anschauen\">DSWIEN_weiss_ohne.png<\/a><\/li>\n<\/ul>\n<p>&nbsp;<\/td>\n<\/tr>\n<tr bgcolor=\"#EAF2FA\">\n<td colspan=\"2\"><span style=\"font-family: sans-serif; font-size: 12px;\"><strong>Zem\u011b<\/strong><\/span><\/td>\n<\/tr>\n<tr bgcolor=\"#FFFFFF\">\n<td width=\"20\"><\/td>\n<td><span style=\"font-family: sans-serif; font-size: 12px;\">RAKOUSKO<\/span><\/td>\n<\/tr>\n<tr bgcolor=\"#EAF2FA\">\n<td colspan=\"2\"><span style=\"font-family: sans-serif; font-size: 12px;\"><strong>Short presentation of the NGO<\/strong><\/span><\/td>\n<\/tr>\n<tr bgcolor=\"#FFFFFF\">\n<td width=\"20\"><\/td>\n<td><span style=\"font-family: sans-serif; font-size: 12px;\">Wir sind eine Vereinigung, die die interessen von Menschen mit Down-Syndrom vertritt. Wir m\u00f6chten, dass Za\u010dlen\u011bn\u00ed do v\u0161ech ihren M\u00f6glichkeiten v unserer Gesellschaft gelebt wird.<\/span><\/td>\n<\/tr>\n<tr bgcolor=\"#EAF2FA\">\n<td colspan=\"2\"><span style=\"font-family: sans-serif; font-size: 12px;\"><strong>Website<\/strong><\/span><\/td>\n<\/tr>\n<tr bgcolor=\"#FFFFFF\">\n<td width=\"20\"><\/td>\n<td><span style=\"font-family: sans-serif; font-size: 12px;\">https:\/\/www.down-syndrom.wien\/<\/span><\/td>\n<\/tr>\n<tr bgcolor=\"#EAF2FA\">\n<td colspan=\"2\"><span style=\"font-family: sans-serif; font-size: 12px;\"><strong>Facebook<\/strong><\/span><\/td>\n<\/tr>\n<tr bgcolor=\"#FFFFFF\">\n<td width=\"20\"><\/td>\n<td><span style=\"font-family: sans-serif; font-size: 12px;\">https:\/\/www.facebook.com\/downsyndrom.wien\/<\/span><\/td>\n<\/tr>\n<tr bgcolor=\"#EAF2FA\">\n<td colspan=\"2\"><span style=\"font-family: sans-serif; font-size: 12px;\"><strong>Twitter<\/strong><\/span><\/td>\n<\/tr>\n<tr bgcolor=\"#FFFFFF\">\n<td width=\"20\"><\/td>\n<td><span style=\"font-family: sans-serif; font-size: 12px;\">https:\/\/twitter.com\/DownSyndromWien<\/span><\/td>\n<\/tr>\n<tr bgcolor=\"#EAF2FA\">\n<td colspan=\"2\"><span style=\"font-family: sans-serif; font-size: 12px;\"><strong>Instagram<\/strong><\/span><\/td>\n<\/tr>\n<tr bgcolor=\"#FFFFFF\">\n<td width=\"20\"><\/td>\n<td><span style=\"font-family: sans-serif; font-size: 12px;\">https:\/\/www.instagram.com\/down.syndrom.wien\/?hl=en<\/span><\/td>\n<\/tr>\n<tr bgcolor=\"#EAF2FA\">\n<td colspan=\"2\"><span style=\"font-family: sans-serif; font-size: 12px;\"><strong>Contact person&#8217;s first name<\/strong><\/span><\/td>\n<\/tr>\n<tr bgcolor=\"#FFFFFF\">\n<td width=\"20\"><\/td>\n<td><span style=\"font-family: sans-serif; font-size: 12px;\">Mischa<\/span><\/td>\n<\/tr>\n<tr bgcolor=\"#EAF2FA\">\n<td colspan=\"2\"><span style=\"font-family: sans-serif; font-size: 12px;\"><strong>Contact person&#8217;s last name<\/strong><\/span><\/td>\n<\/tr>\n<tr bgcolor=\"#FFFFFF\">\n<td width=\"20\"><\/td>\n<td><span style=\"font-family: sans-serif; font-size: 12px;\">Kirisits<\/span><\/td>\n<\/tr>\n<tr bgcolor=\"#EAF2FA\">\n<td colspan=\"2\"><span style=\"font-family: sans-serif; font-size: 12px;\"><strong>E-mailem<\/strong><\/span><\/td>\n<\/tr>\n<tr bgcolor=\"#FFFFFF\">\n<td width=\"20\"><\/td>\n<td><span style=\"font-family: sans-serif; font-size: 12px;\">mischa.kirisits@gmail.com<\/span><\/td>\n<\/tr>\n<tr bgcolor=\"#EAF2FA\">\n<td colspan=\"2\"><span style=\"font-family: sans-serif; font-size: 12px;\"><strong>Telefon<\/strong><\/span><\/td>\n<\/tr>\n<tr bgcolor=\"#FFFFFF\">\n<td width=\"20\"><\/td>\n<td><span style=\"font-family: sans-serif; font-size: 12px;\">+436505530294<\/span><\/td>\n<\/tr>\n<tr bgcolor=\"#EAF2FA\">\n<td colspan=\"2\"><span style=\"font-family: sans-serif; font-size: 12px;\"><strong>M\u011bsto<\/strong><\/span><\/td>\n<\/tr>\n<tr bgcolor=\"#FFFFFF\">\n<td width=\"20\"><\/td>\n<td><span style=\"font-family: sans-serif; font-size: 12px;\">Wien<\/span><\/td>\n<\/tr>\n<tr bgcolor=\"#EAF2FA\">\n<td colspan=\"2\"><span style=\"font-family: sans-serif; font-size: 12px;\"><strong>I want to register one or more people with Down&#8217;s syndrome<\/strong><\/span><\/td>\n<\/tr>\n<tr bgcolor=\"#FFFFFF\">\n<td width=\"20\"><\/td>\n<td><span style=\"font-family: sans-serif; font-size: 12px;\">No<\/span><\/td>\n<\/tr>\n<tr bgcolor=\"#EAF2FA\">\n<td colspan=\"2\"><span style=\"font-family: sans-serif; font-size: 12px;\"><strong>Contact optin<\/strong><\/span><\/td>\n<\/tr>\n<tr bgcolor=\"#FFFFFF\">\n<td width=\"20\"><\/td>\n<td>\n<ul class=\"bulleted\">\n<li>I would like to be contacted to become a partner of EU for Trisomy 21<\/li>\n<\/ul>\n<p>&nbsp;<\/td>\n<\/tr>\n<tr bgcolor=\"#EAF2FA\">\n<td colspan=\"2\"><\/td>\n<\/tr>\n<tr bgcolor=\"#FFFFFF\">\n<td width=\"20\"><\/td>\n<td><span style=\"font-family: sans-serif; font-size: 12px;\"><span style=\"font-family: sans-serif; font-size: 12px;\"><img decoding=\"async\" src=\"https:\/\/eufortrisomy21.eu\/wp-content\/plugins\/gravityforms\/images\/tick.png\" \/> Souhlas\u00edm se z\u00e1sadami ochrany osobn\u00edch \u00fadaj\u016f.<\/span><\/span><\/p>\n<div class=\"gfield_consent_description\">Vypln\u011bn\u00edm tohoto formul\u00e1\u0159e souhlas\u00edte s t\u00edm, \u017ee va\u0161e kontaktn\u00ed \u00fadaje budou zahrnuty do kontaktn\u00edho souboru EUfortrisomy21. Upozor\u0148ujeme, \u017ee tento soubor z\u016fst\u00e1v\u00e1 v\u00fdlu\u010dnou odpov\u011bdnost\u00ed EUfortrisomy21 a \u017ee za \u017e\u00e1dn\u00fdch okolnost\u00ed nen\u00ed sd\u00edlen s jin\u00fdmi subjekty. Pokud si ji\u017e nep\u0159ejete dost\u00e1vat na\u0161e sd\u011blen\u00ed, jednodu\u0161e se odhlaste pomoc\u00ed n\u00ed\u017ee uveden\u00e9ho odkazu. Budete m\u00edt pr\u00e1vo kdykoli p\u0159istupovat, opravovat nebo mazat \u00fadaje, kter\u00e9 se v\u00e1s t\u00fdkaj\u00ed, a pr\u00e1vo vzn\u00e9st n\u00e1mitku nebo omezit jejich zpracov\u00e1n\u00ed. Chcete-li uplatnit sv\u00e1 pr\u00e1va, m\u016f\u017eete n\u00e1s kontaktovat na adrese privacy @ eufortrisomy21. Dal\u0161\u00ed informace o ochran\u011b va\u0161ich osobn\u00edch \u00fadaj\u016f: privacy @ eufortrisomy21<\/div>\n<p>&nbsp;<\/td>\n<\/tr>\n<\/tbody>\n<\/table>\n<\/td>\n<\/tr>\n<\/tbody>\n<\/table>","protected":false},"featured_media":0,"template":"","country":[16],"class_list":["post-31183","ngo","type-ngo","status-publish","hentry","country-austria"],"acf":[],"_links":{"self":[{"href":"https:\/\/eufortrisomy21.eu\/cs\/wp-json\/wp\/v2\/ngo\/31183"}],"collection":[{"href":"https:\/\/eufortrisomy21.eu\/cs\/wp-json\/wp\/v2\/ngo"}],"about":[{"href":"https:\/\/eufortrisomy21.eu\/cs\/wp-json\/wp\/v2\/types\/ngo"}],"version-history":[{"count":0,"href":"https:\/\/eufortrisomy21.eu\/cs\/wp-json\/wp\/v2\/ngo\/31183\/revisions"}],"wp:attachment":[{"href":"https:\/\/eufortrisomy21.eu\/cs\/wp-json\/wp\/v2\/media?parent=31183"}],"wp:term":[{"taxonomy":"country","embeddable":true,"href":"https:\/\/eufortrisomy21.eu\/cs\/wp-json\/wp\/v2\/country?post=31183"}],"curies":[{"name":"wp","href":"https:\/\/api.w.org\/{rel}","templated":true}]}}

Downův syndrom Wien

<table border="0" width="99%" cellspacing="0" cellpadding="1" bgcolor="#EAEAEA">
<tbody>
<tr>
<td>
<table border="0" width="100%" cellspacing="0" cellpadding="5" bgcolor="#FFFFFF">
<tbody>
<tr bgcolor="#EAF2FA">
<td colspan="2"><span style="font-family: sans-serif; font-size: 12px;"><strong>Name of the NGO</strong></span></td>
</tr>
<tr bgcolor="#FFFFFF">
<td width="20"></td>
<td><span style="font-family: sans-serif; font-size: 12px;">Downův syndrom Wien</span></td>
</tr>
<tr bgcolor="#EAF2FA">
<td colspan="2"><span style="font-family: sans-serif; font-size: 12px;"><strong>Logo</strong></span></td>
</tr>
<tr bgcolor="#FFFFFF">
<td width="20"></td>
<td>
<ul>
<li><a href="https://eufortrisomy21.eu/wp-content/uploads/2021/02/DSWIEN_weiss_ohne.png" target="_blank" rel="noopener" aria-label="Klicken zum Anschauen">DSWIEN_weiss_ohne.png</a></li>
</ul>
<p>&nbsp;</td>
</tr>
<tr bgcolor="#EAF2FA">
<td colspan="2"><span style="font-family: sans-serif; font-size: 12px;"><strong>Země</strong></span></td>
</tr>
<tr bgcolor="#FFFFFF">
<td width="20"></td>
<td><span style="font-family: sans-serif; font-size: 12px;">RAKOUSKO</span></td>
</tr>
<tr bgcolor="#EAF2FA">
<td colspan="2"><span style="font-family: sans-serif; font-size: 12px;"><strong>Short presentation of the NGO</strong></span></td>
</tr>
<tr bgcolor="#FFFFFF">
<td width="20"></td>
<td><span style="font-family: sans-serif; font-size: 12px;">Wir sind eine Vereinigung, die die interessen von Menschen mit Down-Syndrom vertritt. Wir möchten, dass Začlenění do všech ihren Möglichkeiten v unserer Gesellschaft gelebt wird.</span></td>
</tr>
<tr bgcolor="#EAF2FA">
<td colspan="2"><span style="font-family: sans-serif; font-size: 12px;"><strong>Website</strong></span></td>
</tr>
<tr bgcolor="#FFFFFF">
<td width="20"></td>
<td><span style="font-family: sans-serif; font-size: 12px;">https://www.down-syndrom.wien/</span></td>
</tr>
<tr bgcolor="#EAF2FA">
<td colspan="2"><span style="font-family: sans-serif; font-size: 12px;"><strong>Facebook</strong></span></td>
</tr>
<tr bgcolor="#FFFFFF">
<td width="20"></td>
<td><span style="font-family: sans-serif; font-size: 12px;">https://www.facebook.com/downsyndrom.wien/</span></td>
</tr>
<tr bgcolor="#EAF2FA">
<td colspan="2"><span style="font-family: sans-serif; font-size: 12px;"><strong>Twitter</strong></span></td>
</tr>
<tr bgcolor="#FFFFFF">
<td width="20"></td>
<td><span style="font-family: sans-serif; font-size: 12px;">https://twitter.com/DownSyndromWien</span></td>
</tr>
<tr bgcolor="#EAF2FA">
<td colspan="2"><span style="font-family: sans-serif; font-size: 12px;"><strong>Instagram</strong></span></td>
</tr>
<tr bgcolor="#FFFFFF">
<td width="20"></td>
<td><span style="font-family: sans-serif; font-size: 12px;">https://www.instagram.com/down.syndrom.wien/?hl=en</span></td>
</tr>
<tr bgcolor="#EAF2FA">
<td colspan="2"><span style="font-family: sans-serif; font-size: 12px;"><strong>Contact person&#8217;s first name</strong></span></td>
</tr>
<tr bgcolor="#FFFFFF">
<td width="20"></td>
<td><span style="font-family: sans-serif; font-size: 12px;">Mischa</span></td>
</tr>
<tr bgcolor="#EAF2FA">
<td colspan="2"><span style="font-family: sans-serif; font-size: 12px;"><strong>Contact person&#8217;s last name</strong></span></td>
</tr>
<tr bgcolor="#FFFFFF">
<td width="20"></td>
<td><span style="font-family: sans-serif; font-size: 12px;">Kirisits</span></td>
</tr>
<tr bgcolor="#EAF2FA">
<td colspan="2"><span style="font-family: sans-serif; font-size: 12px;"><strong>E-mailem</strong></span></td>
</tr>
<tr bgcolor="#FFFFFF">
<td width="20"></td>
<td><span style="font-family: sans-serif; font-size: 12px;">mischa.kirisits@gmail.com</span></td>
</tr>
<tr bgcolor="#EAF2FA">
<td colspan="2"><span style="font-family: sans-serif; font-size: 12px;"><strong>Telefon</strong></span></td>
</tr>
<tr bgcolor="#FFFFFF">
<td width="20"></td>
<td><span style="font-family: sans-serif; font-size: 12px;">+436505530294</span></td>
</tr>
<tr bgcolor="#EAF2FA">
<td colspan="2"><span style="font-family: sans-serif; font-size: 12px;"><strong>Město</strong></span></td>
</tr>
<tr bgcolor="#FFFFFF">
<td width="20"></td>
<td><span style="font-family: sans-serif; font-size: 12px;">Wien</span></td>
</tr>
<tr bgcolor="#EAF2FA">
<td colspan="2"><span style="font-family: sans-serif; font-size: 12px;"><strong>I want to register one or more people with Down&#8217;s syndrome</strong></span></td>
</tr>
<tr bgcolor="#FFFFFF">
<td width="20"></td>
<td><span style="font-family: sans-serif; font-size: 12px;">No</span></td>
</tr>
<tr bgcolor="#EAF2FA">
<td colspan="2"><span style="font-family: sans-serif; font-size: 12px;"><strong>Contact optin</strong></span></td>
</tr>
<tr bgcolor="#FFFFFF">
<td width="20"></td>
<td>
<ul class="bulleted">
<li>I would like to be contacted to become a partner of EU for Trisomy 21</li>
</ul>
<p>&nbsp;</td>
</tr>
<tr bgcolor="#EAF2FA">
<td colspan="2"></td>
</tr>
<tr bgcolor="#FFFFFF">
<td width="20"></td>
<td><span style="font-family: sans-serif; font-size: 12px;"><span style="font-family: sans-serif; font-size: 12px;"><img decoding="async" src="https://eufortrisomy21.eu/wp-content/plugins/gravityforms/images/tick.png" /> Souhlasím se zásadami ochrany osobních údajů.</span></span></p>
<div class="gfield_consent_description">Vyplněním tohoto formuláře souhlasíte s tím, že vaše kontaktní údaje budou zahrnuty do kontaktního souboru EUfortrisomy21. Upozorňujeme, že tento soubor zůstává výlučnou odpovědností EUfortrisomy21 a že za žádných okolností není sdílen s jinými subjekty. Pokud si již nepřejete dostávat naše sdělení, jednoduše se odhlaste pomocí níže uvedeného odkazu. Budete mít právo kdykoli přistupovat, opravovat nebo mazat údaje, které se vás týkají, a právo vznést námitku nebo omezit jejich zpracování. Chcete-li uplatnit svá práva, můžete nás kontaktovat na adrese privacy @ eufortrisomy21. Další informace o ochraně vašich osobních údajů: privacy @ eufortrisomy21</div>
<p>&nbsp;</td>
</tr>
</tbody>
</table>
</td>
</tr>
</tbody>
</table>
