{"id":14534,"date":"2020-03-19T20:48:33","date_gmt":"2020-03-19T19:48:33","guid":{"rendered":"https:\/\/eufortrisomy21.eu\/?page_id=14534"},"modified":"2022-02-01T23:47:47","modified_gmt":"2022-02-01T22:47:47","slug":"challenge","status":"publish","type":"page","link":"https:\/\/eufortrisomy21.eu\/cs\/21march20\/challenge\/","title":{"rendered":"V\u00fdzva"},"content":{"rendered":"<h1>\n\t\t\n\t<\/h1>\n<h2>\n\t\tNeshoduj\u00edc\u00ed se pono\u017eky v\u00fdzva\n\t<\/h2>\n\t\t\t\t\t\t<img decoding=\"async\" src=\"https:\/\/i.ytimg.com\/vi\/QZ3elhGVp_Q\/maxresdefault.jpg\"  \/>\n\t<p>P\u011bt rodin z Belgie, Francie, It\u00e1lie, \u0160pan\u011blska a Polska vyzvalo \u010dleny Evropsk\u00e9ho parlamentu (EP), aby si neshodili pono\u017eky na podporu oslav Sv\u011btov\u00e9ho dne Downova syndromu, co\u017e znamen\u00e1, \u017ee lid\u00e9 s Downov\u00fdm syndromem se mohou li\u0161it (jako n\u00e1\u0161 pono\u017eky), ale obohacuj\u00ed na\u0161i spole\u010dnost t\u00edm nejkr\u00e1sn\u011bj\u0161\u00edm zp\u016fsobem.<\/p>\n<p>Tato online kampa\u0148 p\u0159ipravuje Sv\u011btov\u00fd den Downova syndromu, kter\u00fd bude oslaven jako ka\u017ed\u00fd rok 21. b\u0159ezna.<\/p>\n<p>EU pro Trisomy 21 ve spolupr\u00e1ci s mnoha dal\u0161\u00edmi nevl\u00e1dn\u00edmi organizacemi a poslanci uspo\u0159\u00e1dala pro tuto zvl\u00e1\u0161tn\u00ed p\u0159\u00edle\u017eitost v Evropsk\u00e9m parlamentu \u0159adu aktivit. Bohu\u017eel byly aktivity, kter\u00e9 byly pl\u00e1nov\u00e1ny v Parlamentu na tuto oslavu, zru\u0161eny kv\u016fli instrukc\u00edm na Covid-19.<\/p>\n\t<p>Kampa\u0148 na soci\u00e1ln\u00edch s\u00edt\u00edch, kter\u00e1 neodpov\u00edd\u00e1 pono\u017ek\u00e1m, bude pokra\u010dovat, po\u010d\u00ednaje dne\u0161n\u00edm spu\u0161t\u011bn\u00edm videa p\u011bti osob s Downov\u00fdm syndromem a jejich rodin, kter\u00e9 vyz\u00fdvaj\u00ed europoslance, aby si neodpov\u00eddali.<\/p>\n<p>B\u011bhem t\u00e9to kampan\u011b obdr\u017e\u00ed europoslanci kr\u00e1tkou pozn\u00e1mku o pot\u0159eb\u011b opat\u0159en\u00ed Evropsk\u00e9 unie v oblasti zdrav\u00ed, vzd\u011bl\u00e1v\u00e1n\u00ed, rovnosti a v\u00fdzkumu p\u0159i \u0159e\u0161en\u00ed probl\u00e9m\u016f, kter\u00fdm \u010del\u00ed lid\u00e9 s Downov\u00fdm syndromem a jejich rodiny.<\/p>\n<p>EU for Trisomy 21 v\u00e1s zve, abyste se p\u0159ipojili k neodpov\u00eddaj\u00edc\u00ed pono\u017ekov\u00e9 kampani zve\u0159ejn\u011bn\u00edm va\u0161\u00ed fotografie nebo videa na Twitteru, Facebooku nebo Instagramu s hashtagy #EUforTrisomy21 #WDSD20 a #WorldDownSyndromeDay.<\/p>\n<p>Pro v\u00edce informac\u00ed: <a href=\"mailto:antonio@eufortrisomy21.eu\">antonio@eufortrisomy21.eu<\/a><\/p>","protected":false},"excerpt":{"rendered":"<p>Mismatched socks challenge Five families from Belgium, France, Italy, Spain and Poland has challenged the Members of the European Parliament&hellip;<\/p>","protected":false},"author":2,"featured_media":0,"parent":14422,"menu_order":0,"comment_status":"closed","ping_status":"closed","template":"","meta":{"_acf_changed":false,"footnotes":""},"class_list":["post-14534","page","type-page","status-publish","hentry"],"acf":[],"_links":{"self":[{"href":"https:\/\/eufortrisomy21.eu\/cs\/wp-json\/wp\/v2\/pages\/14534"}],"collection":[{"href":"https:\/\/eufortrisomy21.eu\/cs\/wp-json\/wp\/v2\/pages"}],"about":[{"href":"https:\/\/eufortrisomy21.eu\/cs\/wp-json\/wp\/v2\/types\/page"}],"author":[{"embeddable":true,"href":"https:\/\/eufortrisomy21.eu\/cs\/wp-json\/wp\/v2\/users\/2"}],"replies":[{"embeddable":true,"href":"https:\/\/eufortrisomy21.eu\/cs\/wp-json\/wp\/v2\/comments?post=14534"}],"version-history":[{"count":0,"href":"https:\/\/eufortrisomy21.eu\/cs\/wp-json\/wp\/v2\/pages\/14534\/revisions"}],"up":[{"embeddable":true,"href":"https:\/\/eufortrisomy21.eu\/cs\/wp-json\/wp\/v2\/pages\/14422"}],"wp:attachment":[{"href":"https:\/\/eufortrisomy21.eu\/cs\/wp-json\/wp\/v2\/media?parent=14534"}],"curies":[{"name":"wp","href":"https:\/\/api.w.org\/{rel}","templated":true}]}}

Výzva

<h1>
		
	</h1>
<h2>
		Neshodující se ponožky výzva
	</h2>
						<img decoding="async" src="https://i.ytimg.com/vi/QZ3elhGVp_Q/maxresdefault.jpg"  />
	<p>Pět rodin z Belgie, Francie, Itálie, Španělska a Polska vyzvalo členy Evropského parlamentu (EP), aby si neshodili ponožky na podporu oslav Světového dne Downova syndromu, což znamená, že lidé s Downovým syndromem se mohou lišit (jako náš ponožky), ale obohacují naši společnost tím nejkrásnějším způsobem.</p>
<p>Tato online kampaň připravuje Světový den Downova syndromu, který bude oslaven jako každý rok 21. března.</p>
<p>EU pro Trisomy 21 ve spolupráci s mnoha dalšími nevládními organizacemi a poslanci uspořádala pro tuto zvláštní příležitost v Evropském parlamentu řadu aktivit. Bohužel byly aktivity, které byly plánovány v Parlamentu na tuto oslavu, zrušeny kvůli instrukcím na Covid-19.</p>
	<p>Kampaň na sociálních sítích, která neodpovídá ponožkám, bude pokračovat, počínaje dnešním spuštěním videa pěti osob s Downovým syndromem a jejich rodin, které vyzývají europoslance, aby si neodpovídali.</p>
<p>Během této kampaně obdrží europoslanci krátkou poznámku o potřebě opatření Evropské unie v oblasti zdraví, vzdělávání, rovnosti a výzkumu při řešení problémů, kterým čelí lidé s Downovým syndromem a jejich rodiny.</p>
<p>EU for Trisomy 21 vás zve, abyste se připojili k neodpovídající ponožkové kampani zveřejněním vaší fotografie nebo videa na Twitteru, Facebooku nebo Instagramu s hashtagy #EUforTrisomy21 #WDSD20 a #WorldDownSyndromeDay.</p>
<p>Pro více informací: <a href="mailto:antonio@eufortrisomy21.eu">antonio@eufortrisomy21.eu</a></p>
