{"id":31709,"date":"2021-03-12T12:48:17","date_gmt":"2021-03-12T11:48:17","guid":{"rendered":"https:\/\/eufortrisomy21.eu\/?post_type=ngo&#038;p=31709"},"modified":"2021-03-12T13:02:18","modified_gmt":"2021-03-12T12:02:18","slug":"down-syndrome-ireland-mayo-branch","status":"publish","type":"ngo","link":"https:\/\/eufortrisomy21.eu\/da\/ngo\/down-syndrome-ireland-mayo-branch\/","title":{"rendered":"Downs syndrom Irlands Mayo-gren"},"content":{"rendered":"<table border=\"0\" width=\"99%\" cellspacing=\"0\" cellpadding=\"1\" bgcolor=\"#EAEAEA\">\n<tbody>\n<tr>\n<td>\n<table border=\"0\" width=\"100%\" cellspacing=\"0\" cellpadding=\"5\" bgcolor=\"#FFFFFF\">\n<tbody>\n<tr bgcolor=\"#EAF2FA\">\n<td colspan=\"2\"><span style=\"font-family: sans-serif; font-size: 12px;\"><strong>Name of the NGO<\/strong><\/span><\/td>\n<\/tr>\n<tr bgcolor=\"#FFFFFF\">\n<td width=\"20\"><\/td>\n<td><span style=\"font-family: sans-serif; font-size: 12px;\">Downs syndrom Irlands Mayo-gren<\/span><\/td>\n<\/tr>\n<tr bgcolor=\"#EAF2FA\">\n<td colspan=\"2\"><span style=\"font-family: sans-serif; font-size: 12px;\"><strong>Land<\/strong><\/span><\/td>\n<\/tr>\n<tr bgcolor=\"#FFFFFF\">\n<td width=\"20\"><\/td>\n<td><span style=\"font-family: sans-serif; font-size: 12px;\">IRLAND<\/span><\/td>\n<\/tr>\n<tr bgcolor=\"#EAF2FA\">\n<td colspan=\"2\"><span style=\"font-family: sans-serif; font-size: 12px;\"><strong>Short presentation of the NGO<\/strong><\/span><\/td>\n<\/tr>\n<tr bgcolor=\"#FFFFFF\">\n<td width=\"20\"><\/td>\n<td><span style=\"font-family: sans-serif; font-size: 12px;\">Vi som velg\u00f8renhedsorganisation st\u00f8tter vores medlemmer med Downs syndrom og deres familier p\u00e5 tv\u00e6rs af Mayo. Inden for vores gruppe tilbyder vi sociale aktiviteter, uddannelseskurser for vores medlemmer og deres familier, fortaler for mennesker med Downs syndrom.<\/span><\/td>\n<\/tr>\n<tr bgcolor=\"#EAF2FA\">\n<td colspan=\"2\"><span style=\"font-family: sans-serif; font-size: 12px;\"><strong>Website<\/strong><\/span><\/td>\n<\/tr>\n<tr bgcolor=\"#FFFFFF\">\n<td width=\"20\"><\/td>\n<td><span style=\"font-family: sans-serif; font-size: 12px;\">https:\/\/downsyndrome.ie\/branches-detail\/mayo\/<\/span><\/td>\n<\/tr>\n<tr bgcolor=\"#EAF2FA\">\n<td colspan=\"2\"><span style=\"font-family: sans-serif; font-size: 12px;\"><strong>Facebook<\/strong><\/span><\/td>\n<\/tr>\n<tr bgcolor=\"#FFFFFF\">\n<td width=\"20\"><\/td>\n<td><span style=\"font-family: sans-serif; font-size: 12px;\">https:\/\/www.facebook.com\/DownSyndromeMayo<\/span><\/td>\n<\/tr>\n<tr bgcolor=\"#EAF2FA\">\n<td colspan=\"2\"><span style=\"font-family: sans-serif; font-size: 12px;\"><strong>Twitter<\/strong><\/span><\/td>\n<\/tr>\n<tr bgcolor=\"#FFFFFF\">\n<td width=\"20\"><\/td>\n<td><span style=\"font-family: sans-serif; font-size: 12px;\">https:\/\/twitter.com\/downmayo?lang=en<\/span><\/td>\n<\/tr>\n<tr bgcolor=\"#EAF2FA\">\n<td colspan=\"2\"><span style=\"font-family: sans-serif; font-size: 12px;\"><strong>Instagram<\/strong><\/span><\/td>\n<\/tr>\n<tr bgcolor=\"#FFFFFF\">\n<td width=\"20\"><\/td>\n<td><span style=\"font-family: sans-serif; font-size: 12px;\">https:\/\/www.instagram.com\/mayodownsyndrome\/<\/span><\/td>\n<\/tr>\n<tr bgcolor=\"#EAF2FA\">\n<td colspan=\"2\"><span style=\"font-family: sans-serif; font-size: 12px;\"><strong>Contact person&#8217;s first name<\/strong><\/span><\/td>\n<\/tr>\n<tr bgcolor=\"#FFFFFF\">\n<td width=\"20\"><\/td>\n<td><span style=\"font-family: sans-serif; font-size: 12px;\">Nichola<\/span><\/td>\n<\/tr>\n<tr bgcolor=\"#EAF2FA\">\n<td colspan=\"2\"><span style=\"font-family: sans-serif; font-size: 12px;\"><strong>Contact person&#8217;s last name<\/strong><\/span><\/td>\n<\/tr>\n<tr bgcolor=\"#FFFFFF\">\n<td width=\"20\"><\/td>\n<td><span style=\"font-family: sans-serif; font-size: 12px;\">Gilmartin<\/span><\/td>\n<\/tr>\n<tr bgcolor=\"#EAF2FA\">\n<td colspan=\"2\"><span style=\"font-family: sans-serif; font-size: 12px;\"><strong>E-mail<\/strong><\/span><\/td>\n<\/tr>\n<tr bgcolor=\"#FFFFFF\">\n<td width=\"20\"><\/td>\n<td><span style=\"font-family: sans-serif; font-size: 12px;\"><a href=\"mailto:mayoinfo@downsyndrome.ie\">mayoinfo@downsyndrome.ie<\/a><\/span><\/td>\n<\/tr>\n<tr bgcolor=\"#EAF2FA\">\n<td colspan=\"2\"><span style=\"font-family: sans-serif; font-size: 12px;\"><strong>telefon<\/strong><\/span><\/td>\n<\/tr>\n<tr bgcolor=\"#FFFFFF\">\n<td width=\"20\"><\/td>\n<td><span style=\"font-family: sans-serif; font-size: 12px;\">0833184075<\/span><\/td>\n<\/tr>\n<tr bgcolor=\"#EAF2FA\">\n<td colspan=\"2\"><span style=\"font-family: sans-serif; font-size: 12px;\"><strong>City<\/strong><\/span><\/td>\n<\/tr>\n<tr bgcolor=\"#FFFFFF\">\n<td width=\"20\"><\/td>\n<td><span style=\"font-family: sans-serif; font-size: 12px;\">Mayo<\/span><\/td>\n<\/tr>\n<tr bgcolor=\"#EAF2FA\">\n<td colspan=\"2\"><span style=\"font-family: sans-serif; font-size: 12px;\"><strong>I want to register one or more people with Down&#8217;s syndrome<\/strong><\/span><\/td>\n<\/tr>\n<tr bgcolor=\"#FFFFFF\">\n<td width=\"20\"><\/td>\n<td><span style=\"font-family: sans-serif; font-size: 12px;\">No<\/span><\/td>\n<\/tr>\n<tr bgcolor=\"#EAF2FA\">\n<td colspan=\"2\"><span style=\"font-family: sans-serif; font-size: 12px;\"><strong>Contact optin<\/strong><\/span><\/td>\n<\/tr>\n<tr bgcolor=\"#FFFFFF\">\n<td width=\"20\"><\/td>\n<td>\n<ul class=\"bulleted\">\n<li>I would like to be contacted to become a partner of EU for Trisomy 21<\/li>\n<\/ul>\n<p>&nbsp;<\/td>\n<\/tr>\n<tr bgcolor=\"#EAF2FA\">\n<td colspan=\"2\"><\/td>\n<\/tr>\n<tr bgcolor=\"#FFFFFF\">\n<td width=\"20\"><\/td>\n<td><span style=\"font-family: sans-serif; font-size: 12px;\"><span style=\"font-family: sans-serif; font-size: 12px;\"><img decoding=\"async\" src=\"https:\/\/eufortrisomy21.eu\/wp-content\/plugins\/gravityforms\/images\/tick.png\" \/> Jeg accepterer fortrolighedspolitikken.<\/span><\/span><\/p>\n<div class=\"gfield_consent_description\">Ved at udfylde denne formular accepterer du, at dine kontaktoplysninger inkluderes i EUfortrisomy21-kontaktfilen. Bem\u00e6rk, at denne fil fortsat er det eneste ansvar for EUfortrisomy21, og at den under ingen omst\u00e6ndigheder deles med andre enheder. Hvis du ikke l\u00e6ngere \u00f8nsker at modtage vores kommunikation i fremtiden, skal du bare afmelde med linket nedenfor. Du har til enhver tid ret til at f\u00e5 adgang til, rette eller slette data om dig og retten til at mods\u00e6tte dig eller begr\u00e6nse behandlingen af dem. For at ud\u00f8ve dine rettigheder kan du kontakte os p\u00e5 privacy @ eufortrisomy21. For mere information om beskyttelsen af dine personlige data: privacy @ eufortrisomy21<\/div>\n<p>&nbsp;<\/td>\n<\/tr>\n<\/tbody>\n<\/table>\n<\/td>\n<\/tr>\n<\/tbody>\n<\/table>","protected":false},"featured_media":0,"template":"","country":[26],"class_list":["post-31709","ngo","type-ngo","status-publish","hentry","country-ireland"],"acf":[],"_links":{"self":[{"href":"https:\/\/eufortrisomy21.eu\/da\/wp-json\/wp\/v2\/ngo\/31709"}],"collection":[{"href":"https:\/\/eufortrisomy21.eu\/da\/wp-json\/wp\/v2\/ngo"}],"about":[{"href":"https:\/\/eufortrisomy21.eu\/da\/wp-json\/wp\/v2\/types\/ngo"}],"version-history":[{"count":0,"href":"https:\/\/eufortrisomy21.eu\/da\/wp-json\/wp\/v2\/ngo\/31709\/revisions"}],"wp:attachment":[{"href":"https:\/\/eufortrisomy21.eu\/da\/wp-json\/wp\/v2\/media?parent=31709"}],"wp:term":[{"taxonomy":"country","embeddable":true,"href":"https:\/\/eufortrisomy21.eu\/da\/wp-json\/wp\/v2\/country?post=31709"}],"curies":[{"name":"wp","href":"https:\/\/api.w.org\/{rel}","templated":true}]}}

<table border="0" width="99%" cellspacing="0" cellpadding="1" bgcolor="#EAEAEA">
<tbody>
<tr>
<td>
<table border="0" width="100%" cellspacing="0" cellpadding="5" bgcolor="#FFFFFF">
<tbody>
<tr bgcolor="#EAF2FA">
<td colspan="2"><span style="font-family: sans-serif; font-size: 12px;"><strong>Name of the NGO</strong></span></td>
</tr>
<tr bgcolor="#FFFFFF">
<td width="20"></td>
<td><span style="font-family: sans-serif; font-size: 12px;">Downs syndrom Irlands Mayo-gren</span></td>
</tr>
<tr bgcolor="#EAF2FA">
<td colspan="2"><span style="font-family: sans-serif; font-size: 12px;"><strong>Land</strong></span></td>
</tr>
<tr bgcolor="#FFFFFF">
<td width="20"></td>
<td><span style="font-family: sans-serif; font-size: 12px;">IRLAND</span></td>
</tr>
<tr bgcolor="#EAF2FA">
<td colspan="2"><span style="font-family: sans-serif; font-size: 12px;"><strong>Short presentation of the NGO</strong></span></td>
</tr>
<tr bgcolor="#FFFFFF">
<td width="20"></td>
<td><span style="font-family: sans-serif; font-size: 12px;">Vi som velgørenhedsorganisation støtter vores medlemmer med Downs syndrom og deres familier på tværs af Mayo. Inden for vores gruppe tilbyder vi sociale aktiviteter, uddannelseskurser for vores medlemmer og deres familier, fortaler for mennesker med Downs syndrom.</span></td>
</tr>
<tr bgcolor="#EAF2FA">
<td colspan="2"><span style="font-family: sans-serif; font-size: 12px;"><strong>Website</strong></span></td>
</tr>
<tr bgcolor="#FFFFFF">
<td width="20"></td>
<td><span style="font-family: sans-serif; font-size: 12px;">https://downsyndrome.ie/branches-detail/mayo/</span></td>
</tr>
<tr bgcolor="#EAF2FA">
<td colspan="2"><span style="font-family: sans-serif; font-size: 12px;"><strong>Facebook</strong></span></td>
</tr>
<tr bgcolor="#FFFFFF">
<td width="20"></td>
<td><span style="font-family: sans-serif; font-size: 12px;">https://www.facebook.com/DownSyndromeMayo</span></td>
</tr>
<tr bgcolor="#EAF2FA">
<td colspan="2"><span style="font-family: sans-serif; font-size: 12px;"><strong>Twitter</strong></span></td>
</tr>
<tr bgcolor="#FFFFFF">
<td width="20"></td>
<td><span style="font-family: sans-serif; font-size: 12px;">https://twitter.com/downmayo?lang=en</span></td>
</tr>
<tr bgcolor="#EAF2FA">
<td colspan="2"><span style="font-family: sans-serif; font-size: 12px;"><strong>Instagram</strong></span></td>
</tr>
<tr bgcolor="#FFFFFF">
<td width="20"></td>
<td><span style="font-family: sans-serif; font-size: 12px;">https://www.instagram.com/mayodownsyndrome/</span></td>
</tr>
<tr bgcolor="#EAF2FA">
<td colspan="2"><span style="font-family: sans-serif; font-size: 12px;"><strong>Contact person&#8217;s first name</strong></span></td>
</tr>
<tr bgcolor="#FFFFFF">
<td width="20"></td>
<td><span style="font-family: sans-serif; font-size: 12px;">Nichola</span></td>
</tr>
<tr bgcolor="#EAF2FA">
<td colspan="2"><span style="font-family: sans-serif; font-size: 12px;"><strong>Contact person&#8217;s last name</strong></span></td>
</tr>
<tr bgcolor="#FFFFFF">
<td width="20"></td>
<td><span style="font-family: sans-serif; font-size: 12px;">Gilmartin</span></td>
</tr>
<tr bgcolor="#EAF2FA">
<td colspan="2"><span style="font-family: sans-serif; font-size: 12px;"><strong>E-mail</strong></span></td>
</tr>
<tr bgcolor="#FFFFFF">
<td width="20"></td>
<td><span style="font-family: sans-serif; font-size: 12px;"><a href="mailto:mayoinfo@downsyndrome.ie">mayoinfo@downsyndrome.ie</a></span></td>
</tr>
<tr bgcolor="#EAF2FA">
<td colspan="2"><span style="font-family: sans-serif; font-size: 12px;"><strong>telefon</strong></span></td>
</tr>
<tr bgcolor="#FFFFFF">
<td width="20"></td>
<td><span style="font-family: sans-serif; font-size: 12px;">0833184075</span></td>
</tr>
<tr bgcolor="#EAF2FA">
<td colspan="2"><span style="font-family: sans-serif; font-size: 12px;"><strong>City</strong></span></td>
</tr>
<tr bgcolor="#FFFFFF">
<td width="20"></td>
<td><span style="font-family: sans-serif; font-size: 12px;">Mayo</span></td>
</tr>
<tr bgcolor="#EAF2FA">
<td colspan="2"><span style="font-family: sans-serif; font-size: 12px;"><strong>I want to register one or more people with Down&#8217;s syndrome</strong></span></td>
</tr>
<tr bgcolor="#FFFFFF">
<td width="20"></td>
<td><span style="font-family: sans-serif; font-size: 12px;">No</span></td>
</tr>
<tr bgcolor="#EAF2FA">
<td colspan="2"><span style="font-family: sans-serif; font-size: 12px;"><strong>Contact optin</strong></span></td>
</tr>
<tr bgcolor="#FFFFFF">
<td width="20"></td>
<td>
<ul class="bulleted">
<li>I would like to be contacted to become a partner of EU for Trisomy 21</li>
</ul>
<p>&nbsp;</td>
</tr>
<tr bgcolor="#EAF2FA">
<td colspan="2"></td>
</tr>
<tr bgcolor="#FFFFFF">
<td width="20"></td>
<td><span style="font-family: sans-serif; font-size: 12px;"><span style="font-family: sans-serif; font-size: 12px;"><img decoding="async" src="https://eufortrisomy21.eu/wp-content/plugins/gravityforms/images/tick.png" /> Jeg accepterer fortrolighedspolitikken.</span></span></p>
<div class="gfield_consent_description">Ved at udfylde denne formular accepterer du, at dine kontaktoplysninger inkluderes i EUfortrisomy21-kontaktfilen. Bemærk, at denne fil fortsat er det eneste ansvar for EUfortrisomy21, og at den under ingen omstændigheder deles med andre enheder. Hvis du ikke længere ønsker at modtage vores kommunikation i fremtiden, skal du bare afmelde med linket nedenfor. Du har til enhver tid ret til at få adgang til, rette eller slette data om dig og retten til at modsætte dig eller begrænse behandlingen af dem. For at udøve dine rettigheder kan du kontakte os på privacy @ eufortrisomy21. For mere information om beskyttelsen af dine personlige data: privacy @ eufortrisomy21</div>
<p>&nbsp;</td>
</tr>
</tbody>
</table>
</td>
</tr>
</tbody>
</table>
