{"id":14422,"date":"2020-02-05T18:29:41","date_gmt":"2020-02-05T17:29:41","guid":{"rendered":"https:\/\/eufortrisomy21.eu\/?page_id=14422"},"modified":"2022-02-01T23:58:37","modified_gmt":"2022-02-01T22:58:37","slug":"21march20","status":"publish","type":"page","link":"https:\/\/eufortrisomy21.eu\/de\/21march20\/","title":{"rendered":"21. M\u00e4rz 2020"},"content":{"rendered":"<h1>\n\t\t\n\t<\/h1>\n<h2>\n\t\tAm 21. M\u00e4rz k\u00f6nnen wir sogar mitten in der Gesundheitskrise den Welttag des Down-Syndroms mit Mitgliedern des Europ\u00e4ischen Parlaments und Forschern feiern\n\t<\/h2>\n\t<p>Anl\u00e4sslich des World Down Syndrome Day am 21. M\u00e4rz<sup>st<\/sup>Im Europ\u00e4ischen Parlament waren viele Veranstaltungen geplant, die wegen der Gesundheitskrise von Covid-19 abgesagt wurden.<\/p>\n<p>Dennoch, <strong>mehr als 100 Mitglieder des Europ\u00e4ischen Parlaments<\/strong> (MEPs) &#8211; willing to honour persons with Down syndrome on this special day &#8211; <strong>haben eine Erkl\u00e4rung unterschrieben<\/strong> Best\u00e4tigung der W\u00fcrde und der unver\u00e4u\u00dferlichen Rechte unserer Angeh\u00f6rigen mit Down-Syndrom. Alle Fraktionen sind vertreten (GUE, S &amp; D, Gr\u00fcne, Erneuerung, EVP, ECR, ID und NA).<\/p>\n<p><strong>Europ\u00e4ische Forscher<\/strong>, who were invited by MEPs to publicly present their works in the European Parliament, have written &#8211; alongside with other experts &#8211; <strong>ein op-ed<\/strong>:<\/p>\n<strong>&#8220;Looking for Down syndrome treatment:<br \/>\nan inspiring scientific project which deserves EU&#8217;s political will&#8221;<\/strong>\n<p>Es wird anl\u00e4sslich des World Down Syndrome Day in europ\u00e4ischen Zeitungen ver\u00f6ffentlicht. Dieser Artikel fasst die Ziele und Durchbr\u00fcche der therapeutischen Forschung zusammen: Verringerung der Behinderung und Verbesserung der Lebensqualit\u00e4t und Unabh\u00e4ngigkeit von Personen mit Down-Syndrom. Weitere Informationen zu den wissenschaftlichen Durchbr\u00fcchen finden Sie in drei Abstracts.<\/p>\n<p>Let&#8217;s follow <em>Europa f\u00fcr Trisomie 21<\/em> auf Social Media.<\/p>\n\t\t\t<a href=\"https:\/\/eufortrisomy21.eu\/de\/21march20\/declaration\/\" target=\"_self\" role=\"button\" rel=\"noopener\">\n\t\t\t\t\t\t\tERKL\u00c4RUNG und Unterzeichner der Abgeordneten\n\t\t\t\t\t<\/a>\n\t\t\t<a href=\"https:\/\/eufortrisomy21.eu\/de\/21march20\/challenge\/\" target=\"_self\" role=\"button\" rel=\"noopener\">\n\t\t\t\t\t\t\tNicht \u00fcbereinstimmende Socken Herausforderung\n\t\t\t\t\t<\/a>\n\t\t\t<a href=\"https:\/\/eufortrisomy21.eu\/de\/21march20\/research\/\" target=\"_self\" role=\"button\" rel=\"noopener\">\n\t\t\t\t\t\t\tForschung\n\t\t\t\t\t<\/a>","protected":false},"excerpt":{"rendered":"<p>On March 21, even in the midst of the health crisis, we can honour World Down Syndrome Day with Members&hellip;<\/p>","protected":false},"author":2,"featured_media":0,"parent":0,"menu_order":10,"comment_status":"closed","ping_status":"closed","template":"","meta":{"_acf_changed":false,"footnotes":""},"class_list":["post-14422","page","type-page","status-publish","hentry"],"acf":[],"_links":{"self":[{"href":"https:\/\/eufortrisomy21.eu\/de\/wp-json\/wp\/v2\/pages\/14422"}],"collection":[{"href":"https:\/\/eufortrisomy21.eu\/de\/wp-json\/wp\/v2\/pages"}],"about":[{"href":"https:\/\/eufortrisomy21.eu\/de\/wp-json\/wp\/v2\/types\/page"}],"author":[{"embeddable":true,"href":"https:\/\/eufortrisomy21.eu\/de\/wp-json\/wp\/v2\/users\/2"}],"replies":[{"embeddable":true,"href":"https:\/\/eufortrisomy21.eu\/de\/wp-json\/wp\/v2\/comments?post=14422"}],"version-history":[{"count":0,"href":"https:\/\/eufortrisomy21.eu\/de\/wp-json\/wp\/v2\/pages\/14422\/revisions"}],"wp:attachment":[{"href":"https:\/\/eufortrisomy21.eu\/de\/wp-json\/wp\/v2\/media?parent=14422"}],"curies":[{"name":"wp","href":"https:\/\/api.w.org\/{rel}","templated":true}]}}

21. März 2020

<h1>
		
	</h1>
<h2>
		Am 21. März können wir sogar mitten in der Gesundheitskrise den Welttag des Down-Syndroms mit Mitgliedern des Europäischen Parlaments und Forschern feiern
	</h2>
	<p>Anlässlich des World Down Syndrome Day am 21. März<sup>st</sup>Im Europäischen Parlament waren viele Veranstaltungen geplant, die wegen der Gesundheitskrise von Covid-19 abgesagt wurden.</p>
<p>Dennoch, <strong>mehr als 100 Mitglieder des Europäischen Parlaments</strong> (MEPs) &#8211; willing to honour persons with Down syndrome on this special day &#8211; <strong>haben eine Erklärung unterschrieben</strong> Bestätigung der Würde und der unveräußerlichen Rechte unserer Angehörigen mit Down-Syndrom. Alle Fraktionen sind vertreten (GUE, S &amp; D, Grüne, Erneuerung, EVP, ECR, ID und NA).</p>
<p><strong>Europäische Forscher</strong>, who were invited by MEPs to publicly present their works in the European Parliament, have written &#8211; alongside with other experts &#8211; <strong>ein op-ed</strong>:</p>
<strong>&#8220;Looking for Down syndrome treatment:<br />
an inspiring scientific project which deserves EU&#8217;s political will&#8221;</strong>
<p>Es wird anlässlich des World Down Syndrome Day in europäischen Zeitungen veröffentlicht. Dieser Artikel fasst die Ziele und Durchbrüche der therapeutischen Forschung zusammen: Verringerung der Behinderung und Verbesserung der Lebensqualität und Unabhängigkeit von Personen mit Down-Syndrom. Weitere Informationen zu den wissenschaftlichen Durchbrüchen finden Sie in drei Abstracts.</p>
<p>Let&#8217;s follow <em>Europa für Trisomie 21</em> auf Social Media.</p>
			<a href="https://eufortrisomy21.eu/de/21march20/declaration/" target="_self" role="button" rel="noopener">
							ERKLÄRUNG und Unterzeichner der Abgeordneten
					</a>
			<a href="https://eufortrisomy21.eu/de/21march20/challenge/" target="_self" role="button" rel="noopener">
							Nicht übereinstimmende Socken Herausforderung
					</a>
			<a href="https://eufortrisomy21.eu/de/21march20/research/" target="_self" role="button" rel="noopener">
							Forschung
					</a>
