{"id":14534,"date":"2020-03-19T20:48:33","date_gmt":"2020-03-19T19:48:33","guid":{"rendered":"https:\/\/eufortrisomy21.eu\/?page_id=14534"},"modified":"2022-02-01T23:47:47","modified_gmt":"2022-02-01T22:47:47","slug":"challenge","status":"publish","type":"page","link":"https:\/\/eufortrisomy21.eu\/de\/21march20\/challenge\/","title":{"rendered":"Herausforderung"},"content":{"rendered":"<h1>\n\t\t\n\t<\/h1>\n<h2>\n\t\tNicht \u00fcbereinstimmende Socken Herausforderung\n\t<\/h2>\n\t\t\t\t\t\t<img decoding=\"async\" src=\"https:\/\/i.ytimg.com\/vi\/QZ3elhGVp_Q\/maxresdefault.jpg\"  \/>\n\t<p>F\u00fcnf Familien aus Belgien, Frankreich, Italien, Spanien und Polen haben die Mitglieder des Europ\u00e4ischen Parlaments (MdEP) aufgefordert, ihre Socken nicht zusammenzubringen, um die Feier des Welttags des Down-Syndroms zu unterst\u00fctzen, was bedeutet, dass Menschen mit Down-Syndrom m\u00f6glicherweise anders sind (wie unsere Socken), aber sie bereichern unsere Gesellschaft auf die sch\u00f6nste Weise.<\/p>\n<p>Diese Online-Kampagne bereitet den Welt-Down-Syndrom-Tag vor, der wie jedes Jahr am 21. M\u00e4rz gefeiert wird.<\/p>\n<p>EU for Trisomy 21 hat in Zusammenarbeit mit vielen anderen NRO und Abgeordneten eine Reihe von Aktivit\u00e4ten f\u00fcr diesen besonderen Anlass im Europ\u00e4ischen Parlament organisiert. Leider wurden die Aktivit\u00e4ten, die im Parlament f\u00fcr diese Feier geplant waren, aufgrund der Anweisungen zu Covid-19 abgesagt.<\/p>\n\t<p>Trotzdem wird die Social-Media-Kampagne f\u00fcr nicht \u00fcbereinstimmende Socken mit dem heutigen Start des Videos von f\u00fcnf Personen mit Down-Syndrom und ihren Familien fortgesetzt, die die Abgeordneten auffordern, ihre Socken nicht anzupassen.<\/p>\n<p>W\u00e4hrend dieser Kampagne erhalten die Abgeordneten von der Europ\u00e4ischen Union einen kurzen Hinweis auf die Handlungsbed\u00fcrfnisse der Europ\u00e4ischen Union in den Bereichen Gesundheit, Bildung, Gleichstellung und Forschung, um die Probleme der Menschen mit Down-Syndrom und ihrer Familien anzugehen.<\/p>\n<p>EU for Trisomy 21 l\u00e4dt Sie herzlich ein, an der Kampagne f\u00fcr nicht \u00fcbereinstimmende Socken teilzunehmen, indem Sie Ihr Foto oder Video auf Twitter, Facebook oder Instagram mit den Hashtags #EUforTrisomy21 #WDSD20 und #WorldDownSyndromeDay ver\u00f6ffentlichen.<\/p>\n<p>F\u00fcr mehr Informationen: <a href=\"mailto:antonio@eufortrisomy21.eu\">antonio@eufortrisomy21.eu<\/a><\/p>","protected":false},"excerpt":{"rendered":"<p>Mismatched socks challenge Five families from Belgium, France, Italy, Spain and Poland has challenged the Members of the European Parliament&hellip;<\/p>","protected":false},"author":2,"featured_media":0,"parent":14422,"menu_order":0,"comment_status":"closed","ping_status":"closed","template":"","meta":{"_acf_changed":false,"footnotes":""},"class_list":["post-14534","page","type-page","status-publish","hentry"],"acf":[],"_links":{"self":[{"href":"https:\/\/eufortrisomy21.eu\/de\/wp-json\/wp\/v2\/pages\/14534"}],"collection":[{"href":"https:\/\/eufortrisomy21.eu\/de\/wp-json\/wp\/v2\/pages"}],"about":[{"href":"https:\/\/eufortrisomy21.eu\/de\/wp-json\/wp\/v2\/types\/page"}],"author":[{"embeddable":true,"href":"https:\/\/eufortrisomy21.eu\/de\/wp-json\/wp\/v2\/users\/2"}],"replies":[{"embeddable":true,"href":"https:\/\/eufortrisomy21.eu\/de\/wp-json\/wp\/v2\/comments?post=14534"}],"version-history":[{"count":0,"href":"https:\/\/eufortrisomy21.eu\/de\/wp-json\/wp\/v2\/pages\/14534\/revisions"}],"up":[{"embeddable":true,"href":"https:\/\/eufortrisomy21.eu\/de\/wp-json\/wp\/v2\/pages\/14422"}],"wp:attachment":[{"href":"https:\/\/eufortrisomy21.eu\/de\/wp-json\/wp\/v2\/media?parent=14534"}],"curies":[{"name":"wp","href":"https:\/\/api.w.org\/{rel}","templated":true}]}}

<h1>
		
	</h1>
<h2>
		Nicht übereinstimmende Socken Herausforderung
	</h2>
						<img decoding="async" src="https://i.ytimg.com/vi/QZ3elhGVp_Q/maxresdefault.jpg"  />
	<p>Fünf Familien aus Belgien, Frankreich, Italien, Spanien und Polen haben die Mitglieder des Europäischen Parlaments (MdEP) aufgefordert, ihre Socken nicht zusammenzubringen, um die Feier des Welttags des Down-Syndroms zu unterstützen, was bedeutet, dass Menschen mit Down-Syndrom möglicherweise anders sind (wie unsere Socken), aber sie bereichern unsere Gesellschaft auf die schönste Weise.</p>
<p>Diese Online-Kampagne bereitet den Welt-Down-Syndrom-Tag vor, der wie jedes Jahr am 21. März gefeiert wird.</p>
<p>EU for Trisomy 21 hat in Zusammenarbeit mit vielen anderen NRO und Abgeordneten eine Reihe von Aktivitäten für diesen besonderen Anlass im Europäischen Parlament organisiert. Leider wurden die Aktivitäten, die im Parlament für diese Feier geplant waren, aufgrund der Anweisungen zu Covid-19 abgesagt.</p>
	<p>Trotzdem wird die Social-Media-Kampagne für nicht übereinstimmende Socken mit dem heutigen Start des Videos von fünf Personen mit Down-Syndrom und ihren Familien fortgesetzt, die die Abgeordneten auffordern, ihre Socken nicht anzupassen.</p>
<p>Während dieser Kampagne erhalten die Abgeordneten von der Europäischen Union einen kurzen Hinweis auf die Handlungsbedürfnisse der Europäischen Union in den Bereichen Gesundheit, Bildung, Gleichstellung und Forschung, um die Probleme der Menschen mit Down-Syndrom und ihrer Familien anzugehen.</p>
<p>EU for Trisomy 21 lädt Sie herzlich ein, an der Kampagne für nicht übereinstimmende Socken teilzunehmen, indem Sie Ihr Foto oder Video auf Twitter, Facebook oder Instagram mit den Hashtags #EUforTrisomy21 #WDSD20 und #WorldDownSyndromeDay veröffentlichen.</p>
<p>Für mehr Informationen: <a href="mailto:antonio@eufortrisomy21.eu">antonio@eufortrisomy21.eu</a></p>
