{"id":14530,"date":"2020-03-19T20:43:25","date_gmt":"2020-03-19T19:43:25","guid":{"rendered":"https:\/\/eufortrisomy21.eu\/?page_id=14530"},"modified":"2022-02-01T23:48:02","modified_gmt":"2022-02-01T22:48:02","slug":"research","status":"publish","type":"page","link":"https:\/\/eufortrisomy21.eu\/es\/21march20\/research\/","title":{"rendered":"Investigaci\u00f3n"},"content":{"rendered":"<h1>\n\t\t\n\t<\/h1>\n<h2>\n\t\tBuscando tratamiento para el s\u00edndrome de Down: un proyecto cient\u00edfico inspirador que merece la voluntad pol\u00edtica de la UE\n\t<\/h2>\n\t<p>Los investigadores europeos, que fueron invitados por el Parlamento Europeo para presentar p\u00fablicamente sus trabajos, han escrito, junto con otros expertos, un art\u00edculo de opini\u00f3n. Se publica en los peri\u00f3dicos europeos con motivo del D\u00eda Mundial del S\u00edndrome de Down. El art\u00edculo resume los objetivos y los avances de la investigaci\u00f3n terap\u00e9utica: reducir la discapacidad y mejorar la calidad de vida y la independencia de las personas con s\u00edndrome de Down:<\/p>\n\t\t\t\t<a href=\"https:\/\/www.lefigaro.fr\/vox\/culture\/l-ue-doit-faire-davantage-pour-la-recherche-d-un-traitement-de-la-trisomie-21-20200321\" target=\"_blank\" rel=\"noopener noreferrer\" itemprop=\"url\">\n\t\t\t\t<img loading=\"lazy\" decoding=\"async\" src=\"https:\/\/eufortrisomy21.eu\/wp-content\/uploads\/2020\/03\/france-150x150.png\" alt=\"france\" itemprop=\"image\" height=\"150\" width=\"150\" title=\"Francia\" onerror=\"this.style.display='none'\"  \/>\n\t\t\t\t<\/a>\n<h4><a href=\"https:\/\/www.lefigaro.fr\/vox\/culture\/l-ue-doit-faire-davantage-pour-la-recherche-d-un-traitement-de-la-trisomie-21-20200321\" target=\"_blank\" rel=\"noopener noreferrer\">Le Figaro (Francia)<\/a><\/h4>\t\t\n\t\t\t<p>Trouver un traitement pour la trisomie 21: un projet scientifique enthousiasmant m\u00e9ritant une volont\u00e9 politique de l&#039;Union europ\u00e9enne!<\/p>\n\t\t\t<a href=\"https:\/\/www.lefigaro.fr\/vox\/culture\/l-ue-doit-faire-davantage-pour-la-recherche-d-un-traitement-de-la-trisomie-21-20200321\" target=\"_blank\" role=\"button\" rel=\"noopener noreferrer\">\n\t\t\t\t\t\t\tLeer\n\t\t\t\t\t<\/a>\n\t\t\t\t<a href=\"https:\/\/www.lalibre.be\/debats\/opinions\/trouver-un-traitement-pour-la-trisomie-21-un-projet-scientifique-enthousiasmant-meritant-une-volonte-politique-de-l-union-europeenne-5e74e742d8ad582f31c4c05a\" target=\"_blank\" rel=\"noopener noreferrer\" itemprop=\"url\">\n\t\t\t\t<img loading=\"lazy\" decoding=\"async\" src=\"https:\/\/eufortrisomy21.eu\/wp-content\/uploads\/2020\/03\/belgium.png\" alt=\"belgium\" itemprop=\"image\" height=\"512\" width=\"512\" title=\"B\u00e9lgica\" onerror=\"this.style.display='none'\"  \/>\n\t\t\t\t<\/a>\n<h4><a href=\"https:\/\/www.lalibre.be\/debats\/opinions\/trouver-un-traitement-pour-la-trisomie-21-un-projet-scientifique-enthousiasmant-meritant-une-volonte-politique-de-l-union-europeenne-5e74e742d8ad582f31c4c05a\" target=\"_blank\" rel=\"noopener noreferrer\">Libre Belgique (B\u00e9lgica)<\/a><\/h4>\t\t\n\t\t\t<p>Trouver un traitement pour la trisomie 21: un projet scientifique enthousiasmant m\u00e9ritant une volont\u00e9 politique de l&#039;Union europ\u00e9enne!<\/p>\n\t\t\t<a href=\"https:\/\/www.lalibre.be\/debats\/opinions\/trouver-un-traitement-pour-la-trisomie-21-un-projet-scientifique-enthousiasmant-meritant-une-volonte-politique-de-l-union-europeenne-5e74e742d8ad582f31c4c05a\" target=\"_blank\" role=\"button\" rel=\"noopener noreferrer\">\n\t\t\t\t\t\t\tLeer\n\t\t\t\t\t<\/a>\n\t\t\t\t<a href=\"https:\/\/www.lastampa.it\/salute\/2020\/03\/21\/news\/giornata-mondiale-della-sindrome-di-down-1.38616524\" target=\"_blank\" rel=\"noopener noreferrer\" itemprop=\"url\">\n\t\t\t\t<img loading=\"lazy\" decoding=\"async\" src=\"https:\/\/eufortrisomy21.eu\/wp-content\/uploads\/2020\/03\/italy.png\" alt=\"italy\" itemprop=\"image\" height=\"512\" width=\"512\" title=\"Italia\" onerror=\"this.style.display='none'\"  \/>\n\t\t\t\t<\/a>\n<h4><a href=\"https:\/\/www.lastampa.it\/salute\/2020\/03\/21\/news\/giornata-mondiale-della-sindrome-di-down-1.38616524\" target=\"_blank\" rel=\"noopener noreferrer\">La Stampa (Italia)<\/a><\/h4>\t\t\n\t\t\t<p>Trovare una cura per la trisomia 21: un progetto scientifico entusiasmante che merita la volont\u00e0 politica dell&#8217;Unione Europea!<\/p>\n\t\t\t<a href=\"https:\/\/www.lastampa.it\/salute\/2020\/03\/21\/news\/giornata-mondiale-della-sindrome-di-down-1.38616524\" target=\"_blank\" role=\"button\" rel=\"noopener noreferrer\">\n\t\t\t\t\t\t\tLeer\n\t\t\t\t\t<\/a>\n\t\t\t\t<a href=\"https:\/\/wpolityce.pl\/spoleczenstwo\/492308-wspieramy-osoby-z-zespolem-downa\" target=\"_blank\" rel=\"noopener noreferrer\" itemprop=\"url\">\n\t\t\t\t<img loading=\"lazy\" decoding=\"async\" src=\"https:\/\/eufortrisomy21.eu\/wp-content\/uploads\/2020\/03\/republic-of-poland.png\" alt=\"republic-of-poland\" itemprop=\"image\" height=\"512\" width=\"512\" title=\"rep\u00fablica-de-polonia\" onerror=\"this.style.display='none'\"  \/>\n\t\t\t\t<\/a>\n<h4><a href=\"https:\/\/wpolityce.pl\/spoleczenstwo\/492308-wspieramy-osoby-z-zespolem-downa\" target=\"_blank\" rel=\"noopener noreferrer\">wPolityce (Polonia)<\/a><\/h4>\t\t\n\t\t\t<p>Znalezienie lekarstwa na trisomi\u0119 21: ekscytuj\u0105cy projekt naukowy, kt\u00f3ry zas\u0142uguje na polityczn\u0105 wol\u0119 Unii Europejskiej!<\/p>\n\t\t\t<a href=\"https:\/\/wpolityce.pl\/spoleczenstwo\/492308-wspieramy-osoby-z-zespolem-downa\" target=\"_blank\" role=\"button\" rel=\"noopener noreferrer\">\n\t\t\t\t\t\t\tLeer\n\t\t\t\t\t<\/a>\n\t\t\t\t<a href=\"https:\/\/narod.hr\/zdravlje\/lijecenje-za-sindrom-down-entuzijastican-pothvat-znanstvenika-koji-zahtjeva-politicku-volju-europske-unije\" target=\"_blank\" rel=\"noopener noreferrer\" itemprop=\"url\">\n\t\t\t\t<img loading=\"lazy\" decoding=\"async\" src=\"https:\/\/eufortrisomy21.eu\/wp-content\/uploads\/2020\/03\/croatia.png\" alt=\"croatia\" itemprop=\"image\" height=\"512\" width=\"512\" title=\"Croacia\" onerror=\"this.style.display='none'\"  \/>\n\t\t\t\t<\/a>\n<h4><a href=\"https:\/\/narod.hr\/zdravlje\/lijecenje-za-sindrom-down-entuzijastican-pothvat-znanstvenika-koji-zahtjeva-politicku-volju-europske-unije\" target=\"_blank\" rel=\"noopener noreferrer\">Narod (Croacia)<\/a><\/h4>\t\t\n\t\t\t<p>Lije\u010denje za sindrom Down: Entuzijasti\u010dan pothvat znanstvenika koji zahtjeva politi\u010dku volju Europske unije<\/p>\n\t\t\t<a href=\"https:\/\/narod.hr\/zdravlje\/lijecenje-za-sindrom-down-entuzijastican-pothvat-znanstvenika-koji-zahtjeva-politicku-volju-europske-unije\" target=\"_blank\" role=\"button\" rel=\"noopener noreferrer\">\n\t\t\t\t\t\t\tLeer\n\t\t\t\t\t<\/a>\n\t\t\t\t<a href=\"https:\/\/eufortrisomy21.eu\/wp-content\/uploads\/2020\/03\/TRIBUNEChercheursWDSD2020-German19mars.pdf\" target=\"_blank\" rel=\"noopener noreferrer\" itemprop=\"url\">\n\t\t\t\t<img loading=\"lazy\" decoding=\"async\" src=\"https:\/\/eufortrisomy21.eu\/wp-content\/uploads\/2020\/03\/germany.png\" alt=\"germany\" itemprop=\"image\" height=\"512\" width=\"512\" title=\"Alemania\" onerror=\"this.style.display='none'\"  \/>\n\t\t\t\t<\/a>\n<h4><a href=\"https:\/\/eufortrisomy21.eu\/wp-content\/uploads\/2020\/03\/TRIBUNEChercheursWDSD2020-German19mars.pdf\" target=\"_blank\" rel=\"noopener noreferrer\">Alemania<\/a><\/h4>\t\t\n\t\t\t<p>Die Heilbehandlung der Trisomie 21 entwickeln: ein begeisterndes wissenschaftliches Projekt, das die Anerkennung der Europ\u00e4ischen Union verdient!<\/p>\n\t\t\t<a href=\"https:\/\/eufortrisomy21.eu\/wp-content\/uploads\/2020\/03\/TRIBUNEChercheursWDSD2020-German19mars.pdf\" target=\"_blank\" role=\"button\" rel=\"noopener noreferrer\">\n\t\t\t\t\t\t\tLeer\n\t\t\t\t\t<\/a>\n\t\t\t\t<a href=\"https:\/\/eufortrisomy21.eu\/wp-content\/uploads\/2020\/03\/TRIBUNEChercheursWDSD2020-ES23mars.pdf\" target=\"_blank\" rel=\"noopener noreferrer\" itemprop=\"url\">\n\t\t\t\t<img loading=\"lazy\" decoding=\"async\" src=\"https:\/\/eufortrisomy21.eu\/wp-content\/uploads\/2020\/03\/spain.png\" alt=\"spain\" itemprop=\"image\" height=\"512\" width=\"512\" title=\"Espa\u00f1a\" onerror=\"this.style.display='none'\"  \/>\n\t\t\t\t<\/a>\n<h4><a href=\"https:\/\/eufortrisomy21.eu\/wp-content\/uploads\/2020\/03\/TRIBUNEChercheursWDSD2020-ES23mars.pdf\" target=\"_blank\" rel=\"noopener noreferrer\">Espa\u00f1a<\/a><\/h4>\t\t\n\t\t\t<p>Buscando el tratamiento del s\u00edndrome de Down: un proyecto cient\u00edfico inspirador que merece la voluntad pol\u00edtica de la UE<\/p>\n\t\t\t<a href=\"https:\/\/eufortrisomy21.eu\/wp-content\/uploads\/2020\/03\/TRIBUNEChercheursWDSD2020-ES23mars.pdf\" target=\"_blank\" role=\"button\" rel=\"noopener noreferrer\">\n\t\t\t\t\t\t\tLeer\n\t\t\t\t\t<\/a>\n\t<p>Para obtener m\u00e1s informaci\u00f3n sobre los avances cient\u00edficos, hay tres res\u00famenes disponibles aqu\u00ed: <\/p>\n<ul>\n<li>Resumen de Csaba SZABO (<a href=\"https:\/\/eufortrisomy21.eu\/wp-content\/uploads\/2020\/03\/ABSTRACTCsabaSzabo.pdf\" target=\"_blank\" rel=\"noopener noreferrer\">Ver resumen<\/a><em>)<\/em><\/li>\n<li>Andre Megarbane Resumen (<a href=\"https:\/\/eufortrisomy21.eu\/wp-content\/uploads\/2020\/03\/AbstractAndreMegarbane.pdf\" target=\"_blank\" rel=\"noopener noreferrer\">Ver resumen<\/a><em>)<\/em><\/li>\n<li>Andre Strydom Resumen (<a href=\"https:\/\/eufortrisomy21.eu\/wp-content\/uploads\/2020\/03\/ABSTRACTAlzheimer-DSAndreStrydom.pdf\" target=\"_blank\" rel=\"noopener noreferrer\">Ver resumen<\/a>)<\/li>\n<\/ul>","protected":false},"excerpt":{"rendered":"<p>Looking for Down syndrome treatment: an inspiring scientific project which deserves EU\u2019s political will European researchers, who were invited by&hellip;<\/p>","protected":false},"author":2,"featured_media":0,"parent":14422,"menu_order":0,"comment_status":"closed","ping_status":"closed","template":"","meta":{"_acf_changed":false,"footnotes":""},"class_list":["post-14530","page","type-page","status-publish","hentry"],"acf":[],"_links":{"self":[{"href":"https:\/\/eufortrisomy21.eu\/es\/wp-json\/wp\/v2\/pages\/14530"}],"collection":[{"href":"https:\/\/eufortrisomy21.eu\/es\/wp-json\/wp\/v2\/pages"}],"about":[{"href":"https:\/\/eufortrisomy21.eu\/es\/wp-json\/wp\/v2\/types\/page"}],"author":[{"embeddable":true,"href":"https:\/\/eufortrisomy21.eu\/es\/wp-json\/wp\/v2\/users\/2"}],"replies":[{"embeddable":true,"href":"https:\/\/eufortrisomy21.eu\/es\/wp-json\/wp\/v2\/comments?post=14530"}],"version-history":[{"count":0,"href":"https:\/\/eufortrisomy21.eu\/es\/wp-json\/wp\/v2\/pages\/14530\/revisions"}],"up":[{"embeddable":true,"href":"https:\/\/eufortrisomy21.eu\/es\/wp-json\/wp\/v2\/pages\/14422"}],"wp:attachment":[{"href":"https:\/\/eufortrisomy21.eu\/es\/wp-json\/wp\/v2\/media?parent=14530"}],"curies":[{"name":"wp","href":"https:\/\/api.w.org\/{rel}","templated":true}]}}

Investigación

<h1>
		
	</h1>
<h2>
		Buscando tratamiento para el síndrome de Down: un proyecto científico inspirador que merece la voluntad política de la UE
	</h2>
	<p>Los investigadores europeos, que fueron invitados por el Parlamento Europeo para presentar públicamente sus trabajos, han escrito, junto con otros expertos, un artículo de opinión. Se publica en los periódicos europeos con motivo del Día Mundial del Síndrome de Down. El artículo resume los objetivos y los avances de la investigación terapéutica: reducir la discapacidad y mejorar la calidad de vida y la independencia de las personas con síndrome de Down:</p>
				<a href="https://www.lefigaro.fr/vox/culture/l-ue-doit-faire-davantage-pour-la-recherche-d-un-traitement-de-la-trisomie-21-20200321" target="_blank" rel="noopener noreferrer" itemprop="url">
				<img loading="lazy" decoding="async" src="https://eufortrisomy21.eu/wp-content/uploads/2020/03/france-150x150.png" alt="france" itemprop="image" height="150" width="150" title="Francia" onerror="this.style.display='none'"  />
				</a>
<h4><a href="https://www.lefigaro.fr/vox/culture/l-ue-doit-faire-davantage-pour-la-recherche-d-un-traitement-de-la-trisomie-21-20200321" target="_blank" rel="noopener noreferrer">Le Figaro (Francia)</a></h4>		
			<p>Trouver un traitement pour la trisomie 21: un projet scientifique enthousiasmant méritant une volonté politique de l&#039;Union européenne!</p>
			<a href="https://www.lefigaro.fr/vox/culture/l-ue-doit-faire-davantage-pour-la-recherche-d-un-traitement-de-la-trisomie-21-20200321" target="_blank" role="button" rel="noopener noreferrer">
							Leer
					</a>
				<a href="https://www.lalibre.be/debats/opinions/trouver-un-traitement-pour-la-trisomie-21-un-projet-scientifique-enthousiasmant-meritant-une-volonte-politique-de-l-union-europeenne-5e74e742d8ad582f31c4c05a" target="_blank" rel="noopener noreferrer" itemprop="url">
				<img loading="lazy" decoding="async" src="https://eufortrisomy21.eu/wp-content/uploads/2020/03/belgium.png" alt="belgium" itemprop="image" height="512" width="512" title="Bélgica" onerror="this.style.display='none'"  />
				</a>
<h4><a href="https://www.lalibre.be/debats/opinions/trouver-un-traitement-pour-la-trisomie-21-un-projet-scientifique-enthousiasmant-meritant-une-volonte-politique-de-l-union-europeenne-5e74e742d8ad582f31c4c05a" target="_blank" rel="noopener noreferrer">Libre Belgique (Bélgica)</a></h4>		
			<p>Trouver un traitement pour la trisomie 21: un projet scientifique enthousiasmant méritant une volonté politique de l&#039;Union européenne!</p>
			<a href="https://www.lalibre.be/debats/opinions/trouver-un-traitement-pour-la-trisomie-21-un-projet-scientifique-enthousiasmant-meritant-une-volonte-politique-de-l-union-europeenne-5e74e742d8ad582f31c4c05a" target="_blank" role="button" rel="noopener noreferrer">
							Leer
					</a>
				<a href="https://www.lastampa.it/salute/2020/03/21/news/giornata-mondiale-della-sindrome-di-down-1.38616524" target="_blank" rel="noopener noreferrer" itemprop="url">
				<img loading="lazy" decoding="async" src="https://eufortrisomy21.eu/wp-content/uploads/2020/03/italy.png" alt="italy" itemprop="image" height="512" width="512" title="Italia" onerror="this.style.display='none'"  />
				</a>
<h4><a href="https://www.lastampa.it/salute/2020/03/21/news/giornata-mondiale-della-sindrome-di-down-1.38616524" target="_blank" rel="noopener noreferrer">La Stampa (Italia)</a></h4>		
			<p>Trovare una cura per la trisomia 21: un progetto scientifico entusiasmante che merita la volontà politica dell&#8217;Unione Europea!</p>
			<a href="https://www.lastampa.it/salute/2020/03/21/news/giornata-mondiale-della-sindrome-di-down-1.38616524" target="_blank" role="button" rel="noopener noreferrer">
							Leer
					</a>
				<a href="https://wpolityce.pl/spoleczenstwo/492308-wspieramy-osoby-z-zespolem-downa" target="_blank" rel="noopener noreferrer" itemprop="url">
				<img loading="lazy" decoding="async" src="https://eufortrisomy21.eu/wp-content/uploads/2020/03/republic-of-poland.png" alt="republic-of-poland" itemprop="image" height="512" width="512" title="república-de-polonia" onerror="this.style.display='none'"  />
				</a>
<h4><a href="https://wpolityce.pl/spoleczenstwo/492308-wspieramy-osoby-z-zespolem-downa" target="_blank" rel="noopener noreferrer">wPolityce (Polonia)</a></h4>		
			<p>Znalezienie lekarstwa na trisomię 21: ekscytujący projekt naukowy, który zasługuje na polityczną wolę Unii Europejskiej!</p>
			<a href="https://wpolityce.pl/spoleczenstwo/492308-wspieramy-osoby-z-zespolem-downa" target="_blank" role="button" rel="noopener noreferrer">
							Leer
					</a>
				<a href="https://narod.hr/zdravlje/lijecenje-za-sindrom-down-entuzijastican-pothvat-znanstvenika-koji-zahtjeva-politicku-volju-europske-unije" target="_blank" rel="noopener noreferrer" itemprop="url">
				<img loading="lazy" decoding="async" src="https://eufortrisomy21.eu/wp-content/uploads/2020/03/croatia.png" alt="croatia" itemprop="image" height="512" width="512" title="Croacia" onerror="this.style.display='none'"  />
				</a>
<h4><a href="https://narod.hr/zdravlje/lijecenje-za-sindrom-down-entuzijastican-pothvat-znanstvenika-koji-zahtjeva-politicku-volju-europske-unije" target="_blank" rel="noopener noreferrer">Narod (Croacia)</a></h4>		
			<p>Liječenje za sindrom Down: Entuzijastičan pothvat znanstvenika koji zahtjeva političku volju Europske unije</p>
			<a href="https://narod.hr/zdravlje/lijecenje-za-sindrom-down-entuzijastican-pothvat-znanstvenika-koji-zahtjeva-politicku-volju-europske-unije" target="_blank" role="button" rel="noopener noreferrer">
							Leer
					</a>
				<a href="https://eufortrisomy21.eu/wp-content/uploads/2020/03/TRIBUNEChercheursWDSD2020-German19mars.pdf" target="_blank" rel="noopener noreferrer" itemprop="url">
				<img loading="lazy" decoding="async" src="https://eufortrisomy21.eu/wp-content/uploads/2020/03/germany.png" alt="germany" itemprop="image" height="512" width="512" title="Alemania" onerror="this.style.display='none'"  />
				</a>
<h4><a href="https://eufortrisomy21.eu/wp-content/uploads/2020/03/TRIBUNEChercheursWDSD2020-German19mars.pdf" target="_blank" rel="noopener noreferrer">Alemania</a></h4>		
			<p>Die Heilbehandlung der Trisomie 21 entwickeln: ein begeisterndes wissenschaftliches Projekt, das die Anerkennung der Europäischen Union verdient!</p>
			<a href="https://eufortrisomy21.eu/wp-content/uploads/2020/03/TRIBUNEChercheursWDSD2020-German19mars.pdf" target="_blank" role="button" rel="noopener noreferrer">
							Leer
					</a>
				<a href="https://eufortrisomy21.eu/wp-content/uploads/2020/03/TRIBUNEChercheursWDSD2020-ES23mars.pdf" target="_blank" rel="noopener noreferrer" itemprop="url">
				<img loading="lazy" decoding="async" src="https://eufortrisomy21.eu/wp-content/uploads/2020/03/spain.png" alt="spain" itemprop="image" height="512" width="512" title="España" onerror="this.style.display='none'"  />
				</a>
<h4><a href="https://eufortrisomy21.eu/wp-content/uploads/2020/03/TRIBUNEChercheursWDSD2020-ES23mars.pdf" target="_blank" rel="noopener noreferrer">España</a></h4>		
			<p>Buscando el tratamiento del síndrome de Down: un proyecto científico inspirador que merece la voluntad política de la UE</p>
			<a href="https://eufortrisomy21.eu/wp-content/uploads/2020/03/TRIBUNEChercheursWDSD2020-ES23mars.pdf" target="_blank" role="button" rel="noopener noreferrer">
							Leer
					</a>
	<p>Para obtener más información sobre los avances científicos, hay tres resúmenes disponibles aquí: </p>
<ul>
<li>Resumen de Csaba SZABO (<a href="https://eufortrisomy21.eu/wp-content/uploads/2020/03/ABSTRACTCsabaSzabo.pdf" target="_blank" rel="noopener noreferrer">Ver resumen</a><em>)</em></li>
<li>Andre Megarbane Resumen (<a href="https://eufortrisomy21.eu/wp-content/uploads/2020/03/AbstractAndreMegarbane.pdf" target="_blank" rel="noopener noreferrer">Ver resumen</a><em>)</em></li>
<li>Andre Strydom Resumen (<a href="https://eufortrisomy21.eu/wp-content/uploads/2020/03/ABSTRACTAlzheimer-DSAndreStrydom.pdf" target="_blank" rel="noopener noreferrer">Ver resumen</a>)</li>
</ul>
