{"id":14422,"date":"2020-02-05T18:29:41","date_gmt":"2020-02-05T17:29:41","guid":{"rendered":"https:\/\/eufortrisomy21.eu\/?page_id=14422"},"modified":"2022-02-01T23:58:37","modified_gmt":"2022-02-01T22:58:37","slug":"21march20","status":"publish","type":"page","link":"https:\/\/eufortrisomy21.eu\/fi\/21march20\/","title":{"rendered":"21. maaliskuuta 2020"},"content":{"rendered":"<h1>\n\t\t\n\t<\/h1>\n<h2>\n\t\t21. maaliskuuta, jopa keskell\u00e4 terveyskriisi\u00e4, voimme kunnioittaa maailman Downin oireyhtym\u00e4n p\u00e4iv\u00e4\u00e4 Euroopan parlamentin j\u00e4senten ja tutkijoiden kanssa\n\t<\/h2>\n\t<p>Downin oireyhtym\u00e4n maailmanp\u00e4iv\u00e4n\u00e4 21. maaliskuuta<sup>st<\/sup>, useita tapahtumia suunniteltiin Euroopan parlamentissa, peruttu Covid-19-terveyskriisin takia.<\/p>\n<p>T\u00e4st\u00e4 huolimatta, <strong>yli 100 Euroopan parlamentin j\u00e4sent\u00e4<\/strong> (MEPs) &#8211; willing to honour persons with Down syndrome on this special day &#8211; <strong>ovat allekirjoittaneet julistuksen<\/strong> vahvistamalla Downin oireyhtym\u00e4\u00e4 sairastavien rakkaidemme ihmisarvon ja luovuttamattomat oikeudet. Kaikki poliittiset ryhm\u00e4t ovat edustettuina (GUE, S&amp;D, Vihre\u00e4t, Renew, EPP, ECR, ID ja NA).<\/p>\n<p><strong>Eurooppalaiset tutkijat<\/strong>, who were invited by MEPs to publicly present their works in the European Parliament, have written &#8211; alongside with other experts &#8211; <strong>toim<\/strong>:<\/p>\n<strong>&#8220;Looking for Down syndrome treatment:<br \/>\nan inspiring scientific project which deserves EU&#8217;s political will&#8221;<\/strong>\n<p>Se julkaistaan eurooppalaisissa sanomalehdiss\u00e4 Downin oireyhtym\u00e4n maailmanp\u00e4iv\u00e4n\u00e4. T\u00e4m\u00e4 artikkeli tiivist\u00e4\u00e4 terapeuttisen tutkimuksen tavoitteet ja l\u00e4pimurrot: v\u00e4hent\u00e4\u00e4 vammaisuutta ja parantaa Downin oireyhtym\u00e4\u00e4 sairastavien ihmisten el\u00e4m\u00e4nlaatua ja itsen\u00e4isyytt\u00e4. Lis\u00e4tietoja tieteellisist\u00e4 l\u00e4pimurtoista on saatavana liitteen\u00e4 kolme tiivistelm\u00e4\u00e4.<\/p>\n<p>Let&#8217;s follow <em>Trisomian Eurooppa 21<\/em> sosiaalisessa mediassa.<\/p>\n\t\t\t<a href=\"https:\/\/eufortrisomy21.eu\/fi\/21march20\/declaration\/\" target=\"_self\" role=\"button\" rel=\"noopener\">\n\t\t\t\t\t\t\tJULISTUS ja allekirjoittaneet parlamentin j\u00e4senet\n\t\t\t\t\t<\/a>\n\t\t\t<a href=\"https:\/\/eufortrisomy21.eu\/fi\/21march20\/challenge\/\" target=\"_self\" role=\"button\" rel=\"noopener\">\n\t\t\t\t\t\t\tSukat eiv\u00e4t t\u00e4sm\u00e4\u00e4\n\t\t\t\t\t<\/a>\n\t\t\t<a href=\"https:\/\/eufortrisomy21.eu\/fi\/21march20\/research\/\" target=\"_self\" role=\"button\" rel=\"noopener\">\n\t\t\t\t\t\t\tTutkimus\n\t\t\t\t\t<\/a>","protected":false},"excerpt":{"rendered":"<p>On March 21, even in the midst of the health crisis, we can honour World Down Syndrome Day with Members&hellip;<\/p>","protected":false},"author":2,"featured_media":0,"parent":0,"menu_order":10,"comment_status":"closed","ping_status":"closed","template":"","meta":{"_acf_changed":false,"footnotes":""},"class_list":["post-14422","page","type-page","status-publish","hentry"],"acf":[],"_links":{"self":[{"href":"https:\/\/eufortrisomy21.eu\/fi\/wp-json\/wp\/v2\/pages\/14422"}],"collection":[{"href":"https:\/\/eufortrisomy21.eu\/fi\/wp-json\/wp\/v2\/pages"}],"about":[{"href":"https:\/\/eufortrisomy21.eu\/fi\/wp-json\/wp\/v2\/types\/page"}],"author":[{"embeddable":true,"href":"https:\/\/eufortrisomy21.eu\/fi\/wp-json\/wp\/v2\/users\/2"}],"replies":[{"embeddable":true,"href":"https:\/\/eufortrisomy21.eu\/fi\/wp-json\/wp\/v2\/comments?post=14422"}],"version-history":[{"count":0,"href":"https:\/\/eufortrisomy21.eu\/fi\/wp-json\/wp\/v2\/pages\/14422\/revisions"}],"wp:attachment":[{"href":"https:\/\/eufortrisomy21.eu\/fi\/wp-json\/wp\/v2\/media?parent=14422"}],"curies":[{"name":"wp","href":"https:\/\/api.w.org\/{rel}","templated":true}]}}

<h1>
		
	</h1>
<h2>
		21. maaliskuuta, jopa keskellä terveyskriisiä, voimme kunnioittaa maailman Downin oireyhtymän päivää Euroopan parlamentin jäsenten ja tutkijoiden kanssa
	</h2>
	<p>Downin oireyhtymän maailmanpäivänä 21. maaliskuuta<sup>st</sup>, useita tapahtumia suunniteltiin Euroopan parlamentissa, peruttu Covid-19-terveyskriisin takia.</p>
<p>Tästä huolimatta, <strong>yli 100 Euroopan parlamentin jäsentä</strong> (MEPs) &#8211; willing to honour persons with Down syndrome on this special day &#8211; <strong>ovat allekirjoittaneet julistuksen</strong> vahvistamalla Downin oireyhtymää sairastavien rakkaidemme ihmisarvon ja luovuttamattomat oikeudet. Kaikki poliittiset ryhmät ovat edustettuina (GUE, S&amp;D, Vihreät, Renew, EPP, ECR, ID ja NA).</p>
<p><strong>Eurooppalaiset tutkijat</strong>, who were invited by MEPs to publicly present their works in the European Parliament, have written &#8211; alongside with other experts &#8211; <strong>toim</strong>:</p>
<strong>&#8220;Looking for Down syndrome treatment:<br />
an inspiring scientific project which deserves EU&#8217;s political will&#8221;</strong>
<p>Se julkaistaan eurooppalaisissa sanomalehdissä Downin oireyhtymän maailmanpäivänä. Tämä artikkeli tiivistää terapeuttisen tutkimuksen tavoitteet ja läpimurrot: vähentää vammaisuutta ja parantaa Downin oireyhtymää sairastavien ihmisten elämänlaatua ja itsenäisyyttä. Lisätietoja tieteellisistä läpimurtoista on saatavana liitteenä kolme tiivistelmää.</p>
<p>Let&#8217;s follow <em>Trisomian Eurooppa 21</em> sosiaalisessa mediassa.</p>
			<a href="https://eufortrisomy21.eu/fi/21march20/declaration/" target="_self" role="button" rel="noopener">
							JULISTUS ja allekirjoittaneet parlamentin jäsenet
					</a>
			<a href="https://eufortrisomy21.eu/fi/21march20/challenge/" target="_self" role="button" rel="noopener">
							Sukat eivät täsmää
					</a>
			<a href="https://eufortrisomy21.eu/fi/21march20/research/" target="_self" role="button" rel="noopener">
							Tutkimus
					</a>
