{"id":14534,"date":"2020-03-19T20:48:33","date_gmt":"2020-03-19T19:48:33","guid":{"rendered":"https:\/\/eufortrisomy21.eu\/?page_id=14534"},"modified":"2022-02-01T23:47:47","modified_gmt":"2022-02-01T22:47:47","slug":"challenge","status":"publish","type":"page","link":"https:\/\/eufortrisomy21.eu\/fi\/21march20\/challenge\/","title":{"rendered":"Haaste"},"content":{"rendered":"<h1>\n\t\t\n\t<\/h1>\n<h2>\n\t\tSukat eiv\u00e4t t\u00e4sm\u00e4\u00e4\n\t<\/h2>\n\t\t\t\t\t\t<img decoding=\"async\" src=\"https:\/\/i.ytimg.com\/vi\/QZ3elhGVp_Q\/maxresdefault.jpg\"  \/>\n\t<p>Viisi perhett\u00e4 Belgiasta, Ranskasta, Italiasta, Espanjasta ja Puolasta on haastanut Euroopan parlamentin j\u00e4senet sukkiensa yhteensopimattomuudesta tukemaan maailman Downin oireyhtym\u00e4p\u00e4iv\u00e4n juhlimista, mik\u00e4 tarkoittaa, ett\u00e4 Downin oireyhtym\u00e4ss\u00e4 olevat ihmiset voivat olla erilaisia (kuten sukat), mutta ne rikastuttavat yhteiskuntaamme kauneimmalla tavalla.<\/p>\n<p>T\u00e4m\u00e4 verkkokampanja valmistaa maailman Downin oireyhtym\u00e4n p\u00e4iv\u00e4\u00e4, jota vietet\u00e4\u00e4n kuten joka vuosi 21. maaliskuuta.<\/p>\n<p>EU for Trisomy 21 on yhteisty\u00f6ss\u00e4 monien muiden kansalaisj\u00e4rjest\u00f6jen ja parlamentin j\u00e4senten kanssa j\u00e4rjest\u00e4nyt useita toimintoja t\u00e4h\u00e4n erityistapahtumaan Euroopan parlamentissa. Valitettavasti parlamentin sis\u00e4tiloissa t\u00e4t\u00e4 juhlaa varten suunnitellut toimet on keskeytetty Covid-19: n ohjeiden vuoksi.<\/p>\n\t<p>Vastaamattomien sukkien sosiaalisen median kampanja jatkuu kuitenkin siit\u00e4 l\u00e4htien, kun t\u00e4n\u00e4\u00e4n k\u00e4ynnistet\u00e4\u00e4n video viidest\u00e4 Downin oireyhtym\u00e4\u00e4 sairastavasta henkil\u00f6st\u00e4 ja heid\u00e4n perheist\u00e4\u00e4n.<\/p>\n<p>T\u00e4m\u00e4n kampanjan aikana parlamentin j\u00e4senet saavat lyhyen muistion Euroopan unionin toiminnan tarpeista terveyden, koulutuksen, tasa-arvon ja tutkimuksen alalla Downin oireyhtym\u00e4\u00e4 sairastavien ja heid\u00e4n perheidens\u00e4 ongelmien ratkaisemiseksi.<\/p>\n<p>EU for Trisomy 21 kutsuu sinut yst\u00e4v\u00e4llisesti liittym\u00e4\u00e4n yhteensopimattomiin sukkakampanjoihin l\u00e4hett\u00e4m\u00e4ll\u00e4 valokuvasi tai videosi Twitteriin, Facebookiin tai Instagramiin hashtageilla #EUforTrisomy21 #WDSD20 ja #WorldDownSyndromeDay.<\/p>\n<p>Lis\u00e4tietoja: <a href=\"mailto:antonio@eufortrisomy21.eu\">antonio@eufortrisomy21.eu<\/a><\/p>","protected":false},"excerpt":{"rendered":"<p>Mismatched socks challenge Five families from Belgium, France, Italy, Spain and Poland has challenged the Members of the European Parliament&hellip;<\/p>","protected":false},"author":2,"featured_media":0,"parent":14422,"menu_order":0,"comment_status":"closed","ping_status":"closed","template":"","meta":{"_acf_changed":false,"footnotes":""},"class_list":["post-14534","page","type-page","status-publish","hentry"],"acf":[],"_links":{"self":[{"href":"https:\/\/eufortrisomy21.eu\/fi\/wp-json\/wp\/v2\/pages\/14534"}],"collection":[{"href":"https:\/\/eufortrisomy21.eu\/fi\/wp-json\/wp\/v2\/pages"}],"about":[{"href":"https:\/\/eufortrisomy21.eu\/fi\/wp-json\/wp\/v2\/types\/page"}],"author":[{"embeddable":true,"href":"https:\/\/eufortrisomy21.eu\/fi\/wp-json\/wp\/v2\/users\/2"}],"replies":[{"embeddable":true,"href":"https:\/\/eufortrisomy21.eu\/fi\/wp-json\/wp\/v2\/comments?post=14534"}],"version-history":[{"count":0,"href":"https:\/\/eufortrisomy21.eu\/fi\/wp-json\/wp\/v2\/pages\/14534\/revisions"}],"up":[{"embeddable":true,"href":"https:\/\/eufortrisomy21.eu\/fi\/wp-json\/wp\/v2\/pages\/14422"}],"wp:attachment":[{"href":"https:\/\/eufortrisomy21.eu\/fi\/wp-json\/wp\/v2\/media?parent=14534"}],"curies":[{"name":"wp","href":"https:\/\/api.w.org\/{rel}","templated":true}]}}

<h1>
		
	</h1>
<h2>
		Sukat eivät täsmää
	</h2>
						<img decoding="async" src="https://i.ytimg.com/vi/QZ3elhGVp_Q/maxresdefault.jpg"  />
	<p>Viisi perhettä Belgiasta, Ranskasta, Italiasta, Espanjasta ja Puolasta on haastanut Euroopan parlamentin jäsenet sukkiensa yhteensopimattomuudesta tukemaan maailman Downin oireyhtymäpäivän juhlimista, mikä tarkoittaa, että Downin oireyhtymässä olevat ihmiset voivat olla erilaisia (kuten sukat), mutta ne rikastuttavat yhteiskuntaamme kauneimmalla tavalla.</p>
<p>Tämä verkkokampanja valmistaa maailman Downin oireyhtymän päivää, jota vietetään kuten joka vuosi 21. maaliskuuta.</p>
<p>EU for Trisomy 21 on yhteistyössä monien muiden kansalaisjärjestöjen ja parlamentin jäsenten kanssa järjestänyt useita toimintoja tähän erityistapahtumaan Euroopan parlamentissa. Valitettavasti parlamentin sisätiloissa tätä juhlaa varten suunnitellut toimet on keskeytetty Covid-19: n ohjeiden vuoksi.</p>
	<p>Vastaamattomien sukkien sosiaalisen median kampanja jatkuu kuitenkin siitä lähtien, kun tänään käynnistetään video viidestä Downin oireyhtymää sairastavasta henkilöstä ja heidän perheistään.</p>
<p>Tämän kampanjan aikana parlamentin jäsenet saavat lyhyen muistion Euroopan unionin toiminnan tarpeista terveyden, koulutuksen, tasa-arvon ja tutkimuksen alalla Downin oireyhtymää sairastavien ja heidän perheidensä ongelmien ratkaisemiseksi.</p>
<p>EU for Trisomy 21 kutsuu sinut ystävällisesti liittymään yhteensopimattomiin sukkakampanjoihin lähettämällä valokuvasi tai videosi Twitteriin, Facebookiin tai Instagramiin hashtageilla #EUforTrisomy21 #WDSD20 ja #WorldDownSyndromeDay.</p>
<p>Lisätietoja: <a href="mailto:antonio@eufortrisomy21.eu">antonio@eufortrisomy21.eu</a></p>
