{"id":30939,"date":"2021-02-19T17:17:24","date_gmt":"2021-02-19T16:17:24","guid":{"rendered":"https:\/\/eufortrisomy21.eu\/?page_id=30939"},"modified":"2025-08-19T20:39:53","modified_gmt":"2025-08-19T18:39:53","slug":"news","status":"publish","type":"page","link":"https:\/\/eufortrisomy21.eu\/fi\/news\/","title":{"rendered":"Uutiset"},"content":{"rendered":"<h1><\/h1>\r\n<p>Kaikki viestit<\/p>\r\n<ul>\r\n<li tabindex=\"0\" data-filter=\"*\" aria-label=\"Kaikki viestit\">Kaikki viestit<\/li>\r\n<li tabindex=\"0\" data-filter=\".category-21-march-21\" data-term=\"21-march-21\" data-item-count=\"8\" aria-label=\"21. maaliskuuta 21\">21. maaliskuuta 21<\/li>\r\n<\/ul>\r\n<h3>EU for Trisomy 21 osallistuu kansalaisten kuulemiseen Euroopan tulevaisuutta varten<\/h3>\r\n<p>12 July 2021 \u00a0 Improving the visibility of people with Down syndrome in Europe Following our online conference on the 8th of July 2021 on improving the visibility of people with Down syndrome,&#8230;<\/p>\r\n<h3>Verkkokonferenssi - 8. hein\u00e4kuuta 2021 - Downin oireyhtym\u00e4\u00e4 sairastavien ihmisten n\u00e4kyvyyden parantaminen<\/h3>\r\n<p>24 June 2021 \u00a0 \u00a0 \u00a0 \u00a0 Improving the visibility of people with Down syndrome: an emergency for Europe. Why? How? Improving the visibility of people with Down syndrome in Europe should be&#8230;<\/p>\r\n<h3>Press release : On March 21st, Europe is honouring persons with Down&#8217;s syndrome<\/h3>\r\n<p>19 March 2021 Press release Brussels March 19th 2021 \u00a0 On March 21st, Europe is honouring persons with Down&#8217;s syndrome :\u00a0\u00a0citizens and political leaders are invited to celebrate the International Day of Trisomy&#8230;<\/p>\r\n<h3>Trisomy 21: Mit\u00e4 Eurooppa voi tehd\u00e4? - Ohjelma<\/h3>\r\n<p>16 March 2021 Trisomy 21\u00a0: What Europe can do? Visibility, inclusion, autonomy: essentials issues for people with Trisomy 21 \u00a0 Date: Thursday 18th of March 2021 &#8211; 2 pm Place: Online conference Registration&#8230;<\/p>\r\n<h3>Lehdist\u00f6tiedote: Keskity (online) KONFERENSSIIN<\/h3>\r\n<p>11 March 2021 Press release Brussels March 10th 2021 \u00a0 3 projects to celebrate World Down Syndrome Day \u00a0 Focus on the (online) CONFERENCE \u00a0Trisomy 21: What can Europe do ? \u00a0To celebrate&#8230;<\/p>\r\n<h3>Lehdist\u00f6tiedote: Yksi tanssihaaste liitty\u00e4ksesi juhlaan!<\/h3>\r\n<p>9 March 2021 Press release Brussels March 3rd 2021 \u00a0 Let&#8217;s celebrate together the 21st of March 1 Dancing challenge to join in the celebration! The next International Day of Trisomy 21 will&#8230;<\/p>\r\n<h3>Lehdist\u00f6tiedote: Keskity Euroopan parlamentin j\u00e4senten sponsorointiprojektiin<\/h3>\r\n<p>2 March 2021 Press release Brussels February 26th 2021 \u00a0 3 projects to celebrate the 21st of March 2021 Focus on the sponsorship project from Members of the European Parliament: an invitation to&#8230;<\/p>\r\n<h3>Lehdist\u00f6tiedote: Keskity 21. maaliskuuta 2021. Vietet\u00e4\u00e4n maailman Downin oireyhtym\u00e4n p\u00e4iv\u00e4\u00e4 Euroopassa!<\/h3>\r\n<p>19 February 2021 The next edition of World Down Syndrome Day (21st of March as decided by United Nation) calls for a special momentum since it takes place in 2021 and Down Syndrome&#8230;<\/p>\r\n<!-- .pp-content-posts -->\r\n<p><img loading=\"lazy\" decoding=\"async\" title=\"Logo_EUforTrisomy21\" src=\"https:\/\/eufortrisomy21.eu\/wp-content\/uploads\/2021\/03\/Logo_EUforTrisomy21.svg\" alt=\"Logo_EUforTrisomy21\" width=\"150\" height=\"150\" \/><\/p>\r\n<h2>Tietoa henkil\u00f6st\u00e4 Eufortrisomy21.eu<\/h2>\r\n<p>Foorumi yhdistysten, kansalaisten ja poliitikkojen yhteisty\u00f6lle, jotka ty\u00f6skentelev\u00e4t yhdess\u00e4 maailman Downin oireyhtym\u00e4n p\u00e4iv\u00e4n juhlimiseksi, jotta yleisesti havaitaan \u00e4lyllinen vamma ja erityisesti trisomia 21 sairastavat henkil\u00f6t (yleisin geneettisen alkuper\u00e4n \u00e4lyllinen vamma, jota kutsutaan my\u00f6s Downin oireyhtym\u00e4ksi) ).<\/p>\r\n<p><a role=\"button\" href=\"https:\/\/eufortrisomy21.eu\/fi\/about\/\" target=\"_self\" rel=\"noopener\"> Lis\u00e4\u00e4 tietoa <\/a><\/p>","protected":false},"excerpt":{"rendered":"<p>All posts All posts 21 March 21 EU for Trisomy 21 takes part in the citizen consultation for the Future&hellip;<\/p>","protected":false},"author":2,"featured_media":0,"parent":0,"menu_order":0,"comment_status":"closed","ping_status":"closed","template":"","meta":{"_acf_changed":false,"footnotes":""},"class_list":["post-30939","page","type-page","status-publish","hentry"],"acf":[],"_links":{"self":[{"href":"https:\/\/eufortrisomy21.eu\/fi\/wp-json\/wp\/v2\/pages\/30939"}],"collection":[{"href":"https:\/\/eufortrisomy21.eu\/fi\/wp-json\/wp\/v2\/pages"}],"about":[{"href":"https:\/\/eufortrisomy21.eu\/fi\/wp-json\/wp\/v2\/types\/page"}],"author":[{"embeddable":true,"href":"https:\/\/eufortrisomy21.eu\/fi\/wp-json\/wp\/v2\/users\/2"}],"replies":[{"embeddable":true,"href":"https:\/\/eufortrisomy21.eu\/fi\/wp-json\/wp\/v2\/comments?post=30939"}],"version-history":[{"count":1,"href":"https:\/\/eufortrisomy21.eu\/fi\/wp-json\/wp\/v2\/pages\/30939\/revisions"}],"predecessor-version":[{"id":34602,"href":"https:\/\/eufortrisomy21.eu\/fi\/wp-json\/wp\/v2\/pages\/30939\/revisions\/34602"}],"wp:attachment":[{"href":"https:\/\/eufortrisomy21.eu\/fi\/wp-json\/wp\/v2\/media?parent=30939"}],"curies":[{"name":"wp","href":"https:\/\/api.w.org\/{rel}","templated":true}]}}

<h1></h1>
<p>Kaikki viestit</p>
<ul>
<li tabindex="0" data-filter="*" aria-label="Kaikki viestit">Kaikki viestit</li>
<li tabindex="0" data-filter=".category-21-march-21" data-term="21-march-21" data-item-count="8" aria-label="21. maaliskuuta 21">21. maaliskuuta 21</li>
</ul>
<h3>EU for Trisomy 21 osallistuu kansalaisten kuulemiseen Euroopan tulevaisuutta varten</h3>
<p>12 July 2021   Improving the visibility of people with Down syndrome in Europe Following our online conference on the 8th of July 2021 on improving the visibility of people with Down syndrome,&#8230;</p>
<h3>Verkkokonferenssi - 8. heinäkuuta 2021 - Downin oireyhtymää sairastavien ihmisten näkyvyyden parantaminen</h3>
<p>24 June 2021         Improving the visibility of people with Down syndrome: an emergency for Europe. Why? How? Improving the visibility of people with Down syndrome in Europe should be&#8230;</p>
<h3>Press release : On March 21st, Europe is honouring persons with Down&#8217;s syndrome</h3>
<p>19 March 2021 Press release Brussels March 19th 2021   On March 21st, Europe is honouring persons with Down&#8217;s syndrome :  citizens and political leaders are invited to celebrate the International Day of Trisomy&#8230;</p>
<h3>Trisomy 21: Mitä Eurooppa voi tehdä? - Ohjelma</h3>
<p>16 March 2021 Trisomy 21 : What Europe can do? Visibility, inclusion, autonomy: essentials issues for people with Trisomy 21   Date: Thursday 18th of March 2021 &#8211; 2 pm Place: Online conference Registration&#8230;</p>
<h3>Lehdistötiedote: Keskity (online) KONFERENSSIIN</h3>
<p>11 March 2021 Press release Brussels March 10th 2021   3 projects to celebrate World Down Syndrome Day   Focus on the (online) CONFERENCE  Trisomy 21: What can Europe do ?  To celebrate&#8230;</p>
<h3>Lehdistötiedote: Yksi tanssihaaste liittyäksesi juhlaan!</h3>
<p>9 March 2021 Press release Brussels March 3rd 2021   Let&#8217;s celebrate together the 21st of March 1 Dancing challenge to join in the celebration! The next International Day of Trisomy 21 will&#8230;</p>
<h3>Lehdistötiedote: Keskity Euroopan parlamentin jäsenten sponsorointiprojektiin</h3>
<p>2 March 2021 Press release Brussels February 26th 2021   3 projects to celebrate the 21st of March 2021 Focus on the sponsorship project from Members of the European Parliament: an invitation to&#8230;</p>
<h3>Lehdistötiedote: Keskity 21. maaliskuuta 2021. Vietetään maailman Downin oireyhtymän päivää Euroopassa!</h3>
<p>19 February 2021 The next edition of World Down Syndrome Day (21st of March as decided by United Nation) calls for a special momentum since it takes place in 2021 and Down Syndrome&#8230;</p>
<!-- .pp-content-posts -->
<p><img loading="lazy" decoding="async" title="Logo_EUforTrisomy21" src="https://eufortrisomy21.eu/wp-content/uploads/2021/03/Logo_EUforTrisomy21.svg" alt="Logo_EUforTrisomy21" width="150" height="150" /></p>
<h2>Tietoa henkilöstä Eufortrisomy21.eu</h2>
<p>Foorumi yhdistysten, kansalaisten ja poliitikkojen yhteistyölle, jotka työskentelevät yhdessä maailman Downin oireyhtymän päivän juhlimiseksi, jotta yleisesti havaitaan älyllinen vamma ja erityisesti trisomia 21 sairastavat henkilöt (yleisin geneettisen alkuperän älyllinen vamma, jota kutsutaan myös Downin oireyhtymäksi) ).</p>
<p><a role="button" href="https://eufortrisomy21.eu/fi/about/" target="_self" rel="noopener"> Lisää tietoa </a></p>
