{"id":29527,"date":"2021-01-08T12:36:53","date_gmt":"2021-01-08T11:36:53","guid":{"rendered":"https:\/\/eufortrisomy21.eu\/?post_type=ngo&#038;p=29527"},"modified":"2021-02-05T23:48:18","modified_gmt":"2021-02-05T22:48:18","slug":"malta-federation-of-organisations-persons-with-disability-mfopd","status":"publish","type":"ngo","link":"https:\/\/eufortrisomy21.eu\/fr\/ngo\/malta-federation-of-organisations-persons-with-disability-mfopd\/","title":{"rendered":"F\u00e9d\u00e9ration maltaise des organisations de personnes handicap\u00e9es (MFOPD)"},"content":{"rendered":"<table border=\"0\" width=\"99%\" cellspacing=\"0\" cellpadding=\"1\" bgcolor=\"#EAEAEA\">\n<tbody>\n<tr>\n<td>\n<table border=\"0\" width=\"100%\" cellspacing=\"0\" cellpadding=\"5\" bgcolor=\"#FFFFFF\">\n<tbody>\n<tr bgcolor=\"#EAF2FA\">\n<td colspan=\"2\"><span style=\"font-family: sans-serif; font-size: 12px;\"><strong>Nom de l&#039;ONG<\/strong><\/span><\/td>\n<\/tr>\n<tr bgcolor=\"#FFFFFF\">\n<td width=\"20\"><\/td>\n<td><span style=\"font-family: sans-serif; font-size: 12px;\">F\u00e9d\u00e9ration maltaise des organisations de personnes handicap\u00e9es (MFOPD)<\/span><\/td>\n<\/tr>\n<tr bgcolor=\"#EAF2FA\">\n<td colspan=\"2\"><span style=\"font-family: sans-serif; font-size: 12px;\"><strong>Pays<\/strong><\/span><\/td>\n<\/tr>\n<tr bgcolor=\"#FFFFFF\">\n<td width=\"20\"><\/td>\n<td><span style=\"font-family: sans-serif; font-size: 12px;\">MALTE<\/span><\/td>\n<\/tr>\n<tr bgcolor=\"#EAF2FA\">\n<td colspan=\"2\"><span style=\"font-family: sans-serif; font-size: 12px;\"><strong>Br\u00e8ve pr\u00e9sentation de l&#039;ONG<\/strong><\/span><\/td>\n<\/tr>\n<tr bgcolor=\"#FFFFFF\">\n<td width=\"20\"><\/td>\n<td><span style=\"font-family: sans-serif; font-size: 12px;\">MFOPD is Malta&#8217;s national umbrella organisation for the disability sector. It was founded 50 years ago with the aim, among others, to bring together associations working in the disability sector and to promote and raise awareness about the different disabilities and their needs.<\/span><\/td>\n<\/tr>\n<tr bgcolor=\"#EAF2FA\">\n<td colspan=\"2\"><span style=\"font-family: sans-serif; font-size: 12px;\"><strong>Contact person&#8217;s first name<\/strong><\/span><\/td>\n<\/tr>\n<tr bgcolor=\"#FFFFFF\">\n<td width=\"20\"><\/td>\n<td><span style=\"font-family: sans-serif; font-size: 12px;\">Marthese<\/span><\/td>\n<\/tr>\n<tr bgcolor=\"#EAF2FA\">\n<td colspan=\"2\"><span style=\"font-family: sans-serif; font-size: 12px;\"><strong>Contact person&#8217;s last name<\/strong><\/span><\/td>\n<\/tr>\n<tr bgcolor=\"#FFFFFF\">\n<td width=\"20\"><\/td>\n<td><span style=\"font-family: sans-serif; font-size: 12px;\">Mugliette<\/span><\/td>\n<\/tr>\n<tr bgcolor=\"#EAF2FA\">\n<td colspan=\"2\"><span style=\"font-family: sans-serif; font-size: 12px;\"><strong>Email<\/strong><\/span><\/td>\n<\/tr>\n<tr bgcolor=\"#FFFFFF\">\n<td width=\"20\"><\/td>\n<td><span style=\"font-family: sans-serif; font-size: 12px;\">marthesemugliette@gmail.com<\/span><\/td>\n<\/tr>\n<tr bgcolor=\"#EAF2FA\">\n<td colspan=\"2\"><span style=\"font-family: sans-serif; font-size: 12px;\"><strong>T\u00e9l\u00e9phone<\/strong><\/span><\/td>\n<\/tr>\n<tr bgcolor=\"#FFFFFF\">\n<td width=\"20\"><\/td>\n<td><span style=\"font-family: sans-serif; font-size: 12px;\">+356 99229418<\/span><\/td>\n<\/tr>\n<tr bgcolor=\"#EAF2FA\">\n<td colspan=\"2\"><span style=\"font-family: sans-serif; font-size: 12px;\"><strong>Ville<\/strong><\/span><\/td>\n<\/tr>\n<tr bgcolor=\"#FFFFFF\">\n<td width=\"20\"><\/td>\n<td><span style=\"font-family: sans-serif; font-size: 12px;\">Sta Venera<\/span><\/td>\n<\/tr>\n<tr bgcolor=\"#EAF2FA\">\n<td colspan=\"2\"><span style=\"font-family: sans-serif; font-size: 12px;\"><strong>I want to register one or more people with Down&#8217;s syndrome<\/strong><\/span><\/td>\n<\/tr>\n<tr bgcolor=\"#FFFFFF\">\n<td width=\"20\"><\/td>\n<td><span style=\"font-family: sans-serif; font-size: 12px;\">Oui, amenez-moi au formulaire d&#039;inscription citoyen soumettant<\/span><\/td>\n<\/tr>\n<tr bgcolor=\"#EAF2FA\">\n<td colspan=\"2\"><span style=\"font-family: sans-serif; font-size: 12px;\"><strong>Contacter optin<\/strong><\/span><\/td>\n<\/tr>\n<tr bgcolor=\"#FFFFFF\">\n<td width=\"20\"><\/td>\n<td>\n<ul class=\"bulleted\">\n<li>Je souhaite \u00eatre contact\u00e9 pour devenir partenaire de l&#039;UE pour la trisomie 21<\/li>\n<\/ul>\n<p>&nbsp;<\/td>\n<\/tr>\n<tr bgcolor=\"#EAF2FA\">\n<td colspan=\"2\"><\/td>\n<\/tr>\n<tr bgcolor=\"#FFFFFF\">\n<td width=\"20\"><\/td>\n<td><span style=\"font-family: sans-serif; font-size: 12px;\"><span style=\"font-family: sans-serif; font-size: 12px;\"><img decoding=\"async\" src=\"https:\/\/eufortrisomy21.eu\/wp-content\/plugins\/gravityforms\/images\/tick.png\" \/> J&#039;accepte la politique de confidentialit\u00e9.<\/span><\/span><\/p>\n<div class=\"gfield_consent_description\">En remplissant ce formulaire, vous acceptez que vos coordonn\u00e9es soient incluses dans le fichier de contact EUfortrisomy21. Veuillez noter que ce fichier reste sous la responsabilit\u00e9 exclusive d&#039;EUfortrisomy21 et qu&#039;il n&#039;est en aucun cas partag\u00e9 avec d&#039;autres entit\u00e9s. Si vous ne souhaitez plus recevoir nos communications \u00e0 l&#039;avenir, d\u00e9sabonnez-vous simplement avec le lien ci-dessous. Vous disposerez \u00e0 tout moment d&#039;un droit d&#039;acc\u00e8s, de rectification ou de suppression des donn\u00e9es vous concernant, et d&#039;un droit d&#039;opposition, ou de limitation de leur traitement. Pour exercer vos droits, vous pouvez nous contacter \u00e0 privacy @ eufortrisomy21. Pour plus d&#039;informations sur la protection de vos donn\u00e9es personnelles: privacy @ eufortrisomy21<\/div>\n<p>&nbsp;<\/td>\n<\/tr>\n<\/tbody>\n<\/table>\n<\/td>\n<\/tr>\n<\/tbody>\n<\/table>","protected":false},"featured_media":0,"template":"","country":[14],"class_list":["post-29527","ngo","type-ngo","status-publish","hentry","country-malta"],"acf":[],"_links":{"self":[{"href":"https:\/\/eufortrisomy21.eu\/fr\/wp-json\/wp\/v2\/ngo\/29527"}],"collection":[{"href":"https:\/\/eufortrisomy21.eu\/fr\/wp-json\/wp\/v2\/ngo"}],"about":[{"href":"https:\/\/eufortrisomy21.eu\/fr\/wp-json\/wp\/v2\/types\/ngo"}],"version-history":[{"count":0,"href":"https:\/\/eufortrisomy21.eu\/fr\/wp-json\/wp\/v2\/ngo\/29527\/revisions"}],"wp:attachment":[{"href":"https:\/\/eufortrisomy21.eu\/fr\/wp-json\/wp\/v2\/media?parent=29527"}],"wp:term":[{"taxonomy":"country","embeddable":true,"href":"https:\/\/eufortrisomy21.eu\/fr\/wp-json\/wp\/v2\/country?post=29527"}],"curies":[{"name":"wp","href":"https:\/\/api.w.org\/{rel}","templated":true}]}}

Fédération maltaise des organisations de personnes handicapées (MFOPD)

<table border="0" width="99%" cellspacing="0" cellpadding="1" bgcolor="#EAEAEA">
<tbody>
<tr>
<td>
<table border="0" width="100%" cellspacing="0" cellpadding="5" bgcolor="#FFFFFF">
<tbody>
<tr bgcolor="#EAF2FA">
<td colspan="2"><span style="font-family: sans-serif; font-size: 12px;"><strong>Nom de l&#039;ONG</strong></span></td>
</tr>
<tr bgcolor="#FFFFFF">
<td width="20"></td>
<td><span style="font-family: sans-serif; font-size: 12px;">Fédération maltaise des organisations de personnes handicapées (MFOPD)</span></td>
</tr>
<tr bgcolor="#EAF2FA">
<td colspan="2"><span style="font-family: sans-serif; font-size: 12px;"><strong>Pays</strong></span></td>
</tr>
<tr bgcolor="#FFFFFF">
<td width="20"></td>
<td><span style="font-family: sans-serif; font-size: 12px;">MALTE</span></td>
</tr>
<tr bgcolor="#EAF2FA">
<td colspan="2"><span style="font-family: sans-serif; font-size: 12px;"><strong>Brève présentation de l&#039;ONG</strong></span></td>
</tr>
<tr bgcolor="#FFFFFF">
<td width="20"></td>
<td><span style="font-family: sans-serif; font-size: 12px;">MFOPD is Malta&#8217;s national umbrella organisation for the disability sector. It was founded 50 years ago with the aim, among others, to bring together associations working in the disability sector and to promote and raise awareness about the different disabilities and their needs.</span></td>
</tr>
<tr bgcolor="#EAF2FA">
<td colspan="2"><span style="font-family: sans-serif; font-size: 12px;"><strong>Contact person&#8217;s first name</strong></span></td>
</tr>
<tr bgcolor="#FFFFFF">
<td width="20"></td>
<td><span style="font-family: sans-serif; font-size: 12px;">Marthese</span></td>
</tr>
<tr bgcolor="#EAF2FA">
<td colspan="2"><span style="font-family: sans-serif; font-size: 12px;"><strong>Contact person&#8217;s last name</strong></span></td>
</tr>
<tr bgcolor="#FFFFFF">
<td width="20"></td>
<td><span style="font-family: sans-serif; font-size: 12px;">Mugliette</span></td>
</tr>
<tr bgcolor="#EAF2FA">
<td colspan="2"><span style="font-family: sans-serif; font-size: 12px;"><strong>Email</strong></span></td>
</tr>
<tr bgcolor="#FFFFFF">
<td width="20"></td>
<td><span style="font-family: sans-serif; font-size: 12px;">marthesemugliette@gmail.com</span></td>
</tr>
<tr bgcolor="#EAF2FA">
<td colspan="2"><span style="font-family: sans-serif; font-size: 12px;"><strong>Téléphone</strong></span></td>
</tr>
<tr bgcolor="#FFFFFF">
<td width="20"></td>
<td><span style="font-family: sans-serif; font-size: 12px;">+356 99229418</span></td>
</tr>
<tr bgcolor="#EAF2FA">
<td colspan="2"><span style="font-family: sans-serif; font-size: 12px;"><strong>Ville</strong></span></td>
</tr>
<tr bgcolor="#FFFFFF">
<td width="20"></td>
<td><span style="font-family: sans-serif; font-size: 12px;">Sta Venera</span></td>
</tr>
<tr bgcolor="#EAF2FA">
<td colspan="2"><span style="font-family: sans-serif; font-size: 12px;"><strong>I want to register one or more people with Down&#8217;s syndrome</strong></span></td>
</tr>
<tr bgcolor="#FFFFFF">
<td width="20"></td>
<td><span style="font-family: sans-serif; font-size: 12px;">Oui, amenez-moi au formulaire d&#039;inscription citoyen soumettant</span></td>
</tr>
<tr bgcolor="#EAF2FA">
<td colspan="2"><span style="font-family: sans-serif; font-size: 12px;"><strong>Contacter optin</strong></span></td>
</tr>
<tr bgcolor="#FFFFFF">
<td width="20"></td>
<td>
<ul class="bulleted">
<li>Je souhaite être contacté pour devenir partenaire de l&#039;UE pour la trisomie 21</li>
</ul>
<p>&nbsp;</td>
</tr>
<tr bgcolor="#EAF2FA">
<td colspan="2"></td>
</tr>
<tr bgcolor="#FFFFFF">
<td width="20"></td>
<td><span style="font-family: sans-serif; font-size: 12px;"><span style="font-family: sans-serif; font-size: 12px;"><img decoding="async" src="https://eufortrisomy21.eu/wp-content/plugins/gravityforms/images/tick.png" /> J&#039;accepte la politique de confidentialité.</span></span></p>
<div class="gfield_consent_description">En remplissant ce formulaire, vous acceptez que vos coordonnées soient incluses dans le fichier de contact EUfortrisomy21. Veuillez noter que ce fichier reste sous la responsabilité exclusive d&#039;EUfortrisomy21 et qu&#039;il n&#039;est en aucun cas partagé avec d&#039;autres entités. Si vous ne souhaitez plus recevoir nos communications à l&#039;avenir, désabonnez-vous simplement avec le lien ci-dessous. Vous disposerez à tout moment d&#039;un droit d&#039;accès, de rectification ou de suppression des données vous concernant, et d&#039;un droit d&#039;opposition, ou de limitation de leur traitement. Pour exercer vos droits, vous pouvez nous contacter à privacy @ eufortrisomy21. Pour plus d&#039;informations sur la protection de vos données personnelles: privacy @ eufortrisomy21</div>
<p>&nbsp;</td>
</tr>
</tbody>
</table>
</td>
</tr>
</tbody>
</table>
