{"id":14422,"date":"2020-02-05T18:29:41","date_gmt":"2020-02-05T17:29:41","guid":{"rendered":"https:\/\/eufortrisomy21.eu\/?page_id=14422"},"modified":"2022-02-01T23:58:37","modified_gmt":"2022-02-01T22:58:37","slug":"21march20","status":"publish","type":"page","link":"https:\/\/eufortrisomy21.eu\/fr\/21march20\/","title":{"rendered":"21 mars 2020"},"content":{"rendered":"<h1>\n\t\t\n\t<\/h1>\n<h2>\n\t\tLe 21 mars, m\u00eame en pleine crise sanitaire, nous pourrons c\u00e9l\u00e9brer la Journ\u00e9e mondiale de la trisomie 21 avec des membres du Parlement europ\u00e9en et des chercheurs\n\t<\/h2>\n\t<p>\u00c0 l&#039;occasion de la Journ\u00e9e mondiale de la trisomie 21 le 21 mars<sup>st<\/sup>, de nombreux \u00e9v\u00e9nements \u00e9taient pr\u00e9vus au sein du Parlement europ\u00e9en, annul\u00e9s en raison de la crise sanitaire du Covid-19.<\/p>\n<p>N\u00e9anmoins, <strong>plus de 100 membres du Parlement europ\u00e9en<\/strong> (MEPs) &#8211; willing to honour persons with Down syndrome on this special day &#8211; <strong>avoir sign\u00e9 une d\u00e9claration<\/strong> affirmant la dignit\u00e9 et les droits inali\u00e9nables de nos proches trisomiques. Tous les groupes politiques sont repr\u00e9sent\u00e9s (GUE, S&amp;D, Verts, Renew, PPE, ECR, ID et NA).<\/p>\n<p><strong>Chercheurs europ\u00e9ens<\/strong>, who were invited by MEPs to publicly present their works in the European Parliament, have written &#8211; alongside with other experts &#8211; <strong>un \u00e9ditorial<\/strong>:<\/p>\n<strong>&#8220;Looking for Down syndrome treatment:<br \/>\nan inspiring scientific project which deserves EU&#8217;s political will&#8221;<\/strong>\n<p>Il sera publi\u00e9 dans les journaux europ\u00e9ens \u00e0 l&#039;occasion de la Journ\u00e9e mondiale de la trisomie 21. Cet article r\u00e9sume les objectifs et les avanc\u00e9es de la recherche th\u00e9rapeutique: r\u00e9duire le handicap et am\u00e9liorer la qualit\u00e9 de vie et l&#039;autonomie des personnes trisomiques. Pour plus d&#039;informations sur les avanc\u00e9es scientifiques, trois r\u00e9sum\u00e9s sont disponibles ci-joint.<\/p>\n<p>Let&#8217;s follow <em>L&#039;Europe pour la trisomie 21<\/em> sur les r\u00e9seaux sociaux.<\/p>\n\t\t\t<a href=\"https:\/\/eufortrisomy21.eu\/fr\/21march20\/declaration\/\" target=\"_self\" role=\"button\" rel=\"noopener\">\n\t\t\t\t\t\t\tD\u00c9CLARATION et signataires des d\u00e9put\u00e9s europ\u00e9ens\n\t\t\t\t\t<\/a>\n\t\t\t<a href=\"https:\/\/eufortrisomy21.eu\/fr\/21march20\/challenge\/\" target=\"_self\" role=\"button\" rel=\"noopener\">\n\t\t\t\t\t\t\tD\u00e9fi chaussettes d\u00e9pareill\u00e9es\n\t\t\t\t\t<\/a>\n\t\t\t<a href=\"https:\/\/eufortrisomy21.eu\/fr\/21march20\/research\/\" target=\"_self\" role=\"button\" rel=\"noopener\">\n\t\t\t\t\t\t\tRecherche\n\t\t\t\t\t<\/a>","protected":false},"excerpt":{"rendered":"<p>On March 21, even in the midst of the health crisis, we can honour World Down Syndrome Day with Members&hellip;<\/p>","protected":false},"author":2,"featured_media":0,"parent":0,"menu_order":10,"comment_status":"closed","ping_status":"closed","template":"","meta":{"_acf_changed":false,"footnotes":""},"class_list":["post-14422","page","type-page","status-publish","hentry"],"acf":[],"_links":{"self":[{"href":"https:\/\/eufortrisomy21.eu\/fr\/wp-json\/wp\/v2\/pages\/14422"}],"collection":[{"href":"https:\/\/eufortrisomy21.eu\/fr\/wp-json\/wp\/v2\/pages"}],"about":[{"href":"https:\/\/eufortrisomy21.eu\/fr\/wp-json\/wp\/v2\/types\/page"}],"author":[{"embeddable":true,"href":"https:\/\/eufortrisomy21.eu\/fr\/wp-json\/wp\/v2\/users\/2"}],"replies":[{"embeddable":true,"href":"https:\/\/eufortrisomy21.eu\/fr\/wp-json\/wp\/v2\/comments?post=14422"}],"version-history":[{"count":0,"href":"https:\/\/eufortrisomy21.eu\/fr\/wp-json\/wp\/v2\/pages\/14422\/revisions"}],"wp:attachment":[{"href":"https:\/\/eufortrisomy21.eu\/fr\/wp-json\/wp\/v2\/media?parent=14422"}],"curies":[{"name":"wp","href":"https:\/\/api.w.org\/{rel}","templated":true}]}}

<h1>
		
	</h1>
<h2>
		Le 21 mars, même en pleine crise sanitaire, nous pourrons célébrer la Journée mondiale de la trisomie 21 avec des membres du Parlement européen et des chercheurs
	</h2>
	<p>À l&#039;occasion de la Journée mondiale de la trisomie 21 le 21 mars<sup>st</sup>, de nombreux événements étaient prévus au sein du Parlement européen, annulés en raison de la crise sanitaire du Covid-19.</p>
<p>Néanmoins, <strong>plus de 100 membres du Parlement européen</strong> (MEPs) &#8211; willing to honour persons with Down syndrome on this special day &#8211; <strong>avoir signé une déclaration</strong> affirmant la dignité et les droits inaliénables de nos proches trisomiques. Tous les groupes politiques sont représentés (GUE, S&amp;D, Verts, Renew, PPE, ECR, ID et NA).</p>
<p><strong>Chercheurs européens</strong>, who were invited by MEPs to publicly present their works in the European Parliament, have written &#8211; alongside with other experts &#8211; <strong>un éditorial</strong>:</p>
<strong>&#8220;Looking for Down syndrome treatment:<br />
an inspiring scientific project which deserves EU&#8217;s political will&#8221;</strong>
<p>Il sera publié dans les journaux européens à l&#039;occasion de la Journée mondiale de la trisomie 21. Cet article résume les objectifs et les avancées de la recherche thérapeutique: réduire le handicap et améliorer la qualité de vie et l&#039;autonomie des personnes trisomiques. Pour plus d&#039;informations sur les avancées scientifiques, trois résumés sont disponibles ci-joint.</p>
<p>Let&#8217;s follow <em>L&#039;Europe pour la trisomie 21</em> sur les réseaux sociaux.</p>
			<a href="https://eufortrisomy21.eu/fr/21march20/declaration/" target="_self" role="button" rel="noopener">
							DÉCLARATION et signataires des députés européens
					</a>
			<a href="https://eufortrisomy21.eu/fr/21march20/challenge/" target="_self" role="button" rel="noopener">
							Défi chaussettes dépareillées
					</a>
			<a href="https://eufortrisomy21.eu/fr/21march20/research/" target="_self" role="button" rel="noopener">
							Recherche
					</a>
