{"id":30939,"date":"2021-02-19T17:17:24","date_gmt":"2021-02-19T16:17:24","guid":{"rendered":"https:\/\/eufortrisomy21.eu\/?page_id=30939"},"modified":"2025-08-19T20:39:53","modified_gmt":"2025-08-19T18:39:53","slug":"news","status":"publish","type":"page","link":"https:\/\/eufortrisomy21.eu\/fr\/news\/","title":{"rendered":"Nouvelles"},"content":{"rendered":"<h1><\/h1>\r\n<p>Tous les messages<\/p>\r\n<ul>\r\n<li tabindex=\"0\" data-filter=\"*\" aria-label=\"Tous les messages\">Tous les messages<\/li>\r\n<li tabindex=\"0\" data-filter=\".category-21-march-21\" data-term=\"21-march-21\" data-item-count=\"8\" aria-label=\"21 mars 21\">21 mars 21<\/li>\r\n<\/ul>\r\n<h3>EU for Trisomy 21 participe \u00e0 la consultation citoyenne pour l&#039;avenir de l&#039;Europe<\/h3>\r\n<p>12 July 2021 \u00a0 Improving the visibility of people with Down syndrome in Europe Following our online conference on the 8th of July 2021 on improving the visibility of people with Down syndrome,&#8230;<\/p>\r\n<h3>Conf\u00e9rence en ligne \u2013 8 juillet 2021 \u2013 Am\u00e9liorer la visibilit\u00e9 des personnes trisomiques<\/h3>\r\n<p>24 June 2021 \u00a0 \u00a0 \u00a0 \u00a0 Improving the visibility of people with Down syndrome: an emergency for Europe. Why? How? Improving the visibility of people with Down syndrome in Europe should be&#8230;<\/p>\r\n<h3>Press release : On March 21st, Europe is honouring persons with Down&#8217;s syndrome<\/h3>\r\n<p>19 March 2021 Press release Brussels March 19th 2021 \u00a0 On March 21st, Europe is honouring persons with Down&#8217;s syndrome :\u00a0\u00a0citizens and political leaders are invited to celebrate the International Day of Trisomy&#8230;<\/p>\r\n<h3>Trisomie 21: que peut faire l&#039;Europe? - Programme<\/h3>\r\n<p>16 March 2021 Trisomy 21\u00a0: What Europe can do? Visibility, inclusion, autonomy: essentials issues for people with Trisomy 21 \u00a0 Date: Thursday 18th of March 2021 &#8211; 2 pm Place: Online conference Registration&#8230;<\/p>\r\n<h3>Communiqu\u00e9 de presse: Focus sur la CONF\u00c9RENCE (en ligne)<\/h3>\r\n<p>11 March 2021 Press release Brussels March 10th 2021 \u00a0 3 projects to celebrate World Down Syndrome Day \u00a0 Focus on the (online) CONFERENCE \u00a0Trisomy 21: What can Europe do ? \u00a0To celebrate&#8230;<\/p>\r\n<h3>Communiqu\u00e9 de presse: Un d\u00e9fi de danse pour participer \u00e0 la c\u00e9l\u00e9bration!<\/h3>\r\n<p>9 March 2021 Press release Brussels March 3rd 2021 \u00a0 Let&#8217;s celebrate together the 21st of March 1 Dancing challenge to join in the celebration! The next International Day of Trisomy 21 will&#8230;<\/p>\r\n<h3>Communiqu\u00e9 de presse: Focus sur le projet de parrainage des d\u00e9put\u00e9s europ\u00e9ens<\/h3>\r\n<p>2 March 2021 Press release Brussels February 26th 2021 \u00a0 3 projects to celebrate the 21st of March 2021 Focus on the sponsorship project from Members of the European Parliament: an invitation to&#8230;<\/p>\r\n<h3>Communiqu\u00e9 de presse: Focus sur le 21 mars 2021. C\u00e9l\u00e9brons la Journ\u00e9e mondiale de la trisomie 21 en Europe!<\/h3>\r\n<p>19 February 2021 The next edition of World Down Syndrome Day (21st of March as decided by United Nation) calls for a special momentum since it takes place in 2021 and Down Syndrome&#8230;<\/p>\r\n<!-- .pp-content-posts -->\r\n<p><img loading=\"lazy\" decoding=\"async\" title=\"Logo_EUforTrisomy21\" src=\"https:\/\/eufortrisomy21.eu\/wp-content\/uploads\/2021\/03\/Logo_EUforTrisomy21.svg\" alt=\"Logo_EUforTrisomy21\" width=\"150\" height=\"150\" \/><\/p>\r\n<h2>\u00c0 propos d&#039;Eufortrisomy21.eu<\/h2>\r\n<p>Une plateforme de collaboration d&#039;associations, de citoyens et d&#039;hommes politiques travaillant ensemble pour la c\u00e9l\u00e9bration de la journ\u00e9e mondiale de la trisomie 21, pour rendre visible le handicap intellectuel en g\u00e9n\u00e9ral et les personnes atteintes de trisomie 21 en particulier ).<\/p>\r\n<p><a role=\"button\" href=\"https:\/\/eufortrisomy21.eu\/fr\/about\/\" target=\"_self\" rel=\"noopener\"> Plus d&#039;information <\/a><\/p>","protected":false},"excerpt":{"rendered":"<p>All posts All posts 21 March 21 EU for Trisomy 21 takes part in the citizen consultation for the Future&hellip;<\/p>","protected":false},"author":2,"featured_media":0,"parent":0,"menu_order":0,"comment_status":"closed","ping_status":"closed","template":"","meta":{"_acf_changed":false,"footnotes":""},"class_list":["post-30939","page","type-page","status-publish","hentry"],"acf":[],"_links":{"self":[{"href":"https:\/\/eufortrisomy21.eu\/fr\/wp-json\/wp\/v2\/pages\/30939"}],"collection":[{"href":"https:\/\/eufortrisomy21.eu\/fr\/wp-json\/wp\/v2\/pages"}],"about":[{"href":"https:\/\/eufortrisomy21.eu\/fr\/wp-json\/wp\/v2\/types\/page"}],"author":[{"embeddable":true,"href":"https:\/\/eufortrisomy21.eu\/fr\/wp-json\/wp\/v2\/users\/2"}],"replies":[{"embeddable":true,"href":"https:\/\/eufortrisomy21.eu\/fr\/wp-json\/wp\/v2\/comments?post=30939"}],"version-history":[{"count":1,"href":"https:\/\/eufortrisomy21.eu\/fr\/wp-json\/wp\/v2\/pages\/30939\/revisions"}],"predecessor-version":[{"id":34602,"href":"https:\/\/eufortrisomy21.eu\/fr\/wp-json\/wp\/v2\/pages\/30939\/revisions\/34602"}],"wp:attachment":[{"href":"https:\/\/eufortrisomy21.eu\/fr\/wp-json\/wp\/v2\/media?parent=30939"}],"curies":[{"name":"wp","href":"https:\/\/api.w.org\/{rel}","templated":true}]}}

<h1></h1>
<p>Tous les messages</p>
<ul>
<li tabindex="0" data-filter="*" aria-label="Tous les messages">Tous les messages</li>
<li tabindex="0" data-filter=".category-21-march-21" data-term="21-march-21" data-item-count="8" aria-label="21 mars 21">21 mars 21</li>
</ul>
<h3>EU for Trisomy 21 participe à la consultation citoyenne pour l&#039;avenir de l&#039;Europe</h3>
<p>12 July 2021   Improving the visibility of people with Down syndrome in Europe Following our online conference on the 8th of July 2021 on improving the visibility of people with Down syndrome,&#8230;</p>
<h3>Conférence en ligne – 8 juillet 2021 – Améliorer la visibilité des personnes trisomiques</h3>
<p>24 June 2021         Improving the visibility of people with Down syndrome: an emergency for Europe. Why? How? Improving the visibility of people with Down syndrome in Europe should be&#8230;</p>
<h3>Press release : On March 21st, Europe is honouring persons with Down&#8217;s syndrome</h3>
<p>19 March 2021 Press release Brussels March 19th 2021   On March 21st, Europe is honouring persons with Down&#8217;s syndrome :  citizens and political leaders are invited to celebrate the International Day of Trisomy&#8230;</p>
<h3>Trisomie 21: que peut faire l&#039;Europe? - Programme</h3>
<p>16 March 2021 Trisomy 21 : What Europe can do? Visibility, inclusion, autonomy: essentials issues for people with Trisomy 21   Date: Thursday 18th of March 2021 &#8211; 2 pm Place: Online conference Registration&#8230;</p>
<h3>Communiqué de presse: Focus sur la CONFÉRENCE (en ligne)</h3>
<p>11 March 2021 Press release Brussels March 10th 2021   3 projects to celebrate World Down Syndrome Day   Focus on the (online) CONFERENCE  Trisomy 21: What can Europe do ?  To celebrate&#8230;</p>
<h3>Communiqué de presse: Un défi de danse pour participer à la célébration!</h3>
<p>9 March 2021 Press release Brussels March 3rd 2021   Let&#8217;s celebrate together the 21st of March 1 Dancing challenge to join in the celebration! The next International Day of Trisomy 21 will&#8230;</p>
<h3>Communiqué de presse: Focus sur le projet de parrainage des députés européens</h3>
<p>2 March 2021 Press release Brussels February 26th 2021   3 projects to celebrate the 21st of March 2021 Focus on the sponsorship project from Members of the European Parliament: an invitation to&#8230;</p>
<h3>Communiqué de presse: Focus sur le 21 mars 2021. Célébrons la Journée mondiale de la trisomie 21 en Europe!</h3>
<p>19 February 2021 The next edition of World Down Syndrome Day (21st of March as decided by United Nation) calls for a special momentum since it takes place in 2021 and Down Syndrome&#8230;</p>
<!-- .pp-content-posts -->
<p><img loading="lazy" decoding="async" title="Logo_EUforTrisomy21" src="https://eufortrisomy21.eu/wp-content/uploads/2021/03/Logo_EUforTrisomy21.svg" alt="Logo_EUforTrisomy21" width="150" height="150" /></p>
<h2>À propos d&#039;Eufortrisomy21.eu</h2>
<p>Une plateforme de collaboration d&#039;associations, de citoyens et d&#039;hommes politiques travaillant ensemble pour la célébration de la journée mondiale de la trisomie 21, pour rendre visible le handicap intellectuel en général et les personnes atteintes de trisomie 21 en particulier ).</p>
<p><a role="button" href="https://eufortrisomy21.eu/fr/about/" target="_self" rel="noopener"> Plus d&#039;information </a></p>
