{"id":29713,"date":"2021-01-17T19:48:35","date_gmt":"2021-01-17T18:48:35","guid":{"rendered":"https:\/\/eufortrisomy21.eu\/?post_type=ngo&#038;p=29713"},"modified":"2021-02-05T23:48:16","modified_gmt":"2021-02-05T22:48:16","slug":"asociatia-down-plus-bucuresti","status":"publish","type":"ngo","link":"https:\/\/eufortrisomy21.eu\/hu\/ngo\/asociatia-down-plus-bucuresti\/","title":{"rendered":"Asociatia Down Plus Bucure\u0219ti"},"content":{"rendered":"<table border=\"0\" width=\"99%\" cellspacing=\"0\" cellpadding=\"1\" bgcolor=\"#EAEAEA\">\n<tbody>\n<tr>\n<td>\n<table border=\"0\" width=\"100%\" cellspacing=\"0\" cellpadding=\"5\" bgcolor=\"#FFFFFF\">\n<tbody>\n<tr bgcolor=\"#EAF2FA\">\n<td colspan=\"2\"><span style=\"font-family: sans-serif; font-size: 12px;\"><strong>Name of the NGO<\/strong><\/span><\/td>\n<\/tr>\n<tr bgcolor=\"#FFFFFF\">\n<td width=\"20\"><\/td>\n<td><span style=\"font-family: sans-serif; font-size: 12px;\">Asociatia Down Plus Bucure\u0219ti<\/span><\/td>\n<\/tr>\n<tr bgcolor=\"#EAF2FA\">\n<td colspan=\"2\"><span style=\"font-family: sans-serif; font-size: 12px;\"><strong>Logo<\/strong><\/span><\/td>\n<\/tr>\n<tr bgcolor=\"#FFFFFF\">\n<td width=\"20\"><\/td>\n<td>\n<ul>\n<li><a href=\"https:\/\/eufortrisomy21.eu\/wp-content\/uploads\/2021\/01\/Logo-asociatie.jpg\" target=\"_blank\" rel=\"noopener\" aria-label=\"Click to view\">Logo-asociatie.jpg<\/a><\/li>\n<\/ul>\n<p>&nbsp;<\/td>\n<\/tr>\n<tr bgcolor=\"#EAF2FA\">\n<td colspan=\"2\"><span style=\"font-family: sans-serif; font-size: 12px;\"><strong>Orsz\u00e1g<\/strong><\/span><\/td>\n<\/tr>\n<tr bgcolor=\"#FFFFFF\">\n<td width=\"20\"><\/td>\n<td><span style=\"font-family: sans-serif; font-size: 12px;\">ROM\u00c1NIA<\/span><\/td>\n<\/tr>\n<tr bgcolor=\"#EAF2FA\">\n<td colspan=\"2\"><span style=\"font-family: sans-serif; font-size: 12px;\"><strong>Short presentation of the NGO<\/strong><\/span><\/td>\n<\/tr>\n<tr bgcolor=\"#FFFFFF\">\n<td width=\"20\"><\/td>\n<td><span style=\"font-family: sans-serif; font-size: 12px;\">A civil szervezet hozz\u00e1j\u00e1rul a Down-szindr\u00f3m\u00e1s emberek tart\u00f3s fejl\u0151d\u00e9s\u00e9hez. Csal\u00e1dunkban 50 szuperh\u0151s van, \u00e9s napi tev\u00e9kenys\u00e9get folytatunk (torna, t\u00e1nc, sz\u00ednh\u00e1z, zene, foci, \u00fasz\u00e1s stb.), de az orsz\u00e1g minden t\u00e1j\u00e1r\u00f3l szervez\u00fcnk kultur\u00e1lis \u00e9s sportrendezv\u00e9nyeket bar\u00e1tainknak.<\/span><\/td>\n<\/tr>\n<tr bgcolor=\"#EAF2FA\">\n<td colspan=\"2\"><span style=\"font-family: sans-serif; font-size: 12px;\"><strong>Contact person&#8217;s first name<\/strong><\/span><\/td>\n<\/tr>\n<tr bgcolor=\"#FFFFFF\">\n<td width=\"20\"><\/td>\n<td><span style=\"font-family: sans-serif; font-size: 12px;\">Georgeta<\/span><\/td>\n<\/tr>\n<tr bgcolor=\"#EAF2FA\">\n<td colspan=\"2\"><span style=\"font-family: sans-serif; font-size: 12px;\"><strong>Contact person&#8217;s last name<\/strong><\/span><\/td>\n<\/tr>\n<tr bgcolor=\"#FFFFFF\">\n<td width=\"20\"><\/td>\n<td><span style=\"font-family: sans-serif; font-size: 12px;\">Bucur<\/span><\/td>\n<\/tr>\n<tr bgcolor=\"#EAF2FA\">\n<td colspan=\"2\"><span style=\"font-family: sans-serif; font-size: 12px;\"><strong>Email<\/strong><\/span><\/td>\n<\/tr>\n<tr bgcolor=\"#FFFFFF\">\n<td width=\"20\"><\/td>\n<td><span style=\"font-family: sans-serif; font-size: 12px;\">georgetabucur1969@gmail.com<\/span><\/td>\n<\/tr>\n<tr bgcolor=\"#EAF2FA\">\n<td colspan=\"2\"><span style=\"font-family: sans-serif; font-size: 12px;\"><strong>Telefon<\/strong><\/span><\/td>\n<\/tr>\n<tr bgcolor=\"#FFFFFF\">\n<td width=\"20\"><\/td>\n<td><span style=\"font-family: sans-serif; font-size: 12px;\">+40730370290<\/span><\/td>\n<\/tr>\n<tr bgcolor=\"#EAF2FA\">\n<td colspan=\"2\"><span style=\"font-family: sans-serif; font-size: 12px;\"><strong>V\u00e1ros<\/strong><\/span><\/td>\n<\/tr>\n<tr bgcolor=\"#FFFFFF\">\n<td width=\"20\"><\/td>\n<td><span style=\"font-family: sans-serif; font-size: 12px;\">Bucharest<\/span><\/td>\n<\/tr>\n<tr bgcolor=\"#EAF2FA\">\n<td colspan=\"2\"><span style=\"font-family: sans-serif; font-size: 12px;\"><strong>I want to register one or more people with Down&#8217;s syndrome<\/strong><\/span><\/td>\n<\/tr>\n<tr bgcolor=\"#FFFFFF\">\n<td width=\"20\"><\/td>\n<td><span style=\"font-family: sans-serif; font-size: 12px;\">Yes, bring me to the citizen registration form submitting<\/span><\/td>\n<\/tr>\n<tr bgcolor=\"#EAF2FA\">\n<td colspan=\"2\"><span style=\"font-family: sans-serif; font-size: 12px;\"><strong>Contact optin<\/strong><\/span><\/td>\n<\/tr>\n<tr bgcolor=\"#FFFFFF\">\n<td width=\"20\"><\/td>\n<td>\n<ul class=\"bulleted\">\n<li>I would like to be contacted to become a partner of EU for Trisomy 21<\/li>\n<\/ul>\n<p>&nbsp;<\/td>\n<\/tr>\n<tr bgcolor=\"#EAF2FA\">\n<td colspan=\"2\"><\/td>\n<\/tr>\n<tr bgcolor=\"#FFFFFF\">\n<td width=\"20\"><\/td>\n<td><span style=\"font-family: sans-serif; font-size: 12px;\"><span style=\"font-family: sans-serif; font-size: 12px;\"><img decoding=\"async\" src=\"https:\/\/eufortrisomy21.eu\/wp-content\/plugins\/gravityforms\/images\/tick.png\" \/> Elfogadom az adatv\u00e9delmi ir\u00e1nyelveket.<\/span><\/span><\/p>\n<div class=\"gfield_consent_description\">Ennek az \u0171rlapnak a kit\u00f6lt\u00e9s\u00e9vel elfogadja, hogy el\u00e9rhet\u0151s\u00e9gi adatait az EUfortrisomy21 kapcsolattart\u00f3 f\u00e1jl tartalmazza. Felh\u00edvjuk figyelm\u00e9t, hogy ez a f\u00e1jl az EUfortrisomy21 kiz\u00e1r\u00f3lagos felel\u0151ss\u00e9ge, \u00e9s semmilyen k\u00f6r\u00fclm\u00e9nyek k\u00f6z\u00f6tt nem oszlik meg m\u00e1s szervezetekkel. Ha a j\u00f6v\u0151ben m\u00e1r nem k\u00edv\u00e1nja megkapni a kommunik\u00e1ci\u00f3nkat, egyszer\u0171en iratkozzon le a linkre. \u00d6nnek b\u00e1rmikor joga lesz hozz\u00e1f\u00e9rni, kijav\u00edtani vagy t\u00f6r\u00f6lni az \u00d6nre vonatkoz\u00f3 adatokat, valamint jogot \u00e1ll tiltakozni vagy korl\u00e1tozni azok feldolgoz\u00e1s\u00e1t. Jogainak gyakorl\u00e1s\u00e1hoz l\u00e9pjen vel\u00fcnk kapcsolatba a privacy @ eufortrisomy21 c\u00edmen. Tov\u00e1bbi inform\u00e1ci\u00f3 a szem\u00e9lyes adatok v\u00e9delm\u00e9r\u0151l: privacy @ eufortrisomy21<\/div>\n<p>&nbsp;<\/td>\n<\/tr>\n<\/tbody>\n<\/table>\n<\/td>\n<\/tr>\n<\/tbody>\n<\/table>","protected":false},"featured_media":0,"template":"","country":[27],"class_list":["post-29713","ngo","type-ngo","status-publish","hentry","country-romania"],"acf":[],"_links":{"self":[{"href":"https:\/\/eufortrisomy21.eu\/hu\/wp-json\/wp\/v2\/ngo\/29713"}],"collection":[{"href":"https:\/\/eufortrisomy21.eu\/hu\/wp-json\/wp\/v2\/ngo"}],"about":[{"href":"https:\/\/eufortrisomy21.eu\/hu\/wp-json\/wp\/v2\/types\/ngo"}],"version-history":[{"count":0,"href":"https:\/\/eufortrisomy21.eu\/hu\/wp-json\/wp\/v2\/ngo\/29713\/revisions"}],"wp:attachment":[{"href":"https:\/\/eufortrisomy21.eu\/hu\/wp-json\/wp\/v2\/media?parent=29713"}],"wp:term":[{"taxonomy":"country","embeddable":true,"href":"https:\/\/eufortrisomy21.eu\/hu\/wp-json\/wp\/v2\/country?post=29713"}],"curies":[{"name":"wp","href":"https:\/\/api.w.org\/{rel}","templated":true}]}}

Asociatia Down Plus București

<table border="0" width="99%" cellspacing="0" cellpadding="1" bgcolor="#EAEAEA">
<tbody>
<tr>
<td>
<table border="0" width="100%" cellspacing="0" cellpadding="5" bgcolor="#FFFFFF">
<tbody>
<tr bgcolor="#EAF2FA">
<td colspan="2"><span style="font-family: sans-serif; font-size: 12px;"><strong>Name of the NGO</strong></span></td>
</tr>
<tr bgcolor="#FFFFFF">
<td width="20"></td>
<td><span style="font-family: sans-serif; font-size: 12px;">Asociatia Down Plus București</span></td>
</tr>
<tr bgcolor="#EAF2FA">
<td colspan="2"><span style="font-family: sans-serif; font-size: 12px;"><strong>Logo</strong></span></td>
</tr>
<tr bgcolor="#FFFFFF">
<td width="20"></td>
<td>
<ul>
<li><a href="https://eufortrisomy21.eu/wp-content/uploads/2021/01/Logo-asociatie.jpg" target="_blank" rel="noopener" aria-label="Click to view">Logo-asociatie.jpg</a></li>
</ul>
<p>&nbsp;</td>
</tr>
<tr bgcolor="#EAF2FA">
<td colspan="2"><span style="font-family: sans-serif; font-size: 12px;"><strong>Ország</strong></span></td>
</tr>
<tr bgcolor="#FFFFFF">
<td width="20"></td>
<td><span style="font-family: sans-serif; font-size: 12px;">ROMÁNIA</span></td>
</tr>
<tr bgcolor="#EAF2FA">
<td colspan="2"><span style="font-family: sans-serif; font-size: 12px;"><strong>Short presentation of the NGO</strong></span></td>
</tr>
<tr bgcolor="#FFFFFF">
<td width="20"></td>
<td><span style="font-family: sans-serif; font-size: 12px;">A civil szervezet hozzájárul a Down-szindrómás emberek tartós fejlődéséhez. Családunkban 50 szuperhős van, és napi tevékenységet folytatunk (torna, tánc, színház, zene, foci, úszás stb.), de az ország minden tájáról szervezünk kulturális és sportrendezvényeket barátainknak.</span></td>
</tr>
<tr bgcolor="#EAF2FA">
<td colspan="2"><span style="font-family: sans-serif; font-size: 12px;"><strong>Contact person&#8217;s first name</strong></span></td>
</tr>
<tr bgcolor="#FFFFFF">
<td width="20"></td>
<td><span style="font-family: sans-serif; font-size: 12px;">Georgeta</span></td>
</tr>
<tr bgcolor="#EAF2FA">
<td colspan="2"><span style="font-family: sans-serif; font-size: 12px;"><strong>Contact person&#8217;s last name</strong></span></td>
</tr>
<tr bgcolor="#FFFFFF">
<td width="20"></td>
<td><span style="font-family: sans-serif; font-size: 12px;">Bucur</span></td>
</tr>
<tr bgcolor="#EAF2FA">
<td colspan="2"><span style="font-family: sans-serif; font-size: 12px;"><strong>Email</strong></span></td>
</tr>
<tr bgcolor="#FFFFFF">
<td width="20"></td>
<td><span style="font-family: sans-serif; font-size: 12px;">georgetabucur1969@gmail.com</span></td>
</tr>
<tr bgcolor="#EAF2FA">
<td colspan="2"><span style="font-family: sans-serif; font-size: 12px;"><strong>Telefon</strong></span></td>
</tr>
<tr bgcolor="#FFFFFF">
<td width="20"></td>
<td><span style="font-family: sans-serif; font-size: 12px;">+40730370290</span></td>
</tr>
<tr bgcolor="#EAF2FA">
<td colspan="2"><span style="font-family: sans-serif; font-size: 12px;"><strong>Város</strong></span></td>
</tr>
<tr bgcolor="#FFFFFF">
<td width="20"></td>
<td><span style="font-family: sans-serif; font-size: 12px;">Bucharest</span></td>
</tr>
<tr bgcolor="#EAF2FA">
<td colspan="2"><span style="font-family: sans-serif; font-size: 12px;"><strong>I want to register one or more people with Down&#8217;s syndrome</strong></span></td>
</tr>
<tr bgcolor="#FFFFFF">
<td width="20"></td>
<td><span style="font-family: sans-serif; font-size: 12px;">Yes, bring me to the citizen registration form submitting</span></td>
</tr>
<tr bgcolor="#EAF2FA">
<td colspan="2"><span style="font-family: sans-serif; font-size: 12px;"><strong>Contact optin</strong></span></td>
</tr>
<tr bgcolor="#FFFFFF">
<td width="20"></td>
<td>
<ul class="bulleted">
<li>I would like to be contacted to become a partner of EU for Trisomy 21</li>
</ul>
<p>&nbsp;</td>
</tr>
<tr bgcolor="#EAF2FA">
<td colspan="2"></td>
</tr>
<tr bgcolor="#FFFFFF">
<td width="20"></td>
<td><span style="font-family: sans-serif; font-size: 12px;"><span style="font-family: sans-serif; font-size: 12px;"><img decoding="async" src="https://eufortrisomy21.eu/wp-content/plugins/gravityforms/images/tick.png" /> Elfogadom az adatvédelmi irányelveket.</span></span></p>
<div class="gfield_consent_description">Ennek az űrlapnak a kitöltésével elfogadja, hogy elérhetőségi adatait az EUfortrisomy21 kapcsolattartó fájl tartalmazza. Felhívjuk figyelmét, hogy ez a fájl az EUfortrisomy21 kizárólagos felelőssége, és semmilyen körülmények között nem oszlik meg más szervezetekkel. Ha a jövőben már nem kívánja megkapni a kommunikációnkat, egyszerűen iratkozzon le a linkre. Önnek bármikor joga lesz hozzáférni, kijavítani vagy törölni az Önre vonatkozó adatokat, valamint jogot áll tiltakozni vagy korlátozni azok feldolgozását. Jogainak gyakorlásához lépjen velünk kapcsolatba a privacy @ eufortrisomy21 címen. További információ a személyes adatok védelméről: privacy @ eufortrisomy21</div>
<p>&nbsp;</td>
</tr>
</tbody>
</table>
</td>
</tr>
</tbody>
</table>
