{"id":30939,"date":"2021-02-19T17:17:24","date_gmt":"2021-02-19T16:17:24","guid":{"rendered":"https:\/\/eufortrisomy21.eu\/?page_id=30939"},"modified":"2025-08-19T20:39:53","modified_gmt":"2025-08-19T18:39:53","slug":"news","status":"publish","type":"page","link":"https:\/\/eufortrisomy21.eu\/hu\/news\/","title":{"rendered":"h\u00edrek"},"content":{"rendered":"<h1><\/h1>\r\n<p>Minden bejegyz\u00e9s<\/p>\r\n<ul>\r\n<li tabindex=\"0\" data-filter=\"*\" aria-label=\"Minden bejegyz\u00e9s\">Minden bejegyz\u00e9s<\/li>\r\n<li tabindex=\"0\" data-filter=\".category-21-march-21\" data-term=\"21-march-21\" data-item-count=\"8\" aria-label=\"M\u00e1rcius 21\">M\u00e1rcius 21<\/li>\r\n<\/ul>\r\n<h3>Az EU a 21. trisz\u00f3mi\u00e1\u00e9rt r\u00e9szt vesz az Eur\u00f3pa j\u00f6v\u0151j\u00e9vel kapcsolatos \u00e1llampolg\u00e1ri konzult\u00e1ci\u00f3ban<\/h3>\r\n<p>12 July 2021 \u00a0 Improving the visibility of people with Down syndrome in Europe Following our online conference on the 8th of July 2021 on improving the visibility of people with Down syndrome,&#8230;<\/p>\r\n<h3>Online konferencia - 2021. j\u00falius 8. - A Down-szindr\u00f3m\u00e1s emberek l\u00e1that\u00f3s\u00e1g\u00e1nak jav\u00edt\u00e1sa<\/h3>\r\n<p>24 June 2021 \u00a0 \u00a0 \u00a0 \u00a0 Improving the visibility of people with Down syndrome: an emergency for Europe. Why? How? Improving the visibility of people with Down syndrome in Europe should be&#8230;<\/p>\r\n<h3>Press release : On March 21st, Europe is honouring persons with Down&#8217;s syndrome<\/h3>\r\n<p>19 March 2021 Press release Brussels March 19th 2021 \u00a0 On March 21st, Europe is honouring persons with Down&#8217;s syndrome :\u00a0\u00a0citizens and political leaders are invited to celebrate the International Day of Trisomy&#8230;<\/p>\r\n<h3>Trisomy 21: Mit tehet Eur\u00f3pa? - Program<\/h3>\r\n<p>16 March 2021 Trisomy 21\u00a0: What Europe can do? Visibility, inclusion, autonomy: essentials issues for people with Trisomy 21 \u00a0 Date: Thursday 18th of March 2021 &#8211; 2 pm Place: Online conference Registration&#8230;<\/p>\r\n<h3>Sajt\u00f3k\u00f6zlem\u00e9ny: F\u00f3kuszban az (online) KONFERENCIA<\/h3>\r\n<p>11 March 2021 Press release Brussels March 10th 2021 \u00a0 3 projects to celebrate World Down Syndrome Day \u00a0 Focus on the (online) CONFERENCE \u00a0Trisomy 21: What can Europe do ? \u00a0To celebrate&#8230;<\/p>\r\n<h3>Sajt\u00f3k\u00f6zlem\u00e9ny: Egy t\u00e1ncos kih\u00edv\u00e1s az \u00fcnnepl\u00e9shez!<\/h3>\r\n<p>9 March 2021 Press release Brussels March 3rd 2021 \u00a0 Let&#8217;s celebrate together the 21st of March 1 Dancing challenge to join in the celebration! The next International Day of Trisomy 21 will&#8230;<\/p>\r\n<h3>Sajt\u00f3k\u00f6zlem\u00e9ny: \u00d6sszpontos\u00edtson az eur\u00f3pai parlamenti k\u00e9pvisel\u0151k szponzor\u00e1ci\u00f3s projektj\u00e9re<\/h3>\r\n<p>2 March 2021 Press release Brussels February 26th 2021 \u00a0 3 projects to celebrate the 21st of March 2021 Focus on the sponsorship project from Members of the European Parliament: an invitation to&#8230;<\/p>\r\n<h3>Sajt\u00f3k\u00f6zlem\u00e9ny: F\u00f3kuszban 2021 m\u00e1rcius 21-e. \u00dcnnepelj\u00fck a Down-szindr\u00f3ma napj\u00e1t Eur\u00f3p\u00e1ban!<\/h3>\r\n<p>19 February 2021 The next edition of World Down Syndrome Day (21st of March as decided by United Nation) calls for a special momentum since it takes place in 2021 and Down Syndrome&#8230;<\/p>\r\n<!-- .pp-content-posts -->\r\n<p><img loading=\"lazy\" decoding=\"async\" title=\"21. Logo_EUforTrisomy\" src=\"https:\/\/eufortrisomy21.eu\/wp-content\/uploads\/2021\/03\/Logo_EUforTrisomy21.svg\" alt=\"Logo_EUforTrisomy21\" width=\"150\" height=\"150\" \/><\/p>\r\n<h2>Az Eufortrisomy21.eu-r\u00f3l<\/h2>\r\n<p>Platform a Down-szindr\u00f3ma napj\u00e1nak meg\u00fcnnepl\u00e9se \u00e9rdek\u00e9ben egy\u00fcttm\u0171k\u00f6d\u0151 egyes\u00fcletek, \u00e1llampolg\u00e1rok \u00e9s politikusok egy\u00fcttm\u0171k\u00f6d\u00e9s\u00e9re, hogy l\u00e1that\u00f3v\u00e1 tegy\u00e9k az \u00e9rtelmi fogyat\u00e9koss\u00e1got \u00e9s k\u00fcl\u00f6n\u00f6sen a 21. trisz\u00f3mi\u00e1ban szenved\u0151 szem\u00e9lyeket (a genetikai eredet\u0171 leggyakoribb \u00e9rtelmi fogyat\u00e9koss\u00e1g, m\u00e1s n\u00e9ven Down-szindr\u00f3ma) ).<\/p>\r\n<p><a role=\"button\" href=\"https:\/\/eufortrisomy21.eu\/hu\/about\/\" target=\"_self\" rel=\"noopener\"> T\u00f6bb inform\u00e1ci\u00f3 <\/a><\/p>","protected":false},"excerpt":{"rendered":"<p>All posts All posts 21 March 21 EU for Trisomy 21 takes part in the citizen consultation for the Future&hellip;<\/p>","protected":false},"author":2,"featured_media":0,"parent":0,"menu_order":0,"comment_status":"closed","ping_status":"closed","template":"","meta":{"_acf_changed":false,"footnotes":""},"class_list":["post-30939","page","type-page","status-publish","hentry"],"acf":[],"_links":{"self":[{"href":"https:\/\/eufortrisomy21.eu\/hu\/wp-json\/wp\/v2\/pages\/30939"}],"collection":[{"href":"https:\/\/eufortrisomy21.eu\/hu\/wp-json\/wp\/v2\/pages"}],"about":[{"href":"https:\/\/eufortrisomy21.eu\/hu\/wp-json\/wp\/v2\/types\/page"}],"author":[{"embeddable":true,"href":"https:\/\/eufortrisomy21.eu\/hu\/wp-json\/wp\/v2\/users\/2"}],"replies":[{"embeddable":true,"href":"https:\/\/eufortrisomy21.eu\/hu\/wp-json\/wp\/v2\/comments?post=30939"}],"version-history":[{"count":1,"href":"https:\/\/eufortrisomy21.eu\/hu\/wp-json\/wp\/v2\/pages\/30939\/revisions"}],"predecessor-version":[{"id":34602,"href":"https:\/\/eufortrisomy21.eu\/hu\/wp-json\/wp\/v2\/pages\/30939\/revisions\/34602"}],"wp:attachment":[{"href":"https:\/\/eufortrisomy21.eu\/hu\/wp-json\/wp\/v2\/media?parent=30939"}],"curies":[{"name":"wp","href":"https:\/\/api.w.org\/{rel}","templated":true}]}}

hírek

<h1></h1>
<p>Minden bejegyzés</p>
<ul>
<li tabindex="0" data-filter="*" aria-label="Minden bejegyzés">Minden bejegyzés</li>
<li tabindex="0" data-filter=".category-21-march-21" data-term="21-march-21" data-item-count="8" aria-label="Március 21">Március 21</li>
</ul>
<h3>Az EU a 21. triszómiáért részt vesz az Európa jövőjével kapcsolatos állampolgári konzultációban</h3>
<p>12 July 2021   Improving the visibility of people with Down syndrome in Europe Following our online conference on the 8th of July 2021 on improving the visibility of people with Down syndrome,&#8230;</p>
<h3>Online konferencia - 2021. július 8. - A Down-szindrómás emberek láthatóságának javítása</h3>
<p>24 June 2021         Improving the visibility of people with Down syndrome: an emergency for Europe. Why? How? Improving the visibility of people with Down syndrome in Europe should be&#8230;</p>
<h3>Press release : On March 21st, Europe is honouring persons with Down&#8217;s syndrome</h3>
<p>19 March 2021 Press release Brussels March 19th 2021   On March 21st, Europe is honouring persons with Down&#8217;s syndrome :  citizens and political leaders are invited to celebrate the International Day of Trisomy&#8230;</p>
<h3>Trisomy 21: Mit tehet Európa? - Program</h3>
<p>16 March 2021 Trisomy 21 : What Europe can do? Visibility, inclusion, autonomy: essentials issues for people with Trisomy 21   Date: Thursday 18th of March 2021 &#8211; 2 pm Place: Online conference Registration&#8230;</p>
<h3>Sajtóközlemény: Fókuszban az (online) KONFERENCIA</h3>
<p>11 March 2021 Press release Brussels March 10th 2021   3 projects to celebrate World Down Syndrome Day   Focus on the (online) CONFERENCE  Trisomy 21: What can Europe do ?  To celebrate&#8230;</p>
<h3>Sajtóközlemény: Egy táncos kihívás az ünnepléshez!</h3>
<p>9 March 2021 Press release Brussels March 3rd 2021   Let&#8217;s celebrate together the 21st of March 1 Dancing challenge to join in the celebration! The next International Day of Trisomy 21 will&#8230;</p>
<h3>Sajtóközlemény: Összpontosítson az európai parlamenti képviselők szponzorációs projektjére</h3>
<p>2 March 2021 Press release Brussels February 26th 2021   3 projects to celebrate the 21st of March 2021 Focus on the sponsorship project from Members of the European Parliament: an invitation to&#8230;</p>
<h3>Sajtóközlemény: Fókuszban 2021 március 21-e. Ünnepeljük a Down-szindróma napját Európában!</h3>
<p>19 February 2021 The next edition of World Down Syndrome Day (21st of March as decided by United Nation) calls for a special momentum since it takes place in 2021 and Down Syndrome&#8230;</p>
<!-- .pp-content-posts -->
<p><img loading="lazy" decoding="async" title="21. Logo_EUforTrisomy" src="https://eufortrisomy21.eu/wp-content/uploads/2021/03/Logo_EUforTrisomy21.svg" alt="Logo_EUforTrisomy21" width="150" height="150" /></p>
<h2>Az Eufortrisomy21.eu-ról</h2>
<p>Platform a Down-szindróma napjának megünneplése érdekében együttműködő egyesületek, állampolgárok és politikusok együttműködésére, hogy láthatóvá tegyék az értelmi fogyatékosságot és különösen a 21. triszómiában szenvedő személyeket (a genetikai eredetű leggyakoribb értelmi fogyatékosság, más néven Down-szindróma) ).</p>
<p><a role="button" href="https://eufortrisomy21.eu/hu/about/" target="_self" rel="noopener"> Több információ </a></p>
