{"id":33368,"date":"2023-01-30T09:22:15","date_gmt":"2023-01-30T08:22:15","guid":{"rendered":"https:\/\/eufortrisomy21.eu\/?page_id=33368"},"modified":"2024-02-20T17:05:20","modified_gmt":"2024-02-20T16:05:20","slug":"time-for-more-visibility","status":"publish","type":"page","link":"https:\/\/eufortrisomy21.eu\/nl\/thefutureisours\/time-for-more-visibility\/","title":{"rendered":"Tijd voor meer zichtbaarheid"},"content":{"rendered":"\n\n\t\t\tMarch\n\t\t<p>21<\/p>\n<h1>\n\t\tTime for more Visibility\n\t<\/h1>\n\t<p>Breaking Down Syndrome Stereotypes one cup at a time<\/p>\n\t<p>March 21st 2023 marks the official 16th World Down Syndrome Day and the EU for Trisomy 21 network of course hosted our own unique celebration.<\/p>\n\t\t\t\t<a href=\"https:\/\/eufortrisomy21.eu\/thefutureisours\/time-for-more-visibility-el\/\" target=\"_self\" itemprop=\"url\" rel=\"noopener\">\n\t\t\t\t<img loading=\"lazy\" decoding=\"async\" src=\"https:\/\/eufortrisomy21.eu\/wp-content\/uploads\/2022\/11\/Easy-to-Read-Logo.jpeg\" alt=\"Easy to Read Logo\" itemprop=\"image\" height=\"246\" width=\"246\" title=\"Easy to Read Logo\" onerror=\"this.style.display='none'\"  \/>\n\t\t\t\t<\/a>\n\t<p><a href=\"https:\/\/eufortrisomy21.eu\/thefutureisours\/time-for-more-visibility-el\/\"><strong>Click here to read this page <\/strong><\/a><\/p>\n<p><strong>in Easy Language<\/strong><\/p>\n\t\t\t<a href=\"https:\/\/forms.gle\/esiq8rL11RUhXvJ79\" target=\"_self\" rel=\"noopener\">\n\t\t\t\t\t\t\tApply Here\n\t\t\t\t\t<\/a>\n<h2>\n\t\tonline event\n\t<\/h2>\n\t<p>In 2023, we started our celebration by hosting an online event on the 16th of March with the title &#8220;Time for More Visibility&#8221; as part of our &#8220;The Future is Ours&#8221; project. This event featured self-advocate speakers from all over Europe, talking about how visibility alone could make a huge difference in breaking down (syndrome) stereotypes in people&#8217;s minds. All of our speakers worked in inclusive restaurants or coffee shops and told us about their lives and the conversations they had with their customers.<\/p>\n\t\t\t\t<img loading=\"lazy\" decoding=\"async\" src=\"https:\/\/eufortrisomy21.eu\/wp-content\/uploads\/2023\/01\/pexels-diva-plavalaguna-6147019-scaled-e1675095755896.jpg\" alt=\"pexels-diva-plavalaguna-6147019\" itemprop=\"image\" height=\"1350\" width=\"900\" title=\"pexels-diva-plavalaguna-6147019\" onerror=\"this.style.display='none'\"  \/>\n<h2>\n\t\tCoffee, Socks and<br \/> Down Syndrome WDSD23\n\t<\/h2>\n\t\t\t<img decoding=\"async\" src=\"https:\/\/eufortrisomy21.eu\/wp-content\/uploads\/2023\/01\/europe_map.svg\" alt=\"\"\/>\n\t\t\t\t\t\t\t\t\t\t Cluj, Romania on 21st of March \n\t\t\t\t\t\t\t\t\t\t\t\t\t\t<p>Cluj, Romania on 21st of March<\/p>\t\t\t\t\t\t\t\t\t\t\t\t\t\n\t\t\t\t\t\t\t\t\t\t Iasi, Romania on 21st of March \n\t\t\t\t\t\t\t\t\t\t\t\t\t\t<p>Iasi, RomaniaEvents hosted by ACIC Ia\u0219i18.03.2023: 10am-12am, Chez Les Amis (coffee house) <a href=\"https:\/\/www.facebook.com\/profile.php?id=100041586258822\">Details<\/a>20.03.2023: 2pm-4pm, Cafeneaua Pia\u021ba Unirii (coffee house) <a href=\"https:\/\/www.facebook.com\/cafeneauapiataunirii\/?locale=ro_RO\">Details<\/a>21.03.2023: 2pm-4pm, CUIB cafe <a href=\"https:\/\/incuib.ro\/\">Details<\/a>23.03.2023: 2pm-4pm, CUIB cafe <a href=\"https:\/\/incuib.ro\/\">Details<\/a><\/p>\t\t\t\t\t\t\t\t\t\t\t\t\t\n\t\t\t\t\t\t\t\t\t\t Bydgoszcz, Poland on 16th of March \n\t\t\t\t\t\t\t\t\t\t\t\t\t\t<p>Bydgoszcz Poland<\/p><ul><li>16.03.2023 Wsp\u00f3lne uczestnictwo w wydarzeniu online \u201eCzas na wi\u0119ksz\u0105 WIDOCZNO\u015a\u0106&#8221; oraz spotkanie przy kawie ok. godz. 19.00 w &#8220;Domu Serca&#8221;, &#8211; przy ul. Polna 2a, Bydgoszcz <a href=\"https:\/\/www.facebook.com\/domsercaiskierki\">\u00a0Stowarzyszenie Wsp\u00f3lnota Duchowa &#8220;Iskierki&#8221; | Bydgoszcz | Facebook<\/a><br \/><\/li><li>21.03.2023 godz. 10.00 Uroczysto\u015bci \u015awiatowego Dnia Zespo\u0142u Downa z Dzieci\u0119cym Graffiti w Urz\u0119dzie Wojew\u00f3dzkim przy ul. Jagielo\u0144skiej 3, Bydgoszcz <a href=\"https:\/\/www.facebook.com\/DziecieceGraffiti\/\">Dzieci\u0119ce Graffiti | Facebook<\/a><br \/><\/li><li>25.03.2023 MCK ul. Marcinkowskiego 12 Bydgoszcz ok. godz. 15.00, po zako\u0144czeniu\u00a0 spektaklu teatralnego BRO <a href=\"https:\/\/www.facebook.com\/profile.php?id=100064920330251\">Teatr spo\u0142eczny biuro rzeczy osobistych | Facebook<\/a><\/li><\/ul>\t\t\t\t\t\t\t\t\t\t\t\t\t\n\t\t\t\t\t\t\t\t\t\t Bucharest, Romania on 21st of March \n\t\t\t\t\t\t\t\t\t\t\t\t\t\t<p>Bucharest, Romania on 21st of March<\/p>\t\t\t\t\t\t\t\t\t\t\t\t\t\n\t\t\t\t\t\t\t\t\t\t Gala\u021bi, Romania on 21st of March \n\t\t\t\t\t\t\t\t\t\t\t\t\t\t<p>Gala\u021bi, Romania16.03.2023: 16pm, Paris Cafe<\/p>\t\t\t\t\t\t\t\t\t\t\t\t\t\n\t\t\t\t\t\t\t\t\t\t Csodav\u00e1r Development Center and Playhouse, in Budapest, Hungary March 21st 2023 \n\t\t\t\t\t\t\t\t\t\t\t\t\t\t<p>Csodav\u00e1r Development Center and Playhouse, in Budapest, Hungary March 21st 2023<\/p>\t\t\t\t\t\t\t\t\t\t\t\t\t\n\t\t\t\t\t\t\t\t\t\t City of Hamm, Germany on 21st of March \n\t\t\t\t\t\t\t\t\t\t\t\t\t\t<p>City of Hamm, Germany on 21st of March<\/p>\t\t\t\t\t\t\t\t\t\t\t\t\t\n\t\t\t\t\t\t\t\t\t\t City of Zossen, Germany on 20th of March \n\t\t\t\t\t\t\t\t\t\t\t\t\t\t<p>City of Zossen, Germany on 20th of March<\/p>\t\t\t\t\t\t\t\t\t\t\t\t\t\n\t\t\t\t\t\t\t\t\t\t City of Duisburg, Germany on 21st of March \n\t\t\t\t\t\t\t\t\t\t\t\t\t\t<p>City of Duisburg, Germany on 21st of March<\/p>\t\t\t\t\t\t\t\t\t\t\t\t\t\n\t\t\t\t\t\t\t\t\t\t Prague, Czech on 21st of March \n\t\t\t\t\t\t\t\t\t\t\t\t\t\t<p>Prague, Czech21.03.2023: Restaurant of Vocational school Vysehrad located at Vratislavova 31\/6, Prague 2, from 2pm to 4pm.<a href=\"https:\/\/drive.google.com\/file\/d\/1v0gFq1sI7fajxuOQHxO4bfaXDLIyjEuL\/view?usp=share_link\">More details<\/a><\/p>\t\t\t\t\t\t\t\t\t\t\t\t\t\n\t\t\t\t\t\t\t\t\t\t Vienna \n\t\t\t\t\t\t\t\t\t\t\t\t\t\t<p>Austrian Parliament, Vienna on the 21st March<\/p>\t\t\t\t\t\t\t\t\t\t\t\t\t\n\t\t\t\t\t\t\t\t\t\t Down Syndrome Association in Valetta, Malta on the 21st March \n\t\t\t\t\t\t\t\t\t\t\t\t\t\t<p>Down Syndrome Association in Valetta, Malta on the 21st March<\/p>\t\t\t\t\t\t\t\t\t\t\t\t\t\n\t\t\t\t\t\t\t\t\t\t Train Inc. Caf\u00e9, Niolon in France on March 21st \n\t\t\t\t\t\t\t\t\t\t\t\t\t\t<p>Train Inc. Caf\u00e9, Marseille in France on March 21st<\/p>\t\t\t\t\t\t\t\t\t\t\t\t\t\n\t\t\t\t\t\t\t\t\t\t Rescaldina in Italy on March 20st \n\t\t\t\t\t\t\t\t\t\t\t\t\t\t<p>Rescaldina in Italy on March 20st<\/p>\t\t\t\t\t\t\t\t\t\t\t\t\t\n\t\t\t\t\t\t\t\t\t\t European Parliament, Brussels Belgium \n\t\t\t\t\t\t\t\t\t\t\t\t\t\t<p>European Parliament, Brussels Belgium on the 21st March<\/p>\t\t\t\t\t\t\t\t\t\t\t\t\t\n\t<p>And then on the 20th and 21st of March, inclusive coffee shops and restaurants that had employees with Down Syndrome served coffee in places of political power such as the European Parliament, national governments, senates and parliaments, regional assemblies, and municipalities.<\/p>\n<p>This gave decision-makers from all over the EU the opportunity to talk to people with Down Syndrome and learn to see things from their perspective. This was especially important that year as preparations were underway for the EU Parliament elections of 2024, where many people with Down Syndrome would be allowed to vote for the first time.<\/p>\n<p>To make our celebration a success, EU for Trisomy 21 collaborated with local coffee houses that employed people with Down syndrome and vocational schools. We also worked with local, regional, national, and international politicians to ensure that this celebration reached as many people as possible.<\/p>\n<p>People were already celebrating all around Europe (see on the map) &#8211;\u00a0 <a href=\"https:\/\/eufortrisomy21.eu\/world-down-syndrome-2023-time-for-more-visibility\/\">here<\/a> you can read a Press Release with the details.<\/p>\n<p>&nbsp;<\/p>\n\t\t\t\t<a href=\"https:\/\/eufortrisomy21.eu\/thefutureisours\/\" target=\"_self\" itemprop=\"url\" rel=\"noopener\">\n\t\t\t\t<img loading=\"lazy\" decoding=\"async\" src=\"https:\/\/eufortrisomy21.eu\/wp-content\/uploads\/2022\/10\/Main-Instagram-Posts-2.png\" alt=\"The Future is Ours - Insta 1\" itemprop=\"image\" height=\"1080\" width=\"1080\" title=\"The Future is Ours - Insta 1\" onerror=\"this.style.display='none'\"  \/>\n\t\t\t\t<\/a>\n\t\t\t\t<img loading=\"lazy\" decoding=\"async\" src=\"https:\/\/eufortrisomy21.eu\/wp-content\/uploads\/2023\/01\/EN-Co-Funded-by-the-EU_POS.png\" alt=\"EN Co-Funded by the EU_POS\" itemprop=\"image\" height=\"299\" width=\"1424\" title=\"EN Co-Funded by the EU_POS\" onerror=\"this.style.display='none'\"  \/>\n\t\t\t\t<img loading=\"lazy\" decoding=\"async\" src=\"https:\/\/eufortrisomy21.eu\/wp-content\/uploads\/2021\/03\/Logo_EUforTrisomy21.svg\" alt=\"Logo_EUforTrisomy21\" itemprop=\"image\" height=\"0\" width=\"0\" title=\"Logo_EUforTrisomy21\" onerror=\"this.style.display='none'\"  \/>\n<h2>\n\t\tAbout Eufortrisomy21.eu\n\t<\/h2>\n\t<p>A platform for the collaboration of associations, citizens and politicians working together for the celebration of World Down syndrome Day, to make visible the intellectual disability in general and persons with trisomy 21 in particular (most common intellectual disability of genetic origin, also called Down syndrome).<\/p>\n\t\t\t<a href=\"https:\/\/eufortrisomy21.eu\/about\/\" target=\"_self\" rel=\"noopener\">\n\t\t\t\t\t\t\tMore information\n\t\t\t\t\t<\/a>\n<h2>\n\t\tNeed help? doubts? more information?\n\t<\/h2>\n\t\t\t<a href=\"https:\/\/eufortrisomy21.eu\/contact\/\" target=\"_self\" rel=\"noopener\">\n\t\t\t\t\t\t\tContact us\n\t\t\t<\/a>\n\t  &nbsp;&nbsp;Translate this page [gtranslate]\n\n","protected":false},"excerpt":{"rendered":"<p>March 21 Time for more Visibility Breaking Down Syndrome Stereotypes one cup at a time March 21st 2023 marks the&hellip;<\/p>","protected":false},"author":2,"featured_media":0,"parent":33268,"menu_order":0,"comment_status":"closed","ping_status":"closed","template":"","meta":{"_acf_changed":false,"footnotes":""},"class_list":["post-33368","page","type-page","status-publish","hentry"],"acf":[],"_links":{"self":[{"href":"https:\/\/eufortrisomy21.eu\/nl\/wp-json\/wp\/v2\/pages\/33368"}],"collection":[{"href":"https:\/\/eufortrisomy21.eu\/nl\/wp-json\/wp\/v2\/pages"}],"about":[{"href":"https:\/\/eufortrisomy21.eu\/nl\/wp-json\/wp\/v2\/types\/page"}],"author":[{"embeddable":true,"href":"https:\/\/eufortrisomy21.eu\/nl\/wp-json\/wp\/v2\/users\/2"}],"replies":[{"embeddable":true,"href":"https:\/\/eufortrisomy21.eu\/nl\/wp-json\/wp\/v2\/comments?post=33368"}],"version-history":[{"count":5,"href":"https:\/\/eufortrisomy21.eu\/nl\/wp-json\/wp\/v2\/pages\/33368\/revisions"}],"predecessor-version":[{"id":33647,"href":"https:\/\/eufortrisomy21.eu\/nl\/wp-json\/wp\/v2\/pages\/33368\/revisions\/33647"}],"up":[{"embeddable":true,"href":"https:\/\/eufortrisomy21.eu\/nl\/wp-json\/wp\/v2\/pages\/33268"}],"wp:attachment":[{"href":"https:\/\/eufortrisomy21.eu\/nl\/wp-json\/wp\/v2\/media?parent=33368"}],"curies":[{"name":"wp","href":"https:\/\/api.w.org\/{rel}","templated":true}]}}

March
		<p>21</p>
<h1>
		Time for more Visibility
	</h1>
	<p>Breaking Down Syndrome Stereotypes one cup at a time</p>
	<p>March 21st 2023 marks the official 16th World Down Syndrome Day and the EU for Trisomy 21 network of course hosted our own unique celebration.</p>
				<a href="https://eufortrisomy21.eu/thefutureisours/time-for-more-visibility-el/" target="_self" itemprop="url" rel="noopener">
				<img loading="lazy" decoding="async" src="https://eufortrisomy21.eu/wp-content/uploads/2022/11/Easy-to-Read-Logo.jpeg" alt="Easy to Read Logo" itemprop="image" height="246" width="246" title="Easy to Read Logo" onerror="this.style.display='none'"  />
				</a>
	<p><a href="https://eufortrisomy21.eu/thefutureisours/time-for-more-visibility-el/"><strong>Click here to read this page </strong></a></p>
<p><strong>in Easy Language</strong></p>
			<a href="https://forms.gle/esiq8rL11RUhXvJ79" target="_self" rel="noopener">
							Apply Here
					</a>
<h2>
		online event
	</h2>
	<p>In 2023, we started our celebration by hosting an online event on the 16th of March with the title &#8220;Time for More Visibility&#8221; as part of our &#8220;The Future is Ours&#8221; project. This event featured self-advocate speakers from all over Europe, talking about how visibility alone could make a huge difference in breaking down (syndrome) stereotypes in people&#8217;s minds. All of our speakers worked in inclusive restaurants or coffee shops and told us about their lives and the conversations they had with their customers.</p>
				<img loading="lazy" decoding="async" src="https://eufortrisomy21.eu/wp-content/uploads/2023/01/pexels-diva-plavalaguna-6147019-scaled-e1675095755896.jpg" alt="pexels-diva-plavalaguna-6147019" itemprop="image" height="1350" width="900" title="pexels-diva-plavalaguna-6147019" onerror="this.style.display='none'"  />
<h2>
		Coffee, Socks and<br /> Down Syndrome WDSD23
	</h2>
			<img decoding="async" src="https://eufortrisomy21.eu/wp-content/uploads/2023/01/europe_map.svg" alt=""/>
										 Cluj, Romania on 21st of March 
														<p>Cluj, Romania on 21st of March</p>													
										 Iasi, Romania on 21st of March 
														<p>Iasi, RomaniaEvents hosted by ACIC Iași18.03.2023: 10am-12am, Chez Les Amis (coffee house) <a href="https://www.facebook.com/profile.php?id=100041586258822">Details</a>20.03.2023: 2pm-4pm, Cafeneaua Piața Unirii (coffee house) <a href="https://www.facebook.com/cafeneauapiataunirii/?locale=ro_RO">Details</a>21.03.2023: 2pm-4pm, CUIB cafe <a href="https://incuib.ro/">Details</a>23.03.2023: 2pm-4pm, CUIB cafe <a href="https://incuib.ro/">Details</a></p>													
										 Bydgoszcz, Poland on 16th of March 
														<p>Bydgoszcz Poland</p><ul><li>16.03.2023 Wspólne uczestnictwo w wydarzeniu online „Czas na większą WIDOCZNOŚĆ&#8221; oraz spotkanie przy kawie ok. godz. 19.00 w &#8220;Domu Serca&#8221;, &#8211; przy ul. Polna 2a, Bydgoszcz <a href="https://www.facebook.com/domsercaiskierki"> Stowarzyszenie Wspólnota Duchowa &#8220;Iskierki&#8221; | Bydgoszcz | Facebook</a><br /></li><li>21.03.2023 godz. 10.00 Uroczystości Światowego Dnia Zespołu Downa z Dziecięcym Graffiti w Urzędzie Wojewódzkim przy ul. Jagielońskiej 3, Bydgoszcz <a href="https://www.facebook.com/DziecieceGraffiti/">Dziecięce Graffiti | Facebook</a><br /></li><li>25.03.2023 MCK ul. Marcinkowskiego 12 Bydgoszcz ok. godz. 15.00, po zakończeniu  spektaklu teatralnego BRO <a href="https://www.facebook.com/profile.php?id=100064920330251">Teatr społeczny biuro rzeczy osobistych | Facebook</a></li></ul>													
										 Bucharest, Romania on 21st of March 
														<p>Bucharest, Romania on 21st of March</p>													
										 Galați, Romania on 21st of March 
														<p>Galați, Romania16.03.2023: 16pm, Paris Cafe</p>													
										 Csodavár Development Center and Playhouse, in Budapest, Hungary March 21st 2023 
														<p>Csodavár Development Center and Playhouse, in Budapest, Hungary March 21st 2023</p>													
										 City of Hamm, Germany on 21st of March 
														<p>City of Hamm, Germany on 21st of March</p>													
										 City of Zossen, Germany on 20th of March 
														<p>City of Zossen, Germany on 20th of March</p>													
										 City of Duisburg, Germany on 21st of March 
														<p>City of Duisburg, Germany on 21st of March</p>													
										 Prague, Czech on 21st of March 
														<p>Prague, Czech21.03.2023: Restaurant of Vocational school Vysehrad located at Vratislavova 31/6, Prague 2, from 2pm to 4pm.<a href="https://drive.google.com/file/d/1v0gFq1sI7fajxuOQHxO4bfaXDLIyjEuL/view?usp=share_link">More details</a></p>													
										 Vienna 
														<p>Austrian Parliament, Vienna on the 21st March</p>													
										 Down Syndrome Association in Valetta, Malta on the 21st March 
														<p>Down Syndrome Association in Valetta, Malta on the 21st March</p>													
										 Train Inc. Café, Niolon in France on March 21st 
														<p>Train Inc. Café, Marseille in France on March 21st</p>													
										 Rescaldina in Italy on March 20st 
														<p>Rescaldina in Italy on March 20st</p>													
										 European Parliament, Brussels Belgium 
														<p>European Parliament, Brussels Belgium on the 21st March</p>													
	<p>And then on the 20th and 21st of March, inclusive coffee shops and restaurants that had employees with Down Syndrome served coffee in places of political power such as the European Parliament, national governments, senates and parliaments, regional assemblies, and municipalities.</p>
<p>This gave decision-makers from all over the EU the opportunity to talk to people with Down Syndrome and learn to see things from their perspective. This was especially important that year as preparations were underway for the EU Parliament elections of 2024, where many people with Down Syndrome would be allowed to vote for the first time.</p>
<p>To make our celebration a success, EU for Trisomy 21 collaborated with local coffee houses that employed people with Down syndrome and vocational schools. We also worked with local, regional, national, and international politicians to ensure that this celebration reached as many people as possible.</p>
<p>People were already celebrating all around Europe (see on the map) &#8211;  <a href="https://eufortrisomy21.eu/world-down-syndrome-2023-time-for-more-visibility/">here</a> you can read a Press Release with the details.</p>
<p>&nbsp;</p>
				<a href="https://eufortrisomy21.eu/thefutureisours/" target="_self" itemprop="url" rel="noopener">
				<img loading="lazy" decoding="async" src="https://eufortrisomy21.eu/wp-content/uploads/2022/10/Main-Instagram-Posts-2.png" alt="The Future is Ours - Insta 1" itemprop="image" height="1080" width="1080" title="The Future is Ours - Insta 1" onerror="this.style.display='none'"  />
				</a>
				<img loading="lazy" decoding="async" src="https://eufortrisomy21.eu/wp-content/uploads/2023/01/EN-Co-Funded-by-the-EU_POS.png" alt="EN Co-Funded by the EU_POS" itemprop="image" height="299" width="1424" title="EN Co-Funded by the EU_POS" onerror="this.style.display='none'"  />
				<img loading="lazy" decoding="async" src="https://eufortrisomy21.eu/wp-content/uploads/2021/03/Logo_EUforTrisomy21.svg" alt="Logo_EUforTrisomy21" itemprop="image" height="0" width="0" title="Logo_EUforTrisomy21" onerror="this.style.display='none'"  />
<h2>
		About Eufortrisomy21.eu
	</h2>
	<p>A platform for the collaboration of associations, citizens and politicians working together for the celebration of World Down syndrome Day, to make visible the intellectual disability in general and persons with trisomy 21 in particular (most common intellectual disability of genetic origin, also called Down syndrome).</p>
			<a href="https://eufortrisomy21.eu/about/" target="_self" rel="noopener">
							More information
					</a>
<h2>
		Need help? doubts? more information?
	</h2>
			<a href="https://eufortrisomy21.eu/contact/" target="_self" rel="noopener">
							Contact us
			</a>
	  &nbsp;&nbsp;Translate this page [gtranslate]
