{"id":30939,"date":"2021-02-19T17:17:24","date_gmt":"2021-02-19T16:17:24","guid":{"rendered":"https:\/\/eufortrisomy21.eu\/?page_id=30939"},"modified":"2025-08-19T20:39:53","modified_gmt":"2025-08-19T18:39:53","slug":"news","status":"publish","type":"page","link":"https:\/\/eufortrisomy21.eu\/pl\/news\/","title":{"rendered":"Aktualno\u015bci"},"content":{"rendered":"<h1><\/h1>\r\n<p>Wszystkie posty<\/p>\r\n<ul>\r\n<li tabindex=\"0\" data-filter=\"*\" aria-label=\"Wszystkie posty\">Wszystkie posty<\/li>\r\n<li tabindex=\"0\" data-filter=\".category-21-march-21\" data-term=\"21-march-21\" data-item-count=\"8\" aria-label=\"21 marca 21\">21 marca 21<\/li>\r\n<\/ul>\r\n<h3>EU for Trisomy 21 bierze udzia\u0142 w konsultacjach obywatelskich na temat przysz\u0142o\u015bci Europy<\/h3>\r\n<p>12 July 2021 \u00a0 Improving the visibility of people with Down syndrome in Europe Following our online conference on the 8th of July 2021 on improving the visibility of people with Down syndrome,&#8230;<\/p>\r\n<h3>Konferencja internetowa \u2013 8 lipca 2021 \u2013 Poprawa widoczno\u015bci os\u00f3b z zespo\u0142em Downa<\/h3>\r\n<p>24 June 2021 \u00a0 \u00a0 \u00a0 \u00a0 Improving the visibility of people with Down syndrome: an emergency for Europe. Why? How? Improving the visibility of people with Down syndrome in Europe should be&#8230;<\/p>\r\n<h3>Press release : On March 21st, Europe is honouring persons with Down&#8217;s syndrome<\/h3>\r\n<p>19 March 2021 Press release Brussels March 19th 2021 \u00a0 On March 21st, Europe is honouring persons with Down&#8217;s syndrome :\u00a0\u00a0citizens and political leaders are invited to celebrate the International Day of Trisomy&#8230;<\/p>\r\n<h3>Trisomia 21: Co Europa mo\u017ce zrobi\u0107? - Program<\/h3>\r\n<p>16 March 2021 Trisomy 21\u00a0: What Europe can do? Visibility, inclusion, autonomy: essentials issues for people with Trisomy 21 \u00a0 Date: Thursday 18th of March 2021 &#8211; 2 pm Place: Online conference Registration&#8230;<\/p>\r\n<h3>Komunikat prasowy: Skoncentruj si\u0119 na (online) KONFERENCJI<\/h3>\r\n<p>11 March 2021 Press release Brussels March 10th 2021 \u00a0 3 projects to celebrate World Down Syndrome Day \u00a0 Focus on the (online) CONFERENCE \u00a0Trisomy 21: What can Europe do ? \u00a0To celebrate&#8230;<\/p>\r\n<h3>Informacja prasowa: Jedno taneczne wyzwanie do przy\u0142\u0105czenia si\u0119 do uroczysto\u015bci!<\/h3>\r\n<p>9 March 2021 Press release Brussels March 3rd 2021 \u00a0 Let&#8217;s celebrate together the 21st of March 1 Dancing challenge to join in the celebration! The next International Day of Trisomy 21 will&#8230;<\/p>\r\n<h3>Komunikat prasowy: Skoncentruj si\u0119 na projekcie sponsorowania pos\u0142\u00f3w do Parlamentu Europejskiego<\/h3>\r\n<p>2 March 2021 Press release Brussels February 26th 2021 \u00a0 3 projects to celebrate the 21st of March 2021 Focus on the sponsorship project from Members of the European Parliament: an invitation to&#8230;<\/p>\r\n<h3>Komunikat prasowy: Skoncentruj si\u0119 na 21 marca 2021 r. \u015awi\u0119tujmy \u015awiatowy Dzie\u0144 Zespo\u0142u Downa w Europie!<\/h3>\r\n<p>19 February 2021 The next edition of World Down Syndrome Day (21st of March as decided by United Nation) calls for a special momentum since it takes place in 2021 and Down Syndrome&#8230;<\/p>\r\n<!-- .pp-content-posts -->\r\n<p><img loading=\"lazy\" decoding=\"async\" title=\"Logo_EUforTrisomy21\" src=\"https:\/\/eufortrisomy21.eu\/wp-content\/uploads\/2021\/03\/Logo_EUforTrisomy21.svg\" alt=\"Logo_EUforTrisomy21\" width=\"150\" height=\"150\" \/><\/p>\r\n<h2>O Eufortrisomy21.eu<\/h2>\r\n<p>Platforma do wsp\u00f3\u0142pracy stowarzysze\u0144, obywateli i polityk\u00f3w pracuj\u0105cych razem przy obchodach \u015awiatowego Dnia Zespo\u0142u Downa, aby uwidoczni\u0107 niepe\u0142nosprawno\u015b\u0107 intelektualn\u0105 w og\u00f3le, aw szczeg\u00f3lno\u015bci osoby z trisomi\u0105 21 (najcz\u0119stsza niepe\u0142nosprawno\u015b\u0107 intelektualna pochodzenia genetycznego, zwana tak\u017ce zespo\u0142em Downa ).<\/p>\r\n<p><a role=\"button\" href=\"https:\/\/eufortrisomy21.eu\/pl\/about\/\" target=\"_self\" rel=\"noopener\"> Wi\u0119cej informacji <\/a><\/p>","protected":false},"excerpt":{"rendered":"<p>All posts All posts 21 March 21 EU for Trisomy 21 takes part in the citizen consultation for the Future&hellip;<\/p>","protected":false},"author":2,"featured_media":0,"parent":0,"menu_order":0,"comment_status":"closed","ping_status":"closed","template":"","meta":{"_acf_changed":false,"footnotes":""},"class_list":["post-30939","page","type-page","status-publish","hentry"],"acf":[],"_links":{"self":[{"href":"https:\/\/eufortrisomy21.eu\/pl\/wp-json\/wp\/v2\/pages\/30939"}],"collection":[{"href":"https:\/\/eufortrisomy21.eu\/pl\/wp-json\/wp\/v2\/pages"}],"about":[{"href":"https:\/\/eufortrisomy21.eu\/pl\/wp-json\/wp\/v2\/types\/page"}],"author":[{"embeddable":true,"href":"https:\/\/eufortrisomy21.eu\/pl\/wp-json\/wp\/v2\/users\/2"}],"replies":[{"embeddable":true,"href":"https:\/\/eufortrisomy21.eu\/pl\/wp-json\/wp\/v2\/comments?post=30939"}],"version-history":[{"count":1,"href":"https:\/\/eufortrisomy21.eu\/pl\/wp-json\/wp\/v2\/pages\/30939\/revisions"}],"predecessor-version":[{"id":34602,"href":"https:\/\/eufortrisomy21.eu\/pl\/wp-json\/wp\/v2\/pages\/30939\/revisions\/34602"}],"wp:attachment":[{"href":"https:\/\/eufortrisomy21.eu\/pl\/wp-json\/wp\/v2\/media?parent=30939"}],"curies":[{"name":"wp","href":"https:\/\/api.w.org\/{rel}","templated":true}]}}

Aktualności

<h1></h1>
<p>Wszystkie posty</p>
<ul>
<li tabindex="0" data-filter="*" aria-label="Wszystkie posty">Wszystkie posty</li>
<li tabindex="0" data-filter=".category-21-march-21" data-term="21-march-21" data-item-count="8" aria-label="21 marca 21">21 marca 21</li>
</ul>
<h3>EU for Trisomy 21 bierze udział w konsultacjach obywatelskich na temat przyszłości Europy</h3>
<p>12 July 2021   Improving the visibility of people with Down syndrome in Europe Following our online conference on the 8th of July 2021 on improving the visibility of people with Down syndrome,&#8230;</p>
<h3>Konferencja internetowa – 8 lipca 2021 – Poprawa widoczności osób z zespołem Downa</h3>
<p>24 June 2021         Improving the visibility of people with Down syndrome: an emergency for Europe. Why? How? Improving the visibility of people with Down syndrome in Europe should be&#8230;</p>
<h3>Press release : On March 21st, Europe is honouring persons with Down&#8217;s syndrome</h3>
<p>19 March 2021 Press release Brussels March 19th 2021   On March 21st, Europe is honouring persons with Down&#8217;s syndrome :  citizens and political leaders are invited to celebrate the International Day of Trisomy&#8230;</p>
<h3>Trisomia 21: Co Europa może zrobić? - Program</h3>
<p>16 March 2021 Trisomy 21 : What Europe can do? Visibility, inclusion, autonomy: essentials issues for people with Trisomy 21   Date: Thursday 18th of March 2021 &#8211; 2 pm Place: Online conference Registration&#8230;</p>
<h3>Komunikat prasowy: Skoncentruj się na (online) KONFERENCJI</h3>
<p>11 March 2021 Press release Brussels March 10th 2021   3 projects to celebrate World Down Syndrome Day   Focus on the (online) CONFERENCE  Trisomy 21: What can Europe do ?  To celebrate&#8230;</p>
<h3>Informacja prasowa: Jedno taneczne wyzwanie do przyłączenia się do uroczystości!</h3>
<p>9 March 2021 Press release Brussels March 3rd 2021   Let&#8217;s celebrate together the 21st of March 1 Dancing challenge to join in the celebration! The next International Day of Trisomy 21 will&#8230;</p>
<h3>Komunikat prasowy: Skoncentruj się na projekcie sponsorowania posłów do Parlamentu Europejskiego</h3>
<p>2 March 2021 Press release Brussels February 26th 2021   3 projects to celebrate the 21st of March 2021 Focus on the sponsorship project from Members of the European Parliament: an invitation to&#8230;</p>
<h3>Komunikat prasowy: Skoncentruj się na 21 marca 2021 r. Świętujmy Światowy Dzień Zespołu Downa w Europie!</h3>
<p>19 February 2021 The next edition of World Down Syndrome Day (21st of March as decided by United Nation) calls for a special momentum since it takes place in 2021 and Down Syndrome&#8230;</p>
<!-- .pp-content-posts -->
<p><img loading="lazy" decoding="async" title="Logo_EUforTrisomy21" src="https://eufortrisomy21.eu/wp-content/uploads/2021/03/Logo_EUforTrisomy21.svg" alt="Logo_EUforTrisomy21" width="150" height="150" /></p>
<h2>O Eufortrisomy21.eu</h2>
<p>Platforma do współpracy stowarzyszeń, obywateli i polityków pracujących razem przy obchodach Światowego Dnia Zespołu Downa, aby uwidocznić niepełnosprawność intelektualną w ogóle, aw szczególności osoby z trisomią 21 (najczęstsza niepełnosprawność intelektualna pochodzenia genetycznego, zwana także zespołem Downa ).</p>
<p><a role="button" href="https://eufortrisomy21.eu/pl/about/" target="_self" rel="noopener"> Więcej informacji </a></p>
