{"id":30548,"date":"2021-02-08T17:24:35","date_gmt":"2021-02-08T16:24:35","guid":{"rendered":"https:\/\/eufortrisomy21.eu\/pl\/?post_type=ngo&#038;p=30548"},"modified":"2021-02-09T08:51:21","modified_gmt":"2021-02-09T07:51:21","slug":"legnickie-stowarzyszenie-rodzin-i-przyjaciol-dzieci-z-zespolem-downa-otworz-serce","status":"publish","type":"ngo","link":"https:\/\/eufortrisomy21.eu\/pt\/ngo\/legnickie-stowarzyszenie-rodzin-i-przyjaciol-dzieci-z-zespolem-downa-otworz-serce\/","title":{"rendered":"LEGNICKIE STOWARZYSZENIE RODZIN I PRZYJACI\u00d3\u0141 DZIECI Z ZESPO\u0141EM DOWNA \u201cOTW\u00d3RZ SERCE\u201d"},"content":{"rendered":"<table border=\"0\" width=\"99%\" cellspacing=\"0\" cellpadding=\"1\" bgcolor=\"#EAEAEA\">\n<tbody>\n<tr>\n<td>\n<table border=\"0\" width=\"100%\" cellspacing=\"0\" cellpadding=\"5\" bgcolor=\"#FFFFFF\">\n<tbody>\n<tr bgcolor=\"#EAF2FA\">\n<td colspan=\"2\"><span style=\"font-family: sans-serif; font-size: 12px;\"><strong>Nome da ONG<\/strong><\/span><\/td>\n<\/tr>\n<tr bgcolor=\"#FFFFFF\">\n<td width=\"20\"><\/td>\n<td><span style=\"font-family: sans-serif; font-size: 12px;\">LEGNICKIE STOWARZYSZENIE RODZIN I PRZYJACI\u00d3\u0141 DZIECI Z ZESPO\u0141EM DOWNA \u201cOTW\u00d3RZ SERCE\u201d<\/span><\/td>\n<\/tr>\n<tr bgcolor=\"#EAF2FA\">\n<td colspan=\"2\"><span style=\"font-family: sans-serif; font-size: 12px;\"><strong>Logotipo<\/strong><\/span><\/td>\n<\/tr>\n<tr bgcolor=\"#FFFFFF\">\n<td width=\"20\"><\/td>\n<td>\n<ul>\n<li><a href=\"https:\/\/eufortrisomy21.eu\/wp-content\/uploads\/2021\/02\/logo.png\" target=\"_blank\" rel=\"noopener\" aria-label=\"Click to view\">logo.png<\/a><\/li>\n<\/ul>\n<p>&nbsp;<\/td>\n<\/tr>\n<tr bgcolor=\"#EAF2FA\">\n<td colspan=\"2\"><span style=\"font-family: sans-serif; font-size: 12px;\"><strong>Pa\u00eds<\/strong><\/span><\/td>\n<\/tr>\n<tr bgcolor=\"#FFFFFF\">\n<td width=\"20\"><\/td>\n<td><span style=\"font-family: sans-serif; font-size: 12px;\">POL\u00d4NIA<\/span><\/td>\n<\/tr>\n<tr bgcolor=\"#EAF2FA\">\n<td colspan=\"2\"><span style=\"font-family: sans-serif; font-size: 12px;\"><strong>Breve apresenta\u00e7\u00e3o da ONG<\/strong><\/span><\/td>\n<\/tr>\n<tr bgcolor=\"#FFFFFF\">\n<td width=\"20\"><\/td>\n<td><span style=\"font-family: sans-serif; font-size: 12px;\">Mamy pod opieka 64 dzieci . Dzia\u0142amy ju\u017c kilkana\u015bcie lat. Udzielamy pomocy i wsparcia niepe\u0142nosprawnym i ich rodzinom na ka\u017cdym etapie \u017cycia. Organizujemy wydarzenia kulturalne (m.in. od lat obchody 21.03).Organizujemy turnusy rehabilitacyjne, p\u00f3\u0142kolonie i inne niezb\u0119dne terapie.<\/span><\/td>\n<\/tr>\n<tr bgcolor=\"#EAF2FA\">\n<td colspan=\"2\"><span style=\"font-family: sans-serif; font-size: 12px;\"><strong>o Facebook<\/strong><\/span><\/td>\n<\/tr>\n<tr bgcolor=\"#FFFFFF\">\n<td width=\"20\"><\/td>\n<td><span style=\"font-family: sans-serif; font-size: 12px;\">https:\/\/pl-pl.facebook.com\/otworz.serce<\/span><\/td>\n<\/tr>\n<tr bgcolor=\"#EAF2FA\">\n<td colspan=\"2\"><span style=\"font-family: sans-serif; font-size: 12px;\"><strong>Contact person&#8217;s first name<\/strong><\/span><\/td>\n<\/tr>\n<tr bgcolor=\"#FFFFFF\">\n<td width=\"20\"><\/td>\n<td><span style=\"font-family: sans-serif; font-size: 12px;\">Anna<\/span><\/td>\n<\/tr>\n<tr bgcolor=\"#EAF2FA\">\n<td colspan=\"2\"><span style=\"font-family: sans-serif; font-size: 12px;\"><strong>Contact person&#8217;s last name<\/strong><\/span><\/td>\n<\/tr>\n<tr bgcolor=\"#FFFFFF\">\n<td width=\"20\"><\/td>\n<td><span style=\"font-family: sans-serif; font-size: 12px;\">K\u0105cka<\/span><\/td>\n<\/tr>\n<tr bgcolor=\"#EAF2FA\">\n<td colspan=\"2\"><span style=\"font-family: sans-serif; font-size: 12px;\"><strong>O email<\/strong><\/span><\/td>\n<\/tr>\n<tr bgcolor=\"#FFFFFF\">\n<td width=\"20\"><\/td>\n<td><span style=\"font-family: sans-serif; font-size: 12px;\">stowarzyszenie.otworzserce@wp.pl<\/span><\/td>\n<\/tr>\n<tr bgcolor=\"#EAF2FA\">\n<td colspan=\"2\"><span style=\"font-family: sans-serif; font-size: 12px;\"><strong>Telefone<\/strong><\/span><\/td>\n<\/tr>\n<tr bgcolor=\"#FFFFFF\">\n<td width=\"20\"><\/td>\n<td><span style=\"font-family: sans-serif; font-size: 12px;\">+48 501 594 220<\/span><\/td>\n<\/tr>\n<tr bgcolor=\"#EAF2FA\">\n<td colspan=\"2\"><span style=\"font-family: sans-serif; font-size: 12px;\"><strong>Cidade<\/strong><\/span><\/td>\n<\/tr>\n<tr bgcolor=\"#FFFFFF\">\n<td width=\"20\"><\/td>\n<td><span style=\"font-family: sans-serif; font-size: 12px;\">Legnica<\/span><\/td>\n<\/tr>\n<tr bgcolor=\"#EAF2FA\">\n<td colspan=\"2\"><span style=\"font-family: sans-serif; font-size: 12px;\"><strong>I want to register one or more people with Down&#8217;s syndrome<\/strong><\/span><\/td>\n<\/tr>\n<tr bgcolor=\"#FFFFFF\">\n<td width=\"20\"><\/td>\n<td><span style=\"font-family: sans-serif; font-size: 12px;\">N\u00e3o<\/span><\/td>\n<\/tr>\n<tr bgcolor=\"#EAF2FA\">\n<td colspan=\"2\"><span style=\"font-family: sans-serif; font-size: 12px;\"><strong>Contact optin<\/strong><\/span><\/td>\n<\/tr>\n<tr bgcolor=\"#FFFFFF\">\n<td width=\"20\"><\/td>\n<td>\n<ul class=\"bulleted\">\n<li>Gostaria de ser contactado para me tornar um parceiro da UE para Trissomia 21<\/li>\n<\/ul>\n<p>&nbsp;<\/td>\n<\/tr>\n<tr bgcolor=\"#EAF2FA\">\n<td colspan=\"2\"><\/td>\n<\/tr>\n<tr bgcolor=\"#FFFFFF\">\n<td width=\"20\"><\/td>\n<td><span style=\"font-family: sans-serif; font-size: 12px;\"><span style=\"font-family: sans-serif; font-size: 12px;\"><img decoding=\"async\" src=\"https:\/\/eufortrisomy21.eu\/wp-content\/plugins\/gravityforms\/images\/tick.png\" \/> Eu concordo com a Pol\u00edtica de Privacidade.<\/span><\/span><\/p>\n<div class=\"gfield_consent_description\">Ao preencher este formul\u00e1rio, voc\u00ea concorda que seus dados de contato ser\u00e3o inclu\u00eddos no arquivo de contato EUfortrisomy21. Tenha em aten\u00e7\u00e3o que este ficheiro continua a ser da responsabilidade exclusiva da EUfortrisomy21 e que nunca \u00e9 partilhado com outras entidades. Se voc\u00ea n\u00e3o deseja mais receber nossas comunica\u00e7\u00f5es no futuro, basta cancelar a assinatura com o link abaixo. Voc\u00ea ter\u00e1 o direito de acessar, retificar ou excluir dados a seu respeito a qualquer momento, e o direito de se opor ou limitar seu processamento. Para exercer os seus direitos, pode contactar-nos em privacy @ eufortrisomy21. Para mais informa\u00e7\u00f5es sobre a prote\u00e7\u00e3o dos seus dados pessoais: privacy @ eufortrisomy21<\/div>\n<p>&nbsp;<\/td>\n<\/tr>\n<\/tbody>\n<\/table>\n<\/td>\n<\/tr>\n<\/tbody>\n<\/table>","protected":false},"featured_media":0,"template":"","country":[10],"class_list":["post-30548","ngo","type-ngo","status-publish","hentry","country-poland"],"acf":[],"_links":{"self":[{"href":"https:\/\/eufortrisomy21.eu\/pt\/wp-json\/wp\/v2\/ngo\/30548"}],"collection":[{"href":"https:\/\/eufortrisomy21.eu\/pt\/wp-json\/wp\/v2\/ngo"}],"about":[{"href":"https:\/\/eufortrisomy21.eu\/pt\/wp-json\/wp\/v2\/types\/ngo"}],"version-history":[{"count":0,"href":"https:\/\/eufortrisomy21.eu\/pt\/wp-json\/wp\/v2\/ngo\/30548\/revisions"}],"wp:attachment":[{"href":"https:\/\/eufortrisomy21.eu\/pt\/wp-json\/wp\/v2\/media?parent=30548"}],"wp:term":[{"taxonomy":"country","embeddable":true,"href":"https:\/\/eufortrisomy21.eu\/pt\/wp-json\/wp\/v2\/country?post=30548"}],"curies":[{"name":"wp","href":"https:\/\/api.w.org\/{rel}","templated":true}]}}

LEGNICKIE STOWARZYSZENIE RODZIN I PRZYJACIÓŁ DZIECI Z ZESPOŁEM DOWNA “OTWÓRZ SERCE”

<table border="0" width="99%" cellspacing="0" cellpadding="1" bgcolor="#EAEAEA">
<tbody>
<tr>
<td>
<table border="0" width="100%" cellspacing="0" cellpadding="5" bgcolor="#FFFFFF">
<tbody>
<tr bgcolor="#EAF2FA">
<td colspan="2"><span style="font-family: sans-serif; font-size: 12px;"><strong>Nome da ONG</strong></span></td>
</tr>
<tr bgcolor="#FFFFFF">
<td width="20"></td>
<td><span style="font-family: sans-serif; font-size: 12px;">LEGNICKIE STOWARZYSZENIE RODZIN I PRZYJACIÓŁ DZIECI Z ZESPOŁEM DOWNA “OTWÓRZ SERCE”</span></td>
</tr>
<tr bgcolor="#EAF2FA">
<td colspan="2"><span style="font-family: sans-serif; font-size: 12px;"><strong>Logotipo</strong></span></td>
</tr>
<tr bgcolor="#FFFFFF">
<td width="20"></td>
<td>
<ul>
<li><a href="https://eufortrisomy21.eu/wp-content/uploads/2021/02/logo.png" target="_blank" rel="noopener" aria-label="Click to view">logo.png</a></li>
</ul>
<p>&nbsp;</td>
</tr>
<tr bgcolor="#EAF2FA">
<td colspan="2"><span style="font-family: sans-serif; font-size: 12px;"><strong>País</strong></span></td>
</tr>
<tr bgcolor="#FFFFFF">
<td width="20"></td>
<td><span style="font-family: sans-serif; font-size: 12px;">POLÔNIA</span></td>
</tr>
<tr bgcolor="#EAF2FA">
<td colspan="2"><span style="font-family: sans-serif; font-size: 12px;"><strong>Breve apresentação da ONG</strong></span></td>
</tr>
<tr bgcolor="#FFFFFF">
<td width="20"></td>
<td><span style="font-family: sans-serif; font-size: 12px;">Mamy pod opieka 64 dzieci . Działamy już kilkanaście lat. Udzielamy pomocy i wsparcia niepełnosprawnym i ich rodzinom na każdym etapie życia. Organizujemy wydarzenia kulturalne (m.in. od lat obchody 21.03).Organizujemy turnusy rehabilitacyjne, półkolonie i inne niezbędne terapie.</span></td>
</tr>
<tr bgcolor="#EAF2FA">
<td colspan="2"><span style="font-family: sans-serif; font-size: 12px;"><strong>o Facebook</strong></span></td>
</tr>
<tr bgcolor="#FFFFFF">
<td width="20"></td>
<td><span style="font-family: sans-serif; font-size: 12px;">https://pl-pl.facebook.com/otworz.serce</span></td>
</tr>
<tr bgcolor="#EAF2FA">
<td colspan="2"><span style="font-family: sans-serif; font-size: 12px;"><strong>Contact person&#8217;s first name</strong></span></td>
</tr>
<tr bgcolor="#FFFFFF">
<td width="20"></td>
<td><span style="font-family: sans-serif; font-size: 12px;">Anna</span></td>
</tr>
<tr bgcolor="#EAF2FA">
<td colspan="2"><span style="font-family: sans-serif; font-size: 12px;"><strong>Contact person&#8217;s last name</strong></span></td>
</tr>
<tr bgcolor="#FFFFFF">
<td width="20"></td>
<td><span style="font-family: sans-serif; font-size: 12px;">Kącka</span></td>
</tr>
<tr bgcolor="#EAF2FA">
<td colspan="2"><span style="font-family: sans-serif; font-size: 12px;"><strong>O email</strong></span></td>
</tr>
<tr bgcolor="#FFFFFF">
<td width="20"></td>
<td><span style="font-family: sans-serif; font-size: 12px;">stowarzyszenie.otworzserce@wp.pl</span></td>
</tr>
<tr bgcolor="#EAF2FA">
<td colspan="2"><span style="font-family: sans-serif; font-size: 12px;"><strong>Telefone</strong></span></td>
</tr>
<tr bgcolor="#FFFFFF">
<td width="20"></td>
<td><span style="font-family: sans-serif; font-size: 12px;">+48 501 594 220</span></td>
</tr>
<tr bgcolor="#EAF2FA">
<td colspan="2"><span style="font-family: sans-serif; font-size: 12px;"><strong>Cidade</strong></span></td>
</tr>
<tr bgcolor="#FFFFFF">
<td width="20"></td>
<td><span style="font-family: sans-serif; font-size: 12px;">Legnica</span></td>
</tr>
<tr bgcolor="#EAF2FA">
<td colspan="2"><span style="font-family: sans-serif; font-size: 12px;"><strong>I want to register one or more people with Down&#8217;s syndrome</strong></span></td>
</tr>
<tr bgcolor="#FFFFFF">
<td width="20"></td>
<td><span style="font-family: sans-serif; font-size: 12px;">Não</span></td>
</tr>
<tr bgcolor="#EAF2FA">
<td colspan="2"><span style="font-family: sans-serif; font-size: 12px;"><strong>Contact optin</strong></span></td>
</tr>
<tr bgcolor="#FFFFFF">
<td width="20"></td>
<td>
<ul class="bulleted">
<li>Gostaria de ser contactado para me tornar um parceiro da UE para Trissomia 21</li>
</ul>
<p>&nbsp;</td>
</tr>
<tr bgcolor="#EAF2FA">
<td colspan="2"></td>
</tr>
<tr bgcolor="#FFFFFF">
<td width="20"></td>
<td><span style="font-family: sans-serif; font-size: 12px;"><span style="font-family: sans-serif; font-size: 12px;"><img decoding="async" src="https://eufortrisomy21.eu/wp-content/plugins/gravityforms/images/tick.png" /> Eu concordo com a Política de Privacidade.</span></span></p>
<div class="gfield_consent_description">Ao preencher este formulário, você concorda que seus dados de contato serão incluídos no arquivo de contato EUfortrisomy21. Tenha em atenção que este ficheiro continua a ser da responsabilidade exclusiva da EUfortrisomy21 e que nunca é partilhado com outras entidades. Se você não deseja mais receber nossas comunicações no futuro, basta cancelar a assinatura com o link abaixo. Você terá o direito de acessar, retificar ou excluir dados a seu respeito a qualquer momento, e o direito de se opor ou limitar seu processamento. Para exercer os seus direitos, pode contactar-nos em privacy @ eufortrisomy21. Para mais informações sobre a proteção dos seus dados pessoais: privacy @ eufortrisomy21</div>
<p>&nbsp;</td>
</tr>
</tbody>
</table>
</td>
</tr>
</tbody>
</table>
