{"id":31625,"date":"2021-03-11T12:05:04","date_gmt":"2021-03-11T11:05:04","guid":{"rendered":"https:\/\/eufortrisomy21.eu\/de\/?post_type=ngo&#038;p=31625"},"modified":"2021-03-11T15:05:40","modified_gmt":"2021-03-11T14:05:40","slug":"inclution-org","status":"publish","type":"ngo","link":"https:\/\/eufortrisomy21.eu\/pt\/ngo\/inclution-org\/","title":{"rendered":"include.org"},"content":{"rendered":"<table width=\"99%\" border=\"0\" cellpadding=\"1\" cellspacing=\"0\" bgcolor=\"#EAEAEA\">\n<tr>\n<td>\n<table width=\"100%\" border=\"0\" cellpadding=\"5\" cellspacing=\"0\" bgcolor=\"#FFFFFF\">\n<tr bgcolor=\"#EAF2FA\">\n<td colspan=\"2\">\n\t\t                                        <font style=\"font-family: sans-serif;font-size:12px\"><strong>Nome da ONG<\/strong><\/font>\n\t\t                                    <\/td>\n<\/tr>\n<tr bgcolor=\"#FFFFFF\">\n<td width=\"20\">&nbsp;<\/td>\n<td>\n\t\t                                        <font style=\"font-family: sans-serif;font-size:12px\">include.org<\/font>\n\t\t                                    <\/td>\n<\/tr>\n<tr bgcolor=\"#EAF2FA\">\n<td colspan=\"2\">\n\t\t                                        <font style=\"font-family: sans-serif;font-size:12px\"><strong>Logotipo<\/strong><\/font>\n\t\t                                    <\/td>\n<\/tr>\n<tr bgcolor=\"#FFFFFF\">\n<td width=\"20\">&nbsp;<\/td>\n<td>\n\t\t                                        <font style=\"font-family: sans-serif;font-size:12px\"><\/p>\n<ul>\n<li><a href='https:\/\/eufortrisomy21.eu\/wp-content\/uploads\/2021\/03\/inclution_450x450_blau.jpg' target='_blank' aria-label='Klicken zum Anschauen' rel=\"noopener\">inclution_450x450_blau.jpg<\/a><\/li>\n<\/ul>\n<p><\/font>\n\t\t                                    <\/td>\n<\/tr>\n<tr bgcolor=\"#EAF2FA\">\n<td colspan=\"2\">\n\t\t                                        <font style=\"font-family: sans-serif;font-size:12px\"><strong>Pa\u00eds<\/strong><\/font>\n\t\t                                    <\/td>\n<\/tr>\n<tr bgcolor=\"#FFFFFF\">\n<td width=\"20\">&nbsp;<\/td>\n<td>\n\t\t                                        <font style=\"font-family: sans-serif;font-size:12px\">ALEMANHA<\/font>\n\t\t                                    <\/td>\n<\/tr>\n<tr bgcolor=\"#EAF2FA\">\n<td colspan=\"2\">\n\t\t                                        <font style=\"font-family: sans-serif;font-size:12px\"><strong>Breve apresenta\u00e7\u00e3o da ONG<\/strong><\/font>\n\t\t                                    <\/td>\n<\/tr>\n<tr bgcolor=\"#FFFFFF\">\n<td width=\"20\">&nbsp;<\/td>\n<td>\n\t\t                                        <font style=\"font-family: sans-serif;font-size:12px\">inclus\u00e3o significa solu\u00e7\u00f5es inclusivas. Somos uma organiza\u00e7\u00e3o sem fins lucrativos que trabalha em projetos da UE e em projetos nacionais na Alemanha para combater pr\u00e1ticas e barreiras discriminat\u00f3rias e para promover a igualdade dos cidad\u00e3os marginalizados em toda a Europa.<\/font>\n\t\t                                    <\/td>\n<\/tr>\n<tr bgcolor=\"#EAF2FA\">\n<td colspan=\"2\">\n\t\t                                        <font style=\"font-family: sans-serif;font-size:12px\"><strong>Local na rede Internet<\/strong><\/font>\n\t\t                                    <\/td>\n<\/tr>\n<tr bgcolor=\"#FFFFFF\">\n<td width=\"20\">&nbsp;<\/td>\n<td>\n\t\t                                        <font style=\"font-family: sans-serif;font-size:12px\">include.org<\/font>\n\t\t                                    <\/td>\n<\/tr>\n<tr bgcolor=\"#EAF2FA\">\n<td colspan=\"2\">\n\t\t                                        <font style=\"font-family: sans-serif;font-size:12px\"><strong>o Facebook<\/strong><\/font>\n\t\t                                    <\/td>\n<\/tr>\n<tr bgcolor=\"#FFFFFF\">\n<td width=\"20\">&nbsp;<\/td>\n<td>\n\t\t                                        <font style=\"font-family: sans-serif;font-size:12px\">https:\/\/www.facebook.com\/inclution.org<\/font>\n\t\t                                    <\/td>\n<\/tr>\n<tr bgcolor=\"#EAF2FA\">\n<td colspan=\"2\">\n\t\t                                        <font style=\"font-family: sans-serif;font-size:12px\"><strong>Twitter<\/strong><\/font>\n\t\t                                    <\/td>\n<\/tr>\n<tr bgcolor=\"#FFFFFF\">\n<td width=\"20\">&nbsp;<\/td>\n<td>\n\t\t                                        <font style=\"font-family: sans-serif;font-size:12px\">https:\/\/twitter.com\/inclution_org<\/font>\n\t\t                                    <\/td>\n<\/tr>\n<tr bgcolor=\"#EAF2FA\">\n<td colspan=\"2\">\n\t\t                                        <font style=\"font-family: sans-serif;font-size:12px\"><strong>Nome da pessoa de contato &amp; #039;<\/strong><\/font>\n\t\t                                    <\/td>\n<\/tr>\n<tr bgcolor=\"#FFFFFF\">\n<td width=\"20\">&nbsp;<\/td>\n<td>\n\t\t                                        <font style=\"font-family: sans-serif;font-size:12px\">Stana<\/font>\n\t\t                                    <\/td>\n<\/tr>\n<tr bgcolor=\"#EAF2FA\">\n<td colspan=\"2\">\n\t\t                                        <font style=\"font-family: sans-serif;font-size:12px\"><strong>Sobrenome da pessoa de contato &amp; #039;<\/strong><\/font>\n\t\t                                    <\/td>\n<\/tr>\n<tr bgcolor=\"#FFFFFF\">\n<td width=\"20\">&nbsp;<\/td>\n<td>\n\t\t                                        <font style=\"font-family: sans-serif;font-size:12px\">Schenck<\/font>\n\t\t                                    <\/td>\n<\/tr>\n<tr bgcolor=\"#EAF2FA\">\n<td colspan=\"2\">\n\t\t                                        <font style=\"font-family: sans-serif;font-size:12px\"><strong>O email<\/strong><\/font>\n\t\t                                    <\/td>\n<\/tr>\n<tr bgcolor=\"#FFFFFF\">\n<td width=\"20\">&nbsp;<\/td>\n<td>\n\t\t                                        <font style=\"font-family: sans-serif;font-size:12px\"><a href='mailto:stana.schenck@inclution.org'>stana.schenck@inclution.org<\/a><\/font>\n\t\t                                    <\/td>\n<\/tr>\n<tr bgcolor=\"#EAF2FA\">\n<td colspan=\"2\">\n\t\t                                        <font style=\"font-family: sans-serif;font-size:12px\"><strong>Telefone<\/strong><\/font>\n\t\t                                    <\/td>\n<\/tr>\n<tr bgcolor=\"#FFFFFF\">\n<td width=\"20\">&nbsp;<\/td>\n<td>\n\t\t                                        <font style=\"font-family: sans-serif;font-size:12px\">00491714550835<\/font>\n\t\t                                    <\/td>\n<\/tr>\n<tr bgcolor=\"#EAF2FA\">\n<td colspan=\"2\">\n\t\t                                        <font style=\"font-family: sans-serif;font-size:12px\"><strong>Cidade<\/strong><\/font>\n\t\t                                    <\/td>\n<\/tr>\n<tr bgcolor=\"#FFFFFF\">\n<td width=\"20\">&nbsp;<\/td>\n<td>\n\t\t                                        <font style=\"font-family: sans-serif;font-size:12px\">Berlin<\/font>\n\t\t                                    <\/td>\n<\/tr>\n<tr bgcolor=\"#EAF2FA\">\n<td colspan=\"2\">\n\t\t                                        <font style=\"font-family: sans-serif;font-size:12px\"><strong>Quero registrar uma ou mais pessoas com s\u00edndrome de Down &amp; #039; s<\/strong><\/font>\n\t\t                                    <\/td>\n<\/tr>\n<tr bgcolor=\"#FFFFFF\">\n<td width=\"20\">&nbsp;<\/td>\n<td>\n\t\t                                        <font style=\"font-family: sans-serif;font-size:12px\">Sim, leve-me ao formul\u00e1rio de registro de cidad\u00e3o enviando<\/font>\n\t\t                                    <\/td>\n<\/tr>\n<tr bgcolor=\"#EAF2FA\">\n<td colspan=\"2\">\n\t\t                                        <font style=\"font-family: sans-serif;font-size:12px\"><strong>Contact optin<\/strong><\/font>\n\t\t                                    <\/td>\n<\/tr>\n<tr bgcolor=\"#FFFFFF\">\n<td width=\"20\">&nbsp;<\/td>\n<td>\n\t\t                                        <font style=\"font-family: sans-serif;font-size:12px\"><\/p>\n<ul class='bulleted'>\n<li>Gostaria de ser contactado para me tornar um parceiro da UE para Trissomia 21<\/li>\n<\/ul>\n<p><\/font>\n\t\t                                    <\/td>\n<\/tr>\n<tr bgcolor=\"#EAF2FA\">\n<td colspan=\"2\">\n\t\t                                        <font style=\"font-family: sans-serif;font-size:12px\"><strong><\/strong><\/font>\n\t\t                                    <\/td>\n<\/tr>\n<tr bgcolor=\"#FFFFFF\">\n<td width=\"20\">&nbsp;<\/td>\n<td>\n\t\t                                        <font style=\"font-family: sans-serif;font-size:12px\"><img decoding=\"async\" src=\"https:\/\/eufortrisomy21.eu\/wp-content\/plugins\/gravityforms\/images\/tick.png\" \/> Eu concordo com a Pol\u00edtica de Privacidade.<\/p>\n<div class=\"gfield_consent_description\">Ao preencher este formul\u00e1rio, voc\u00ea concorda que seus dados de contato ser\u00e3o inclu\u00eddos no arquivo de contato EUfortrisomy21. Tenha em aten\u00e7\u00e3o que este ficheiro continua a ser da responsabilidade exclusiva da EUfortrisomy21 e que nunca \u00e9 partilhado com outras entidades. Se voc\u00ea n\u00e3o deseja mais receber nossas comunica\u00e7\u00f5es no futuro, basta cancelar a assinatura com o link abaixo. Voc\u00ea ter\u00e1 o direito de acessar, retificar ou excluir dados a seu respeito a qualquer momento, e o direito de se opor ou limitar seu processamento. Para exercer os seus direitos, pode contactar-nos em privacy @ eufortrisomy21. Para mais informa\u00e7\u00f5es sobre a prote\u00e7\u00e3o dos seus dados pessoais: privacy @ eufortrisomy21<\/div>\n<p><\/font>\n\t\t                                    <\/td>\n<\/tr>\n<\/table>\n<\/td>\n<\/tr>\n<\/table>","protected":false},"featured_media":0,"template":"","country":[21],"class_list":["post-31625","ngo","type-ngo","status-publish","hentry","country-germany"],"acf":[],"_links":{"self":[{"href":"https:\/\/eufortrisomy21.eu\/pt\/wp-json\/wp\/v2\/ngo\/31625"}],"collection":[{"href":"https:\/\/eufortrisomy21.eu\/pt\/wp-json\/wp\/v2\/ngo"}],"about":[{"href":"https:\/\/eufortrisomy21.eu\/pt\/wp-json\/wp\/v2\/types\/ngo"}],"version-history":[{"count":0,"href":"https:\/\/eufortrisomy21.eu\/pt\/wp-json\/wp\/v2\/ngo\/31625\/revisions"}],"wp:attachment":[{"href":"https:\/\/eufortrisomy21.eu\/pt\/wp-json\/wp\/v2\/media?parent=31625"}],"wp:term":[{"taxonomy":"country","embeddable":true,"href":"https:\/\/eufortrisomy21.eu\/pt\/wp-json\/wp\/v2\/country?post=31625"}],"curies":[{"name":"wp","href":"https:\/\/api.w.org\/{rel}","templated":true}]}}

<table width="99%" border="0" cellpadding="1" cellspacing="0" bgcolor="#EAEAEA">
<tr>
<td>
<table width="100%" border="0" cellpadding="5" cellspacing="0" bgcolor="#FFFFFF">
<tr bgcolor="#EAF2FA">
<td colspan="2">
		                                        <font style="font-family: sans-serif;font-size:12px"><strong>Nome da ONG</strong></font>
		                                    </td>
</tr>
<tr bgcolor="#FFFFFF">
<td width="20">&nbsp;</td>
<td>
		                                        <font style="font-family: sans-serif;font-size:12px">include.org</font>
		                                    </td>
</tr>
<tr bgcolor="#EAF2FA">
<td colspan="2">
		                                        <font style="font-family: sans-serif;font-size:12px"><strong>Logotipo</strong></font>
		                                    </td>
</tr>
<tr bgcolor="#FFFFFF">
<td width="20">&nbsp;</td>
<td>
		                                        <font style="font-family: sans-serif;font-size:12px"></p>
<ul>
<li><a href='https://eufortrisomy21.eu/wp-content/uploads/2021/03/inclution_450x450_blau.jpg' target='_blank' aria-label='Klicken zum Anschauen' rel="noopener">inclution_450x450_blau.jpg</a></li>
</ul>
<p></font>
		                                    </td>
</tr>
<tr bgcolor="#EAF2FA">
<td colspan="2">
		                                        <font style="font-family: sans-serif;font-size:12px"><strong>País</strong></font>
		                                    </td>
</tr>
<tr bgcolor="#FFFFFF">
<td width="20">&nbsp;</td>
<td>
		                                        <font style="font-family: sans-serif;font-size:12px">ALEMANHA</font>
		                                    </td>
</tr>
<tr bgcolor="#EAF2FA">
<td colspan="2">
		                                        <font style="font-family: sans-serif;font-size:12px"><strong>Breve apresentação da ONG</strong></font>
		                                    </td>
</tr>
<tr bgcolor="#FFFFFF">
<td width="20">&nbsp;</td>
<td>
		                                        <font style="font-family: sans-serif;font-size:12px">inclusão significa soluções inclusivas. Somos uma organização sem fins lucrativos que trabalha em projetos da UE e em projetos nacionais na Alemanha para combater práticas e barreiras discriminatórias e para promover a igualdade dos cidadãos marginalizados em toda a Europa.</font>
		                                    </td>
</tr>
<tr bgcolor="#EAF2FA">
<td colspan="2">
		                                        <font style="font-family: sans-serif;font-size:12px"><strong>Local na rede Internet</strong></font>
		                                    </td>
</tr>
<tr bgcolor="#FFFFFF">
<td width="20">&nbsp;</td>
<td>
		                                        <font style="font-family: sans-serif;font-size:12px">include.org</font>
		                                    </td>
</tr>
<tr bgcolor="#EAF2FA">
<td colspan="2">
		                                        <font style="font-family: sans-serif;font-size:12px"><strong>o Facebook</strong></font>
		                                    </td>
</tr>
<tr bgcolor="#FFFFFF">
<td width="20">&nbsp;</td>
<td>
		                                        <font style="font-family: sans-serif;font-size:12px">https://www.facebook.com/inclution.org</font>
		                                    </td>
</tr>
<tr bgcolor="#EAF2FA">
<td colspan="2">
		                                        <font style="font-family: sans-serif;font-size:12px"><strong>Twitter</strong></font>
		                                    </td>
</tr>
<tr bgcolor="#FFFFFF">
<td width="20">&nbsp;</td>
<td>
		                                        <font style="font-family: sans-serif;font-size:12px">https://twitter.com/inclution_org</font>
		                                    </td>
</tr>
<tr bgcolor="#EAF2FA">
<td colspan="2">
		                                        <font style="font-family: sans-serif;font-size:12px"><strong>Nome da pessoa de contato &amp; #039;</strong></font>
		                                    </td>
</tr>
<tr bgcolor="#FFFFFF">
<td width="20">&nbsp;</td>
<td>
		                                        <font style="font-family: sans-serif;font-size:12px">Stana</font>
		                                    </td>
</tr>
<tr bgcolor="#EAF2FA">
<td colspan="2">
		                                        <font style="font-family: sans-serif;font-size:12px"><strong>Sobrenome da pessoa de contato &amp; #039;</strong></font>
		                                    </td>
</tr>
<tr bgcolor="#FFFFFF">
<td width="20">&nbsp;</td>
<td>
		                                        <font style="font-family: sans-serif;font-size:12px">Schenck</font>
		                                    </td>
</tr>
<tr bgcolor="#EAF2FA">
<td colspan="2">
		                                        <font style="font-family: sans-serif;font-size:12px"><strong>O email</strong></font>
		                                    </td>
</tr>
<tr bgcolor="#FFFFFF">
<td width="20">&nbsp;</td>
<td>
		                                        <font style="font-family: sans-serif;font-size:12px"><a href='mailto:stana.schenck@inclution.org'>stana.schenck@inclution.org</a></font>
		                                    </td>
</tr>
<tr bgcolor="#EAF2FA">
<td colspan="2">
		                                        <font style="font-family: sans-serif;font-size:12px"><strong>Telefone</strong></font>
		                                    </td>
</tr>
<tr bgcolor="#FFFFFF">
<td width="20">&nbsp;</td>
<td>
		                                        <font style="font-family: sans-serif;font-size:12px">00491714550835</font>
		                                    </td>
</tr>
<tr bgcolor="#EAF2FA">
<td colspan="2">
		                                        <font style="font-family: sans-serif;font-size:12px"><strong>Cidade</strong></font>
		                                    </td>
</tr>
<tr bgcolor="#FFFFFF">
<td width="20">&nbsp;</td>
<td>
		                                        <font style="font-family: sans-serif;font-size:12px">Berlin</font>
		                                    </td>
</tr>
<tr bgcolor="#EAF2FA">
<td colspan="2">
		                                        <font style="font-family: sans-serif;font-size:12px"><strong>Quero registrar uma ou mais pessoas com síndrome de Down &amp; #039; s</strong></font>
		                                    </td>
</tr>
<tr bgcolor="#FFFFFF">
<td width="20">&nbsp;</td>
<td>
		                                        <font style="font-family: sans-serif;font-size:12px">Sim, leve-me ao formulário de registro de cidadão enviando</font>
		                                    </td>
</tr>
<tr bgcolor="#EAF2FA">
<td colspan="2">
		                                        <font style="font-family: sans-serif;font-size:12px"><strong>Contact optin</strong></font>
		                                    </td>
</tr>
<tr bgcolor="#FFFFFF">
<td width="20">&nbsp;</td>
<td>
		                                        <font style="font-family: sans-serif;font-size:12px"></p>
<ul class='bulleted'>
<li>Gostaria de ser contactado para me tornar um parceiro da UE para Trissomia 21</li>
</ul>
<p></font>
		                                    </td>
</tr>
<tr bgcolor="#EAF2FA">
<td colspan="2">
		                                        <font style="font-family: sans-serif;font-size:12px"><strong></strong></font>
		                                    </td>
</tr>
<tr bgcolor="#FFFFFF">
<td width="20">&nbsp;</td>
<td>
		                                        <font style="font-family: sans-serif;font-size:12px"><img decoding="async" src="https://eufortrisomy21.eu/wp-content/plugins/gravityforms/images/tick.png" /> Eu concordo com a Política de Privacidade.</p>
<div class="gfield_consent_description">Ao preencher este formulário, você concorda que seus dados de contato serão incluídos no arquivo de contato EUfortrisomy21. Tenha em atenção que este ficheiro continua a ser da responsabilidade exclusiva da EUfortrisomy21 e que nunca é partilhado com outras entidades. Se você não deseja mais receber nossas comunicações no futuro, basta cancelar a assinatura com o link abaixo. Você terá o direito de acessar, retificar ou excluir dados a seu respeito a qualquer momento, e o direito de se opor ou limitar seu processamento. Para exercer os seus direitos, pode contactar-nos em privacy @ eufortrisomy21. Para mais informações sobre a proteção dos seus dados pessoais: privacy @ eufortrisomy21</div>
<p></font>
		                                    </td>
</tr>
</table>
</td>
</tr>
</table>
