{"id":31651,"date":"2021-03-11T19:10:28","date_gmt":"2021-03-11T18:10:28","guid":{"rendered":"https:\/\/eufortrisomy21.eu\/?post_type=ngo&#038;p=31651"},"modified":"2021-03-12T09:20:17","modified_gmt":"2021-03-12T08:20:17","slug":"downi-sundroomi-uhing-down-syndrome-association-estonia","status":"publish","type":"ngo","link":"https:\/\/eufortrisomy21.eu\/pt\/ngo\/downi-sundroomi-uhing-down-syndrome-association-estonia\/","title":{"rendered":"Downi S\u00fcndroomi \u00dching \/ Associa\u00e7\u00e3o de S\u00edndrome de Down da Est\u00f4nia"},"content":{"rendered":"<table width=\"99%\" border=\"0\" cellpadding=\"1\" cellspacing=\"0\" bgcolor=\"#EAEAEA\">\n<tr>\n<td>\n<table width=\"100%\" border=\"0\" cellpadding=\"5\" cellspacing=\"0\" bgcolor=\"#FFFFFF\">\n<tr bgcolor=\"#EAF2FA\">\n<td colspan=\"2\">\n\t\t                                        <font style=\"font-family: sans-serif;font-size:12px\"><strong>Nome da ONG<\/strong><\/font>\n\t\t                                    <\/td>\n<\/tr>\n<tr bgcolor=\"#FFFFFF\">\n<td width=\"20\">&nbsp;<\/td>\n<td>\n\t\t                                        <font style=\"font-family: sans-serif;font-size:12px\">Downi S\u00fcndroomi \u00dching \/ Associa\u00e7\u00e3o de S\u00edndrome de Down da Est\u00f4nia<\/font>\n\t\t                                    <\/td>\n<\/tr>\n<tr bgcolor=\"#EAF2FA\">\n<td colspan=\"2\">\n\t\t                                        <font style=\"font-family: sans-serif;font-size:12px\"><strong>Pa\u00eds<\/strong><\/font>\n\t\t                                    <\/td>\n<\/tr>\n<tr bgcolor=\"#FFFFFF\">\n<td width=\"20\">&nbsp;<\/td>\n<td>\n\t\t                                        <font style=\"font-family: sans-serif;font-size:12px\">EST\u00d4NIA<\/font>\n\t\t                                    <\/td>\n<\/tr>\n<tr bgcolor=\"#EAF2FA\">\n<td colspan=\"2\">\n\t\t                                        <font style=\"font-family: sans-serif;font-size:12px\"><strong>Breve apresenta\u00e7\u00e3o da ONG<\/strong><\/font>\n\t\t                                    <\/td>\n<\/tr>\n<tr bgcolor=\"#FFFFFF\">\n<td width=\"20\">&nbsp;<\/td>\n<td>\n\t\t                                        <font style=\"font-family: sans-serif;font-size:12px\">O objetivo da Associa\u00e7\u00e3o S\u00edndrome de Down \u00e9 conectar os pais de crian\u00e7as com S\u00edndrome de Down, criar melhores oportunidades de desenvolvimento e aprendizado para as crian\u00e7as, encorajar e apoiar uns aos outros, o que permite que as crian\u00e7as se integrem mais facilmente e precocemente na sociedade.<\/font>\n\t\t                                    <\/td>\n<\/tr>\n<tr bgcolor=\"#EAF2FA\">\n<td colspan=\"2\">\n\t\t                                        <font style=\"font-family: sans-serif;font-size:12px\"><strong>Local na rede Internet<\/strong><\/font>\n\t\t                                    <\/td>\n<\/tr>\n<tr bgcolor=\"#FFFFFF\">\n<td width=\"20\">&nbsp;<\/td>\n<td>\n\t\t                                        <font style=\"font-family: sans-serif;font-size:12px\">https:\/\/www.facebook.com\/groups\/156170344462872<\/font>\n\t\t                                    <\/td>\n<\/tr>\n<tr bgcolor=\"#EAF2FA\">\n<td colspan=\"2\">\n\t\t                                        <font style=\"font-family: sans-serif;font-size:12px\"><strong>o Facebook<\/strong><\/font>\n\t\t                                    <\/td>\n<\/tr>\n<tr bgcolor=\"#FFFFFF\">\n<td width=\"20\">&nbsp;<\/td>\n<td>\n\t\t                                        <font style=\"font-family: sans-serif;font-size:12px\">https:\/\/www.facebook.com\/groups\/156170344462872<\/font>\n\t\t                                    <\/td>\n<\/tr>\n<tr bgcolor=\"#EAF2FA\">\n<td colspan=\"2\">\n\t\t                                        <font style=\"font-family: sans-serif;font-size:12px\"><strong>Nome da pessoa de contato &amp; #039;<\/strong><\/font>\n\t\t                                    <\/td>\n<\/tr>\n<tr bgcolor=\"#FFFFFF\">\n<td width=\"20\">&nbsp;<\/td>\n<td>\n\t\t                                        <font style=\"font-family: sans-serif;font-size:12px\">Marge<\/font>\n\t\t                                    <\/td>\n<\/tr>\n<tr bgcolor=\"#EAF2FA\">\n<td colspan=\"2\">\n\t\t                                        <font style=\"font-family: sans-serif;font-size:12px\"><strong>Sobrenome da pessoa de contato &amp; #039;<\/strong><\/font>\n\t\t                                    <\/td>\n<\/tr>\n<tr bgcolor=\"#FFFFFF\">\n<td width=\"20\">&nbsp;<\/td>\n<td>\n\t\t                                        <font style=\"font-family: sans-serif;font-size:12px\">Kato<\/font>\n\t\t                                    <\/td>\n<\/tr>\n<tr bgcolor=\"#EAF2FA\">\n<td colspan=\"2\">\n\t\t                                        <font style=\"font-family: sans-serif;font-size:12px\"><strong>O email<\/strong><\/font>\n\t\t                                    <\/td>\n<\/tr>\n<tr bgcolor=\"#FFFFFF\">\n<td width=\"20\">&nbsp;<\/td>\n<td>\n\t\t                                        <font style=\"font-family: sans-serif;font-size:12px\"><a href='mailto:margekato@gmail.com'>margekato@gmail.com<\/a><\/font>\n\t\t                                    <\/td>\n<\/tr>\n<tr bgcolor=\"#EAF2FA\">\n<td colspan=\"2\">\n\t\t                                        <font style=\"font-family: sans-serif;font-size:12px\"><strong>Telefone<\/strong><\/font>\n\t\t                                    <\/td>\n<\/tr>\n<tr bgcolor=\"#FFFFFF\">\n<td width=\"20\">&nbsp;<\/td>\n<td>\n\t\t                                        <font style=\"font-family: sans-serif;font-size:12px\">+3725640060<\/font>\n\t\t                                    <\/td>\n<\/tr>\n<tr bgcolor=\"#EAF2FA\">\n<td colspan=\"2\">\n\t\t                                        <font style=\"font-family: sans-serif;font-size:12px\"><strong>Cidade<\/strong><\/font>\n\t\t                                    <\/td>\n<\/tr>\n<tr bgcolor=\"#FFFFFF\">\n<td width=\"20\">&nbsp;<\/td>\n<td>\n\t\t                                        <font style=\"font-family: sans-serif;font-size:12px\">Tallinn<\/font>\n\t\t                                    <\/td>\n<\/tr>\n<tr bgcolor=\"#EAF2FA\">\n<td colspan=\"2\">\n\t\t                                        <font style=\"font-family: sans-serif;font-size:12px\"><strong>Quero registrar uma ou mais pessoas com s\u00edndrome de Down &amp; #039; s<\/strong><\/font>\n\t\t                                    <\/td>\n<\/tr>\n<tr bgcolor=\"#FFFFFF\">\n<td width=\"20\">&nbsp;<\/td>\n<td>\n\t\t                                        <font style=\"font-family: sans-serif;font-size:12px\">N\u00e3o<\/font>\n\t\t                                    <\/td>\n<\/tr>\n<tr bgcolor=\"#EAF2FA\">\n<td colspan=\"2\">\n\t\t                                        <font style=\"font-family: sans-serif;font-size:12px\"><strong>Contact optin<\/strong><\/font>\n\t\t                                    <\/td>\n<\/tr>\n<tr bgcolor=\"#FFFFFF\">\n<td width=\"20\">&nbsp;<\/td>\n<td>\n\t\t                                        <font style=\"font-family: sans-serif;font-size:12px\"><\/p>\n<ul class='bulleted'>\n<li>Gostaria de ser contactado para me tornar um parceiro da UE para Trissomia 21<\/li>\n<\/ul>\n<p><\/font>\n\t\t                                    <\/td>\n<\/tr>\n<tr bgcolor=\"#EAF2FA\">\n<td colspan=\"2\">\n\t\t                                        <font style=\"font-family: sans-serif;font-size:12px\"><strong><\/strong><\/font>\n\t\t                                    <\/td>\n<\/tr>\n<tr bgcolor=\"#FFFFFF\">\n<td width=\"20\">&nbsp;<\/td>\n<td>\n\t\t                                        <font style=\"font-family: sans-serif;font-size:12px\"><img decoding=\"async\" src=\"https:\/\/eufortrisomy21.eu\/wp-content\/plugins\/gravityforms\/images\/tick.png\" \/> Eu concordo com a Pol\u00edtica de Privacidade.<\/p>\n<div class=\"gfield_consent_description\">Ao preencher este formul\u00e1rio, voc\u00ea concorda que seus dados de contato ser\u00e3o inclu\u00eddos no arquivo de contato EUfortrisomy21. Tenha em aten\u00e7\u00e3o que este ficheiro continua a ser da responsabilidade exclusiva da EUfortrisomy21 e que nunca \u00e9 partilhado com outras entidades. Se voc\u00ea n\u00e3o deseja mais receber nossas comunica\u00e7\u00f5es no futuro, basta cancelar a assinatura com o link abaixo. Voc\u00ea ter\u00e1 o direito de acessar, retificar ou excluir dados a seu respeito a qualquer momento, e o direito de se opor ou limitar seu processamento. Para exercer os seus direitos, pode contactar-nos em privacy @ eufortrisomy21. Para mais informa\u00e7\u00f5es sobre a prote\u00e7\u00e3o dos seus dados pessoais: privacy @ eufortrisomy21<\/div>\n<p><\/font>\n\t\t                                    <\/td>\n<\/tr>\n<\/table>\n<\/td>\n<\/tr>\n<\/table>","protected":false},"featured_media":0,"template":"","country":[32],"class_list":["post-31651","ngo","type-ngo","status-publish","hentry","country-estonia"],"acf":[],"_links":{"self":[{"href":"https:\/\/eufortrisomy21.eu\/pt\/wp-json\/wp\/v2\/ngo\/31651"}],"collection":[{"href":"https:\/\/eufortrisomy21.eu\/pt\/wp-json\/wp\/v2\/ngo"}],"about":[{"href":"https:\/\/eufortrisomy21.eu\/pt\/wp-json\/wp\/v2\/types\/ngo"}],"version-history":[{"count":0,"href":"https:\/\/eufortrisomy21.eu\/pt\/wp-json\/wp\/v2\/ngo\/31651\/revisions"}],"wp:attachment":[{"href":"https:\/\/eufortrisomy21.eu\/pt\/wp-json\/wp\/v2\/media?parent=31651"}],"wp:term":[{"taxonomy":"country","embeddable":true,"href":"https:\/\/eufortrisomy21.eu\/pt\/wp-json\/wp\/v2\/country?post=31651"}],"curies":[{"name":"wp","href":"https:\/\/api.w.org\/{rel}","templated":true}]}}

Downi Sündroomi Ühing / Associação de Síndrome de Down da Estônia

<table width="99%" border="0" cellpadding="1" cellspacing="0" bgcolor="#EAEAEA">
<tr>
<td>
<table width="100%" border="0" cellpadding="5" cellspacing="0" bgcolor="#FFFFFF">
<tr bgcolor="#EAF2FA">
<td colspan="2">
		                                        <font style="font-family: sans-serif;font-size:12px"><strong>Nome da ONG</strong></font>
		                                    </td>
</tr>
<tr bgcolor="#FFFFFF">
<td width="20">&nbsp;</td>
<td>
		                                        <font style="font-family: sans-serif;font-size:12px">Downi Sündroomi Ühing / Associação de Síndrome de Down da Estônia</font>
		                                    </td>
</tr>
<tr bgcolor="#EAF2FA">
<td colspan="2">
		                                        <font style="font-family: sans-serif;font-size:12px"><strong>País</strong></font>
		                                    </td>
</tr>
<tr bgcolor="#FFFFFF">
<td width="20">&nbsp;</td>
<td>
		                                        <font style="font-family: sans-serif;font-size:12px">ESTÔNIA</font>
		                                    </td>
</tr>
<tr bgcolor="#EAF2FA">
<td colspan="2">
		                                        <font style="font-family: sans-serif;font-size:12px"><strong>Breve apresentação da ONG</strong></font>
		                                    </td>
</tr>
<tr bgcolor="#FFFFFF">
<td width="20">&nbsp;</td>
<td>
		                                        <font style="font-family: sans-serif;font-size:12px">O objetivo da Associação Síndrome de Down é conectar os pais de crianças com Síndrome de Down, criar melhores oportunidades de desenvolvimento e aprendizado para as crianças, encorajar e apoiar uns aos outros, o que permite que as crianças se integrem mais facilmente e precocemente na sociedade.</font>
		                                    </td>
</tr>
<tr bgcolor="#EAF2FA">
<td colspan="2">
		                                        <font style="font-family: sans-serif;font-size:12px"><strong>Local na rede Internet</strong></font>
		                                    </td>
</tr>
<tr bgcolor="#FFFFFF">
<td width="20">&nbsp;</td>
<td>
		                                        <font style="font-family: sans-serif;font-size:12px">https://www.facebook.com/groups/156170344462872</font>
		                                    </td>
</tr>
<tr bgcolor="#EAF2FA">
<td colspan="2">
		                                        <font style="font-family: sans-serif;font-size:12px"><strong>o Facebook</strong></font>
		                                    </td>
</tr>
<tr bgcolor="#FFFFFF">
<td width="20">&nbsp;</td>
<td>
		                                        <font style="font-family: sans-serif;font-size:12px">https://www.facebook.com/groups/156170344462872</font>
		                                    </td>
</tr>
<tr bgcolor="#EAF2FA">
<td colspan="2">
		                                        <font style="font-family: sans-serif;font-size:12px"><strong>Nome da pessoa de contato &amp; #039;</strong></font>
		                                    </td>
</tr>
<tr bgcolor="#FFFFFF">
<td width="20">&nbsp;</td>
<td>
		                                        <font style="font-family: sans-serif;font-size:12px">Marge</font>
		                                    </td>
</tr>
<tr bgcolor="#EAF2FA">
<td colspan="2">
		                                        <font style="font-family: sans-serif;font-size:12px"><strong>Sobrenome da pessoa de contato &amp; #039;</strong></font>
		                                    </td>
</tr>
<tr bgcolor="#FFFFFF">
<td width="20">&nbsp;</td>
<td>
		                                        <font style="font-family: sans-serif;font-size:12px">Kato</font>
		                                    </td>
</tr>
<tr bgcolor="#EAF2FA">
<td colspan="2">
		                                        <font style="font-family: sans-serif;font-size:12px"><strong>O email</strong></font>
		                                    </td>
</tr>
<tr bgcolor="#FFFFFF">
<td width="20">&nbsp;</td>
<td>
		                                        <font style="font-family: sans-serif;font-size:12px"><a href='mailto:margekato@gmail.com'>margekato@gmail.com</a></font>
		                                    </td>
</tr>
<tr bgcolor="#EAF2FA">
<td colspan="2">
		                                        <font style="font-family: sans-serif;font-size:12px"><strong>Telefone</strong></font>
		                                    </td>
</tr>
<tr bgcolor="#FFFFFF">
<td width="20">&nbsp;</td>
<td>
		                                        <font style="font-family: sans-serif;font-size:12px">+3725640060</font>
		                                    </td>
</tr>
<tr bgcolor="#EAF2FA">
<td colspan="2">
		                                        <font style="font-family: sans-serif;font-size:12px"><strong>Cidade</strong></font>
		                                    </td>
</tr>
<tr bgcolor="#FFFFFF">
<td width="20">&nbsp;</td>
<td>
		                                        <font style="font-family: sans-serif;font-size:12px">Tallinn</font>
		                                    </td>
</tr>
<tr bgcolor="#EAF2FA">
<td colspan="2">
		                                        <font style="font-family: sans-serif;font-size:12px"><strong>Quero registrar uma ou mais pessoas com síndrome de Down &amp; #039; s</strong></font>
		                                    </td>
</tr>
<tr bgcolor="#FFFFFF">
<td width="20">&nbsp;</td>
<td>
		                                        <font style="font-family: sans-serif;font-size:12px">Não</font>
		                                    </td>
</tr>
<tr bgcolor="#EAF2FA">
<td colspan="2">
		                                        <font style="font-family: sans-serif;font-size:12px"><strong>Contact optin</strong></font>
		                                    </td>
</tr>
<tr bgcolor="#FFFFFF">
<td width="20">&nbsp;</td>
<td>
		                                        <font style="font-family: sans-serif;font-size:12px"></p>
<ul class='bulleted'>
<li>Gostaria de ser contactado para me tornar um parceiro da UE para Trissomia 21</li>
</ul>
<p></font>
		                                    </td>
</tr>
<tr bgcolor="#EAF2FA">
<td colspan="2">
		                                        <font style="font-family: sans-serif;font-size:12px"><strong></strong></font>
		                                    </td>
</tr>
<tr bgcolor="#FFFFFF">
<td width="20">&nbsp;</td>
<td>
		                                        <font style="font-family: sans-serif;font-size:12px"><img decoding="async" src="https://eufortrisomy21.eu/wp-content/plugins/gravityforms/images/tick.png" /> Eu concordo com a Política de Privacidade.</p>
<div class="gfield_consent_description">Ao preencher este formulário, você concorda que seus dados de contato serão incluídos no arquivo de contato EUfortrisomy21. Tenha em atenção que este ficheiro continua a ser da responsabilidade exclusiva da EUfortrisomy21 e que nunca é partilhado com outras entidades. Se você não deseja mais receber nossas comunicações no futuro, basta cancelar a assinatura com o link abaixo. Você terá o direito de acessar, retificar ou excluir dados a seu respeito a qualquer momento, e o direito de se opor ou limitar seu processamento. Para exercer os seus direitos, pode contactar-nos em privacy @ eufortrisomy21. Para mais informações sobre a proteção dos seus dados pessoais: privacy @ eufortrisomy21</div>
<p></font>
		                                    </td>
</tr>
</table>
</td>
</tr>
</table>
