{"id":30903,"date":"2021-02-19T14:07:51","date_gmt":"2021-02-19T13:07:51","guid":{"rendered":"https:\/\/eufortrisomy21.eu\/?post_type=ngo&#038;p=30903"},"modified":"2021-02-22T09:33:39","modified_gmt":"2021-02-22T08:33:39","slug":"trisomie21-letzebuerg","status":"publish","type":"ngo","link":"https:\/\/eufortrisomy21.eu\/ro\/ngo\/trisomie21-letzebuerg\/","title":{"rendered":"Trisomie21 L\u00ebtzebuerg"},"content":{"rendered":"<table width=\"99%\" border=\"0\" cellpadding=\"1\" cellspacing=\"0\" bgcolor=\"#EAEAEA\">\n<tr>\n<td>\n<table width=\"100%\" border=\"0\" cellpadding=\"5\" cellspacing=\"0\" bgcolor=\"#FFFFFF\">\n<tr bgcolor=\"#EAF2FA\">\n<td colspan=\"2\">\n\t\t                                        <font style=\"font-family: sans-serif;font-size:12px\"><strong>Numele ONG-ului<\/strong><\/font>\n\t\t                                    <\/td>\n<\/tr>\n<tr bgcolor=\"#FFFFFF\">\n<td width=\"20\">&nbsp;<\/td>\n<td>\n\t\t                                        <font style=\"font-family: sans-serif;font-size:12px\">Trisomie21 L\u00ebtzebuerg<\/font>\n\t\t                                    <\/td>\n<\/tr>\n<tr bgcolor=\"#EAF2FA\">\n<td colspan=\"2\">\n\t\t                                        <font style=\"font-family: sans-serif;font-size:12px\"><strong>Sigl\u0103<\/strong><\/font>\n\t\t                                    <\/td>\n<\/tr>\n<tr bgcolor=\"#FFFFFF\">\n<td width=\"20\">&nbsp;<\/td>\n<td>\n\t\t                                        <font style=\"font-family: sans-serif;font-size:12px\"><\/p>\n<ul>\n<li><a href='https:\/\/eufortrisomy21.eu\/wp-content\/uploads\/2021\/02\/imageedit_11_6296460440.png' target='_blank' aria-label='Click to view' rel=\"noopener\">imageedit_11_6296460440.png<\/a><\/li>\n<\/ul>\n<p><\/font>\n\t\t                                    <\/td>\n<\/tr>\n<tr bgcolor=\"#EAF2FA\">\n<td colspan=\"2\">\n\t\t                                        <font style=\"font-family: sans-serif;font-size:12px\"><strong>\u021aar\u0103<\/strong><\/font>\n\t\t                                    <\/td>\n<\/tr>\n<tr bgcolor=\"#FFFFFF\">\n<td width=\"20\">&nbsp;<\/td>\n<td>\n\t\t                                        <font style=\"font-family: sans-serif;font-size:12px\">LUXEMBURG<\/font>\n\t\t                                    <\/td>\n<\/tr>\n<tr bgcolor=\"#EAF2FA\">\n<td colspan=\"2\">\n\t\t                                        <font style=\"font-family: sans-serif;font-size:12px\"><strong>Scurt\u0103 prezentare a ONG-ului<\/strong><\/font>\n\t\t                                    <\/td>\n<\/tr>\n<tr bgcolor=\"#FFFFFF\">\n<td width=\"20\">&nbsp;<\/td>\n<td>\n\t\t                                        <font style=\"font-family: sans-serif;font-size:12px\">Asocia\u021bia se str\u0103duie\u0219te s\u0103 ajute persoanele cu Sindrom Down s\u0103 duc\u0103 o via\u021b\u0103 c\u00e2t mai independent\u0103 \u0219i \u00eemplinit\u0103. Principalele \u021binte constau \u00een promovarea autonomiei, a viitorului profesional \u0219i a structurilor de locuit, sprijinirea tuturor familiilor implicate, sensibilizarea societ\u0103\u021bii \u0219i incluziunea.<\/font>\n\t\t                                    <\/td>\n<\/tr>\n<tr bgcolor=\"#EAF2FA\">\n<td colspan=\"2\">\n\t\t                                        <font style=\"font-family: sans-serif;font-size:12px\"><strong>Site-ul web<\/strong><\/font>\n\t\t                                    <\/td>\n<\/tr>\n<tr bgcolor=\"#FFFFFF\">\n<td width=\"20\">&nbsp;<\/td>\n<td>\n\t\t                                        <font style=\"font-family: sans-serif;font-size:12px\">http:\/\/www.trisomie21.lu<\/font>\n\t\t                                    <\/td>\n<\/tr>\n<tr bgcolor=\"#EAF2FA\">\n<td colspan=\"2\">\n\t\t                                        <font style=\"font-family: sans-serif;font-size:12px\"><strong>Facebook<\/strong><\/font>\n\t\t                                    <\/td>\n<\/tr>\n<tr bgcolor=\"#FFFFFF\">\n<td width=\"20\">&nbsp;<\/td>\n<td>\n\t\t                                        <font style=\"font-family: sans-serif;font-size:12px\">https:\/\/www.facebook.com\/T21Letzebuerg<\/font>\n\t\t                                    <\/td>\n<\/tr>\n<tr bgcolor=\"#EAF2FA\">\n<td colspan=\"2\">\n\t\t                                        <font style=\"font-family: sans-serif;font-size:12px\"><strong>Instagram<\/strong><\/font>\n\t\t                                    <\/td>\n<\/tr>\n<tr bgcolor=\"#FFFFFF\">\n<td width=\"20\">&nbsp;<\/td>\n<td>\n\t\t                                        <font style=\"font-family: sans-serif;font-size:12px\">https:\/\/www.instagram.com\/trisomie21_letzebuerg\/<\/font>\n\t\t                                    <\/td>\n<\/tr>\n<tr bgcolor=\"#EAF2FA\">\n<td colspan=\"2\">\n\t\t                                        <font style=\"font-family: sans-serif;font-size:12px\"><strong>Youtube<\/strong><\/font>\n\t\t                                    <\/td>\n<\/tr>\n<tr bgcolor=\"#FFFFFF\">\n<td width=\"20\">&nbsp;<\/td>\n<td>\n\t\t                                        <font style=\"font-family: sans-serif;font-size:12px\">Trisomie21 L\u00ebtzebuerg asbl<\/font>\n\t\t                                    <\/td>\n<\/tr>\n<tr bgcolor=\"#EAF2FA\">\n<td colspan=\"2\">\n\t\t                                        <font style=\"font-family: sans-serif;font-size:12px\"><strong>Prenumele persoanei de contact \u0219i #039;<\/strong><\/font>\n\t\t                                    <\/td>\n<\/tr>\n<tr bgcolor=\"#FFFFFF\">\n<td width=\"20\">&nbsp;<\/td>\n<td>\n\t\t                                        <font style=\"font-family: sans-serif;font-size:12px\">Carol<\/font>\n\t\t                                    <\/td>\n<\/tr>\n<tr bgcolor=\"#EAF2FA\">\n<td colspan=\"2\">\n\t\t                                        <font style=\"font-family: sans-serif;font-size:12px\"><strong>Numele persoanei de contact \u0219i #039;<\/strong><\/font>\n\t\t                                    <\/td>\n<\/tr>\n<tr bgcolor=\"#FFFFFF\">\n<td width=\"20\">&nbsp;<\/td>\n<td>\n\t\t                                        <font style=\"font-family: sans-serif;font-size:12px\">Mousel<\/font>\n\t\t                                    <\/td>\n<\/tr>\n<tr bgcolor=\"#EAF2FA\">\n<td colspan=\"2\">\n\t\t                                        <font style=\"font-family: sans-serif;font-size:12px\"><strong>E-mail<\/strong><\/font>\n\t\t                                    <\/td>\n<\/tr>\n<tr bgcolor=\"#FFFFFF\">\n<td width=\"20\">&nbsp;<\/td>\n<td>\n\t\t                                        <font style=\"font-family: sans-serif;font-size:12px\">educ@trisomie21.lu<\/font>\n\t\t                                    <\/td>\n<\/tr>\n<tr bgcolor=\"#EAF2FA\">\n<td colspan=\"2\">\n\t\t                                        <font style=\"font-family: sans-serif;font-size:12px\"><strong>Telefon<\/strong><\/font>\n\t\t                                    <\/td>\n<\/tr>\n<tr bgcolor=\"#FFFFFF\">\n<td width=\"20\">&nbsp;<\/td>\n<td>\n\t\t                                        <font style=\"font-family: sans-serif;font-size:12px\">00352621686262<\/font>\n\t\t                                    <\/td>\n<\/tr>\n<tr bgcolor=\"#EAF2FA\">\n<td colspan=\"2\">\n\t\t                                        <font style=\"font-family: sans-serif;font-size:12px\"><strong>Ora\u0219<\/strong><\/font>\n\t\t                                    <\/td>\n<\/tr>\n<tr bgcolor=\"#FFFFFF\">\n<td width=\"20\">&nbsp;<\/td>\n<td>\n\t\t                                        <font style=\"font-family: sans-serif;font-size:12px\">Mensdorf<\/font>\n\t\t                                    <\/td>\n<\/tr>\n<tr bgcolor=\"#EAF2FA\">\n<td colspan=\"2\">\n\t\t                                        <font style=\"font-family: sans-serif;font-size:12px\"><strong>Vreau s\u0103 \u00eenregistrez una sau mai multe persoane cu sindrom Down &amp; #039;<\/strong><\/font>\n\t\t                                    <\/td>\n<\/tr>\n<tr bgcolor=\"#FFFFFF\">\n<td width=\"20\">&nbsp;<\/td>\n<td>\n\t\t                                        <font style=\"font-family: sans-serif;font-size:12px\">Nu<\/font>\n\t\t                                    <\/td>\n<\/tr>\n<tr bgcolor=\"#EAF2FA\">\n<td colspan=\"2\">\n\t\t                                        <font style=\"font-family: sans-serif;font-size:12px\"><strong>Contacta\u021bi optin<\/strong><\/font>\n\t\t                                    <\/td>\n<\/tr>\n<tr bgcolor=\"#FFFFFF\">\n<td width=\"20\">&nbsp;<\/td>\n<td>\n\t\t                                        <font style=\"font-family: sans-serif;font-size:12px\"><\/p>\n<ul class='bulleted'>\n<li>A\u0219 dori s\u0103 fiu contactat pentru a deveni partener al UE pentru Trisomia 21<\/li>\n<\/ul>\n<p><\/font>\n\t\t                                    <\/td>\n<\/tr>\n<tr bgcolor=\"#EAF2FA\">\n<td colspan=\"2\">\n\t\t                                        <font style=\"font-family: sans-serif;font-size:12px\"><strong><\/strong><\/font>\n\t\t                                    <\/td>\n<\/tr>\n<tr bgcolor=\"#FFFFFF\">\n<td width=\"20\">&nbsp;<\/td>\n<td>\n\t\t                                        <font style=\"font-family: sans-serif;font-size:12px\"><img decoding=\"async\" src=\"https:\/\/eufortrisomy21.eu\/wp-content\/plugins\/gravityforms\/images\/tick.png\" \/> Sunt de acord cu politica de confiden\u021bialitate.<\/p>\n<div class=\"gfield_consent_description\">Complet\u00e2nd acest formular sunte\u021bi de acord ca datele dvs. de contact s\u0103 fie incluse \u00een fi\u0219ierul de contact EUfortrisomy21. V\u0103 rug\u0103m s\u0103 re\u021bine\u021bi c\u0103 acest fi\u0219ier r\u0103m\u00e2ne responsabilitatea exclusiv\u0103 a EUfortrisomy21 \u0219i c\u0103 nu este \u00eemp\u0103rt\u0103\u0219it \u00een niciun caz cu alte entit\u0103\u021bi. Dac\u0103 nu mai dori\u021bi s\u0103 primi\u021bi comunic\u0103rile noastre \u00een viitor, pur \u0219i simplu dezabona\u021bi-v\u0103 cu linkul de mai jos. Ve\u021bi avea dreptul de a accesa, rectifica sau \u0219terge datele care v\u0103 privesc \u00een orice moment \u0219i dreptul de a v\u0103 opune sau de a limita prelucrarea acestora. Pentru a v\u0103 exercita drepturile, ne pute\u021bi contacta la privacy @ eufortrisomy21. Pentru mai multe informa\u021bii despre protec\u021bia datelor dvs. personale: confiden\u021bialitate @ eufortrisomy21<\/div>\n<p><\/font>\n\t\t                                    <\/td>\n<\/tr>\n<\/table>\n<\/td>\n<\/tr>\n<\/table>","protected":false},"featured_media":0,"template":"","country":[25],"class_list":["post-30903","ngo","type-ngo","status-publish","hentry","country-luxembourg"],"acf":[],"_links":{"self":[{"href":"https:\/\/eufortrisomy21.eu\/ro\/wp-json\/wp\/v2\/ngo\/30903"}],"collection":[{"href":"https:\/\/eufortrisomy21.eu\/ro\/wp-json\/wp\/v2\/ngo"}],"about":[{"href":"https:\/\/eufortrisomy21.eu\/ro\/wp-json\/wp\/v2\/types\/ngo"}],"version-history":[{"count":0,"href":"https:\/\/eufortrisomy21.eu\/ro\/wp-json\/wp\/v2\/ngo\/30903\/revisions"}],"wp:attachment":[{"href":"https:\/\/eufortrisomy21.eu\/ro\/wp-json\/wp\/v2\/media?parent=30903"}],"wp:term":[{"taxonomy":"country","embeddable":true,"href":"https:\/\/eufortrisomy21.eu\/ro\/wp-json\/wp\/v2\/country?post=30903"}],"curies":[{"name":"wp","href":"https:\/\/api.w.org\/{rel}","templated":true}]}}

Trisomie21 Lëtzebuerg

<table width="99%" border="0" cellpadding="1" cellspacing="0" bgcolor="#EAEAEA">
<tr>
<td>
<table width="100%" border="0" cellpadding="5" cellspacing="0" bgcolor="#FFFFFF">
<tr bgcolor="#EAF2FA">
<td colspan="2">
		                                        <font style="font-family: sans-serif;font-size:12px"><strong>Numele ONG-ului</strong></font>
		                                    </td>
</tr>
<tr bgcolor="#FFFFFF">
<td width="20">&nbsp;</td>
<td>
		                                        <font style="font-family: sans-serif;font-size:12px">Trisomie21 Lëtzebuerg</font>
		                                    </td>
</tr>
<tr bgcolor="#EAF2FA">
<td colspan="2">
		                                        <font style="font-family: sans-serif;font-size:12px"><strong>Siglă</strong></font>
		                                    </td>
</tr>
<tr bgcolor="#FFFFFF">
<td width="20">&nbsp;</td>
<td>
		                                        <font style="font-family: sans-serif;font-size:12px"></p>
<ul>
<li><a href='https://eufortrisomy21.eu/wp-content/uploads/2021/02/imageedit_11_6296460440.png' target='_blank' aria-label='Click to view' rel="noopener">imageedit_11_6296460440.png</a></li>
</ul>
<p></font>
		                                    </td>
</tr>
<tr bgcolor="#EAF2FA">
<td colspan="2">
		                                        <font style="font-family: sans-serif;font-size:12px"><strong>Țară</strong></font>
		                                    </td>
</tr>
<tr bgcolor="#FFFFFF">
<td width="20">&nbsp;</td>
<td>
		                                        <font style="font-family: sans-serif;font-size:12px">LUXEMBURG</font>
		                                    </td>
</tr>
<tr bgcolor="#EAF2FA">
<td colspan="2">
		                                        <font style="font-family: sans-serif;font-size:12px"><strong>Scurtă prezentare a ONG-ului</strong></font>
		                                    </td>
</tr>
<tr bgcolor="#FFFFFF">
<td width="20">&nbsp;</td>
<td>
		                                        <font style="font-family: sans-serif;font-size:12px">Asociația se străduiește să ajute persoanele cu Sindrom Down să ducă o viață cât mai independentă și împlinită. Principalele ținte constau în promovarea autonomiei, a viitorului profesional și a structurilor de locuit, sprijinirea tuturor familiilor implicate, sensibilizarea societății și incluziunea.</font>
		                                    </td>
</tr>
<tr bgcolor="#EAF2FA">
<td colspan="2">
		                                        <font style="font-family: sans-serif;font-size:12px"><strong>Site-ul web</strong></font>
		                                    </td>
</tr>
<tr bgcolor="#FFFFFF">
<td width="20">&nbsp;</td>
<td>
		                                        <font style="font-family: sans-serif;font-size:12px">http://www.trisomie21.lu</font>
		                                    </td>
</tr>
<tr bgcolor="#EAF2FA">
<td colspan="2">
		                                        <font style="font-family: sans-serif;font-size:12px"><strong>Facebook</strong></font>
		                                    </td>
</tr>
<tr bgcolor="#FFFFFF">
<td width="20">&nbsp;</td>
<td>
		                                        <font style="font-family: sans-serif;font-size:12px">https://www.facebook.com/T21Letzebuerg</font>
		                                    </td>
</tr>
<tr bgcolor="#EAF2FA">
<td colspan="2">
		                                        <font style="font-family: sans-serif;font-size:12px"><strong>Instagram</strong></font>
		                                    </td>
</tr>
<tr bgcolor="#FFFFFF">
<td width="20">&nbsp;</td>
<td>
		                                        <font style="font-family: sans-serif;font-size:12px">https://www.instagram.com/trisomie21_letzebuerg/</font>
		                                    </td>
</tr>
<tr bgcolor="#EAF2FA">
<td colspan="2">
		                                        <font style="font-family: sans-serif;font-size:12px"><strong>Youtube</strong></font>
		                                    </td>
</tr>
<tr bgcolor="#FFFFFF">
<td width="20">&nbsp;</td>
<td>
		                                        <font style="font-family: sans-serif;font-size:12px">Trisomie21 Lëtzebuerg asbl</font>
		                                    </td>
</tr>
<tr bgcolor="#EAF2FA">
<td colspan="2">
		                                        <font style="font-family: sans-serif;font-size:12px"><strong>Prenumele persoanei de contact și #039;</strong></font>
		                                    </td>
</tr>
<tr bgcolor="#FFFFFF">
<td width="20">&nbsp;</td>
<td>
		                                        <font style="font-family: sans-serif;font-size:12px">Carol</font>
		                                    </td>
</tr>
<tr bgcolor="#EAF2FA">
<td colspan="2">
		                                        <font style="font-family: sans-serif;font-size:12px"><strong>Numele persoanei de contact și #039;</strong></font>
		                                    </td>
</tr>
<tr bgcolor="#FFFFFF">
<td width="20">&nbsp;</td>
<td>
		                                        <font style="font-family: sans-serif;font-size:12px">Mousel</font>
		                                    </td>
</tr>
<tr bgcolor="#EAF2FA">
<td colspan="2">
		                                        <font style="font-family: sans-serif;font-size:12px"><strong>E-mail</strong></font>
		                                    </td>
</tr>
<tr bgcolor="#FFFFFF">
<td width="20">&nbsp;</td>
<td>
		                                        <font style="font-family: sans-serif;font-size:12px">educ@trisomie21.lu</font>
		                                    </td>
</tr>
<tr bgcolor="#EAF2FA">
<td colspan="2">
		                                        <font style="font-family: sans-serif;font-size:12px"><strong>Telefon</strong></font>
		                                    </td>
</tr>
<tr bgcolor="#FFFFFF">
<td width="20">&nbsp;</td>
<td>
		                                        <font style="font-family: sans-serif;font-size:12px">00352621686262</font>
		                                    </td>
</tr>
<tr bgcolor="#EAF2FA">
<td colspan="2">
		                                        <font style="font-family: sans-serif;font-size:12px"><strong>Oraș</strong></font>
		                                    </td>
</tr>
<tr bgcolor="#FFFFFF">
<td width="20">&nbsp;</td>
<td>
		                                        <font style="font-family: sans-serif;font-size:12px">Mensdorf</font>
		                                    </td>
</tr>
<tr bgcolor="#EAF2FA">
<td colspan="2">
		                                        <font style="font-family: sans-serif;font-size:12px"><strong>Vreau să înregistrez una sau mai multe persoane cu sindrom Down &amp; #039;</strong></font>
		                                    </td>
</tr>
<tr bgcolor="#FFFFFF">
<td width="20">&nbsp;</td>
<td>
		                                        <font style="font-family: sans-serif;font-size:12px">Nu</font>
		                                    </td>
</tr>
<tr bgcolor="#EAF2FA">
<td colspan="2">
		                                        <font style="font-family: sans-serif;font-size:12px"><strong>Contactați optin</strong></font>
		                                    </td>
</tr>
<tr bgcolor="#FFFFFF">
<td width="20">&nbsp;</td>
<td>
		                                        <font style="font-family: sans-serif;font-size:12px"></p>
<ul class='bulleted'>
<li>Aș dori să fiu contactat pentru a deveni partener al UE pentru Trisomia 21</li>
</ul>
<p></font>
		                                    </td>
</tr>
<tr bgcolor="#EAF2FA">
<td colspan="2">
		                                        <font style="font-family: sans-serif;font-size:12px"><strong></strong></font>
		                                    </td>
</tr>
<tr bgcolor="#FFFFFF">
<td width="20">&nbsp;</td>
<td>
		                                        <font style="font-family: sans-serif;font-size:12px"><img decoding="async" src="https://eufortrisomy21.eu/wp-content/plugins/gravityforms/images/tick.png" /> Sunt de acord cu politica de confidențialitate.</p>
<div class="gfield_consent_description">Completând acest formular sunteți de acord ca datele dvs. de contact să fie incluse în fișierul de contact EUfortrisomy21. Vă rugăm să rețineți că acest fișier rămâne responsabilitatea exclusivă a EUfortrisomy21 și că nu este împărtășit în niciun caz cu alte entități. Dacă nu mai doriți să primiți comunicările noastre în viitor, pur și simplu dezabonați-vă cu linkul de mai jos. Veți avea dreptul de a accesa, rectifica sau șterge datele care vă privesc în orice moment și dreptul de a vă opune sau de a limita prelucrarea acestora. Pentru a vă exercita drepturile, ne puteți contacta la privacy @ eufortrisomy21. Pentru mai multe informații despre protecția datelor dvs. personale: confidențialitate @ eufortrisomy21</div>
<p></font>
		                                    </td>
</tr>
</table>
</td>
</tr>
</table>
