{"id":14534,"date":"2020-03-19T20:48:33","date_gmt":"2020-03-19T19:48:33","guid":{"rendered":"https:\/\/eufortrisomy21.eu\/?page_id=14534"},"modified":"2022-02-01T23:47:47","modified_gmt":"2022-02-01T22:47:47","slug":"challenge","status":"publish","type":"page","link":"https:\/\/eufortrisomy21.eu\/sk\/21march20\/challenge\/","title":{"rendered":"V\u00fdzva"},"content":{"rendered":"<h1>\n\t\t\n\t<\/h1>\n<h2>\n\t\tNes\u00falad pono\u017eiek je v\u00fdzvou\n\t<\/h2>\n\t\t\t\t\t\t<img decoding=\"async\" src=\"https:\/\/i.ytimg.com\/vi\/QZ3elhGVp_Q\/maxresdefault.jpg\"  \/>\n\t<p>P\u00e4\u0165 rod\u00edn z Belgicka, Franc\u00fazska, Talianska, \u0160panielska a Po\u013eska vyzvalo poslancov Eur\u00f3pskeho parlamentu (EP), aby si nezhodili pono\u017eky na podporu osl\u00e1v Svetov\u00e9ho d\u0148a Downovho syndr\u00f3mu, \u010do znamen\u00e1, \u017ee \u013eudia s Downov\u00fdm syndr\u00f3mom m\u00f4\u017eu by\u0165 odli\u0161n\u00ed (ako n\u00e1\u0161 pono\u017eky), ale obohacuj\u00fa na\u0161u spolo\u010dnos\u0165 t\u00fdm najkraj\u0161\u00edm sp\u00f4sobom.<\/p>\n<p>T\u00e1to online kampa\u0148 pripravuje Svetov\u00fd de\u0148 Downovho syndr\u00f3mu, ktor\u00fd sa bude oslavova\u0165 ako ka\u017ed\u00fd rok 21. marca.<\/p>\n<p>Program E\u00da pre Trizomy 21 v spolupr\u00e1ci s mnoh\u00fdmi \u010fal\u0161\u00edmi mimovl\u00e1dnymi organiz\u00e1ciami a europoslancami zorganizoval pri pr\u00edle\u017eitosti tejto \u0161peci\u00e1lnej pr\u00edle\u017eitosti v Eur\u00f3pskom parlamente s\u00e9riu aktiv\u00edt. Bohu\u017eia\u013e, \u010dinnosti, ktor\u00e9 sa pl\u00e1novali v r\u00e1mci Parlamentu na t\u00fato sl\u00e1vnos\u0165, boli zru\u0161en\u00e9 kv\u00f4li pokynom na Covid-19.<\/p>\n\t<p>Kampa\u0148 na soci\u00e1lnych sie\u0165ach, ktor\u00e1 sa nezhoduje s pono\u017ekami, bude pokra\u010dova\u0165, a to po\u010dn\u00fac dne\u0161n\u00fdm uveden\u00edm videa piatich os\u00f4b s Downov\u00fdm syndr\u00f3mom a ich rod\u00edn, ktor\u00e9 vyz\u00fdvaj\u00fa poslancov EP, aby si nezhodovali pono\u017eky.<\/p>\n<p>Po\u010das tejto kampane dostan\u00fa poslanci stru\u010dn\u00fa pozn\u00e1mku o potreb\u00e1ch opatren\u00ed Eur\u00f3pskej \u00fanie v oblasti zdravia, vzdel\u00e1vania, rovnosti a v\u00fdskumu zameran\u00fdch na rie\u0161enie probl\u00e9mov, ktor\u00fdm \u010delia \u013eudia s Downov\u00fdm syndr\u00f3mom a ich rodiny.<\/p>\n<p>Program EU for Trisomy 21 v\u00e1s poz\u00fdva, aby ste sa pripojili k nezhodnej pono\u017ekovej kampani zverejnen\u00edm svojej fotografie alebo videa na Twitteri, Facebooku alebo Instagrame s hashtagmi #EUforTrisomy21 #WDSD20 a #WorldDownSyndromeDay.<\/p>\n<p>Pre viac inform\u00e1ci\u00ed: <a href=\"mailto:antonio@eufortrisomy21.eu\">antonio@eufortrisomy21.eu<\/a><\/p>","protected":false},"excerpt":{"rendered":"<p>Mismatched socks challenge Five families from Belgium, France, Italy, Spain and Poland has challenged the Members of the European Parliament&hellip;<\/p>","protected":false},"author":2,"featured_media":0,"parent":14422,"menu_order":0,"comment_status":"closed","ping_status":"closed","template":"","meta":{"_acf_changed":false,"footnotes":""},"class_list":["post-14534","page","type-page","status-publish","hentry"],"acf":[],"_links":{"self":[{"href":"https:\/\/eufortrisomy21.eu\/sk\/wp-json\/wp\/v2\/pages\/14534"}],"collection":[{"href":"https:\/\/eufortrisomy21.eu\/sk\/wp-json\/wp\/v2\/pages"}],"about":[{"href":"https:\/\/eufortrisomy21.eu\/sk\/wp-json\/wp\/v2\/types\/page"}],"author":[{"embeddable":true,"href":"https:\/\/eufortrisomy21.eu\/sk\/wp-json\/wp\/v2\/users\/2"}],"replies":[{"embeddable":true,"href":"https:\/\/eufortrisomy21.eu\/sk\/wp-json\/wp\/v2\/comments?post=14534"}],"version-history":[{"count":0,"href":"https:\/\/eufortrisomy21.eu\/sk\/wp-json\/wp\/v2\/pages\/14534\/revisions"}],"up":[{"embeddable":true,"href":"https:\/\/eufortrisomy21.eu\/sk\/wp-json\/wp\/v2\/pages\/14422"}],"wp:attachment":[{"href":"https:\/\/eufortrisomy21.eu\/sk\/wp-json\/wp\/v2\/media?parent=14534"}],"curies":[{"name":"wp","href":"https:\/\/api.w.org\/{rel}","templated":true}]}}

Výzva

<h1>
		
	</h1>
<h2>
		Nesúlad ponožiek je výzvou
	</h2>
						<img decoding="async" src="https://i.ytimg.com/vi/QZ3elhGVp_Q/maxresdefault.jpg"  />
	<p>Päť rodín z Belgicka, Francúzska, Talianska, Španielska a Poľska vyzvalo poslancov Európskeho parlamentu (EP), aby si nezhodili ponožky na podporu osláv Svetového dňa Downovho syndrómu, čo znamená, že ľudia s Downovým syndrómom môžu byť odlišní (ako náš ponožky), ale obohacujú našu spoločnosť tým najkrajším spôsobom.</p>
<p>Táto online kampaň pripravuje Svetový deň Downovho syndrómu, ktorý sa bude oslavovať ako každý rok 21. marca.</p>
<p>Program EÚ pre Trizomy 21 v spolupráci s mnohými ďalšími mimovládnymi organizáciami a europoslancami zorganizoval pri príležitosti tejto špeciálnej príležitosti v Európskom parlamente sériu aktivít. Bohužiaľ, činnosti, ktoré sa plánovali v rámci Parlamentu na túto slávnosť, boli zrušené kvôli pokynom na Covid-19.</p>
	<p>Kampaň na sociálnych sieťach, ktorá sa nezhoduje s ponožkami, bude pokračovať, a to počnúc dnešným uvedením videa piatich osôb s Downovým syndrómom a ich rodín, ktoré vyzývajú poslancov EP, aby si nezhodovali ponožky.</p>
<p>Počas tejto kampane dostanú poslanci stručnú poznámku o potrebách opatrení Európskej únie v oblasti zdravia, vzdelávania, rovnosti a výskumu zameraných na riešenie problémov, ktorým čelia ľudia s Downovým syndrómom a ich rodiny.</p>
<p>Program EU for Trisomy 21 vás pozýva, aby ste sa pripojili k nezhodnej ponožkovej kampani zverejnením svojej fotografie alebo videa na Twitteri, Facebooku alebo Instagrame s hashtagmi #EUforTrisomy21 #WDSD20 a #WorldDownSyndromeDay.</p>
<p>Pre viac informácií: <a href="mailto:antonio@eufortrisomy21.eu">antonio@eufortrisomy21.eu</a></p>
