{"id":14534,"date":"2020-03-19T20:48:33","date_gmt":"2020-03-19T19:48:33","guid":{"rendered":"https:\/\/eufortrisomy21.eu\/?page_id=14534"},"modified":"2022-02-01T23:47:47","modified_gmt":"2022-02-01T22:47:47","slug":"challenge","status":"publish","type":"page","link":"https:\/\/eufortrisomy21.eu\/sl\/21march20\/challenge\/","title":{"rendered":"Izziv"},"content":{"rendered":"<h1>\n\t\t\n\t<\/h1>\n<h2>\n\t\tIzziv z neusklajenimi nogavicami\n\t<\/h2>\n\t\t\t\t\t\t<img decoding=\"async\" src=\"https:\/\/i.ytimg.com\/vi\/QZ3elhGVp_Q\/maxresdefault.jpg\"  \/>\n\t<p>Pet dru\u017ein iz Belgije, Francije, Italije, \u0160panije in Poljske je poslance Evropskega parlamenta izzvalo, naj nogavice ne ujemajo s praznovanjem svetovnega dne Downovega sindroma, kar pomeni, da so ljudje z Downovim sindromom morda druga\u010dni ( nogavice), a na najlep\u0161i na\u010din bogatijo na\u0161o dru\u017ebo.<\/p>\n<p>Ta spletna kampanja pripravlja svetovni dan Downovega sindroma, ki ga bomo praznovali kot vsako leto 21. marca.<\/p>\n<p>EU za Trisomy 21 je v sodelovanju s \u0161tevilnimi drugimi nevladnimi organizacijami in poslanci v Evropski parlament organiziral vrsto dejavnosti za to posebno prilo\u017enost. \u017dal so bile dejavnosti, ki so bile v parlamentu na\u010drtovane za to praznovanje, prekinjene zaradi navodil na Covid-19.<\/p>\n\t<p>Kljub temu se bo kampanja za neusklajene nogavice v dru\u017eabnih omre\u017ejih nadaljevala z dana\u0161njim objavljanjem videoposnetka petih oseb z Downovim sindromom in njihovih dru\u017ein, ki bodo poslance izzivale, naj si ne ujemajo nogavic.<\/p>\n<p>Med to kampanjo bodo poslanci prejeli kratko sporo\u010dilo o potrebah Evropske unije na podro\u010dju zdravja, izobra\u017eevanja, enakosti in raziskav za re\u0161evanje te\u017eav, s katerimi se sre\u010dujejo ljudje z Downovim sindromom in njihove dru\u017eine.<\/p>\n<p>EU for Trisomy 21 vas prijazno vabi, da se pridru\u017eite kampanji z neusklajenimi nogavicami tako, da svojo fotografijo ali video posnamete na Twitterju, Facebooku ali Instagramu z oznakami #EUforTrisomy21 #WDSD20 in #WorldDownSyndromeDay.<\/p>\n<p>Za ve\u010d informacij: <a href=\"mailto:antonio@eufortrisomy21.eu\">antonio@eufortrisomy21.eu<\/a><\/p>","protected":false},"excerpt":{"rendered":"<p>Mismatched socks challenge Five families from Belgium, France, Italy, Spain and Poland has challenged the Members of the European Parliament&hellip;<\/p>","protected":false},"author":2,"featured_media":0,"parent":14422,"menu_order":0,"comment_status":"closed","ping_status":"closed","template":"","meta":{"_acf_changed":false,"footnotes":""},"class_list":["post-14534","page","type-page","status-publish","hentry"],"acf":[],"_links":{"self":[{"href":"https:\/\/eufortrisomy21.eu\/sl\/wp-json\/wp\/v2\/pages\/14534"}],"collection":[{"href":"https:\/\/eufortrisomy21.eu\/sl\/wp-json\/wp\/v2\/pages"}],"about":[{"href":"https:\/\/eufortrisomy21.eu\/sl\/wp-json\/wp\/v2\/types\/page"}],"author":[{"embeddable":true,"href":"https:\/\/eufortrisomy21.eu\/sl\/wp-json\/wp\/v2\/users\/2"}],"replies":[{"embeddable":true,"href":"https:\/\/eufortrisomy21.eu\/sl\/wp-json\/wp\/v2\/comments?post=14534"}],"version-history":[{"count":0,"href":"https:\/\/eufortrisomy21.eu\/sl\/wp-json\/wp\/v2\/pages\/14534\/revisions"}],"up":[{"embeddable":true,"href":"https:\/\/eufortrisomy21.eu\/sl\/wp-json\/wp\/v2\/pages\/14422"}],"wp:attachment":[{"href":"https:\/\/eufortrisomy21.eu\/sl\/wp-json\/wp\/v2\/media?parent=14534"}],"curies":[{"name":"wp","href":"https:\/\/api.w.org\/{rel}","templated":true}]}}

<h1>
		
	</h1>
<h2>
		Izziv z neusklajenimi nogavicami
	</h2>
						<img decoding="async" src="https://i.ytimg.com/vi/QZ3elhGVp_Q/maxresdefault.jpg"  />
	<p>Pet družin iz Belgije, Francije, Italije, Španije in Poljske je poslance Evropskega parlamenta izzvalo, naj nogavice ne ujemajo s praznovanjem svetovnega dne Downovega sindroma, kar pomeni, da so ljudje z Downovim sindromom morda drugačni ( nogavice), a na najlepši način bogatijo našo družbo.</p>
<p>Ta spletna kampanja pripravlja svetovni dan Downovega sindroma, ki ga bomo praznovali kot vsako leto 21. marca.</p>
<p>EU za Trisomy 21 je v sodelovanju s številnimi drugimi nevladnimi organizacijami in poslanci v Evropski parlament organiziral vrsto dejavnosti za to posebno priložnost. Žal so bile dejavnosti, ki so bile v parlamentu načrtovane za to praznovanje, prekinjene zaradi navodil na Covid-19.</p>
	<p>Kljub temu se bo kampanja za neusklajene nogavice v družabnih omrežjih nadaljevala z današnjim objavljanjem videoposnetka petih oseb z Downovim sindromom in njihovih družin, ki bodo poslance izzivale, naj si ne ujemajo nogavic.</p>
<p>Med to kampanjo bodo poslanci prejeli kratko sporočilo o potrebah Evropske unije na področju zdravja, izobraževanja, enakosti in raziskav za reševanje težav, s katerimi se srečujejo ljudje z Downovim sindromom in njihove družine.</p>
<p>EU for Trisomy 21 vas prijazno vabi, da se pridružite kampanji z neusklajenimi nogavicami tako, da svojo fotografijo ali video posnamete na Twitterju, Facebooku ali Instagramu z oznakami #EUforTrisomy21 #WDSD20 in #WorldDownSyndromeDay.</p>
<p>Za več informacij: <a href="mailto:antonio@eufortrisomy21.eu">antonio@eufortrisomy21.eu</a></p>
